{"id":780161,"date":"2025-12-30T12:29:18","date_gmt":"2025-12-30T09:29:18","guid":{"rendered":"https:\/\/roveyayinevi.com.tr\/index.php\/urun\/gizemi-kalmali-hayatin\/"},"modified":"2026-04-15T03:44:46","modified_gmt":"2026-04-15T00:44:46","slug":"gizemi-kalmali-hayatin","status":"publish","type":"product","link":"https:\/\/roveyayinevi.com.tr\/index.php\/urun\/gizemi-kalmali-hayatin\/","title":{"rendered":"Gizemi Kalmal\u0131  Hayat\u0131n"},"content":{"rendered":"<p>Uzun yola \u00e7\u0131kmaya tek bir ad\u0131m atmak yeter.   \u00d6d\u00fcll\u00fc romanc\u0131 Zeynep G\u00f6\u011f\u00fc\u015f\u2019ten hem yerel hem uluslararas\u0131 sularda kula\u00e7 atan, edebi co\u011frafyas\u0131 geni\u015f bir roman. Babas\u0131 Rus, annesi Amerikal\u0131 olan Lusi, annesinin \u00f6l\u00fcm\u00fcn\u00fcn ard\u0131ndan \u00fcvey anneannesi Sara\u2019y\u0131 tan\u0131mak i\u00e7in T\u00fcrkiye\u2019ye gelir. Ge\u00e7mi\u015fi ile bug\u00fcn\u00fcn\u00fcn birbirine dokunmas\u0131yla i\u00e7 i\u00e7e devinen halkalar halinde a\u00e7\u0131lan olaylar, Lusi\u2019yi hem \u015fa\u015f\u0131rt\u0131r hem e\u011flendirir hem de korkutur. Ge\u00e7mi\u015fi kavrad\u0131k\u00e7a bug\u00fcn\u00fc daha iyi anlayan Lusi art\u0131k pek \u00e7ok \u015feyi farkl\u0131 g\u00f6recektir: Rus mafyas\u0131 ve ba\u011flant\u0131lar\u0131n\u0131 da, Karadeniz\u2019deki sosyal sorunlar\u0131 ve \u00e7evre felaketlerini de, \u00c7ernobil\u2019i, \u0130pek Yolu\u2019nu ve g\u00f6\u00e7leri, fedak\u00e2rl\u0131\u011f\u0131, a\u015fk\u0131 ve t\u00fcm samimiyetiyle insan olmay\u0131 da. Peki ya sonra?   Gizemi Kalmal\u0131 Hayat\u0131n, Zeynep G\u00f6\u011f\u00fc\u015f\u2019\u00fcn hareketli kurgusuyla aile hik\u00e2yesini dinlerken halklar\u0131n da mikro tarihini \u00f6\u011frenen Lusi\u2019nin ser\u00fcven dolu roman\u0131.     Renkli kalemlerle \u00e7izer okudu\u011fu kitaplar\u0131n sat\u0131rlar\u0131n\u0131. Sevdi\u011fi yerlere pembe \u00e7i\u00e7ekler yapar, akl\u0131nda kalmas\u0131n\u0131 istedi\u011fi b\u00f6l\u00fcme mavi oklar, g\u00fcld\u00fcrd\u00fcyse g\u00fclen y\u00fcz, ilham verdiyse turuncu g\u00fcne\u015f, as\u0131l bravosu sar\u0131 y\u0131ld\u0131zlar. G\u00f6z ucuyla Sara\u2019n\u0131n profiline bak\u0131yor, \u00fcvey anneannesi okudu\u011fu bir kitap olsayd\u0131 sat\u0131rlar\u0131n\u0131n alt\u0131n\u0131 hangi renklerle \u00e7izece\u011fini, onu nas\u0131l bezeyece\u011fini hen\u00fcz bilmiyor. \u00d6yle bir kitab\u0131 belki yazar bir g\u00fcn.<\/p>\n","protected":false},"excerpt":{"rendered":"<p>Uzun yola \u00e7\u0131kmaya tek bir ad\u0131m atmak yeter. \u00d6d\u00fcll\u00fc romanc\u0131 Zeynep G\u00f6\u011f\u00fc\u015f\u2019ten hem yerel hem uluslararas\u0131 sularda kula\u00e7 atan, edebi co\u011frafyas\u0131 geni\u015f bir roman. Babas\u0131 Rus,<span class=\"excerpt-hellip\"> [\u2026]<\/span><\/p>\n","protected":false},"featured_media":0,"template":"","meta":{"_monsterinsights_skip_tracking":false,"_monsterinsights_sitenote_active":false,"_monsterinsights_sitenote_note":"","_monsterinsights_sitenote_category":0},"product_brand":[],"product_cat":[12291,12711],"product_tag":[],"class_list":{"0":"post-780161","1":"product","2":"type-product","3":"status-publish","5":"product_cat-edebiyat","6":"product_cat-roman-oyku","7":"pa_cilt-ciltsiz","8":"pa_tur-kitap","9":"pa_yayinevi-everest-yayinlari","10":"pa_yazar-zeynep-gogus","12":"first","13":"instock","14":"sale","15":"shipping-taxable","16":"purchasable","17":"product-type-simple"},"_links":{"self":[{"href":"https:\/\/roveyayinevi.com.tr\/index.php\/wp-json\/wp\/v2\/product\/780161","targetHints":{"allow":["GET"]}}],"collection":[{"href":"https:\/\/roveyayinevi.com.tr\/index.php\/wp-json\/wp\/v2\/product"}],"about":[{"href":"https:\/\/roveyayinevi.com.tr\/index.php\/wp-json\/wp\/v2\/types\/product"}],"wp:attachment":[{"href":"https:\/\/roveyayinevi.com.tr\/index.php\/wp-json\/wp\/v2\/media?parent=780161"}],"wp:term":[{"taxonomy":"product_brand","embeddable":true,"href":"https:\/\/roveyayinevi.com.tr\/index.php\/wp-json\/wp\/v2\/product_brand?post=780161"},{"taxonomy":"product_cat","embeddable":true,"href":"https:\/\/roveyayinevi.com.tr\/index.php\/wp-json\/wp\/v2\/product_cat?post=780161"},{"taxonomy":"product_tag","embeddable":true,"href":"https:\/\/roveyayinevi.com.tr\/index.php\/wp-json\/wp\/v2\/product_tag?post=780161"}],"curies":[{"name":"wp","href":"https:\/\/api.w.org\/{rel}","templated":true}]}}