{"id":780157,"date":"2025-12-30T12:28:59","date_gmt":"2025-12-30T09:28:59","guid":{"rendered":"https:\/\/roveyayinevi.com.tr\/index.php\/urun\/heidegger\/"},"modified":"2026-03-14T03:24:58","modified_gmt":"2026-03-14T00:24:58","slug":"heidegger","status":"publish","type":"product","link":"https:\/\/roveyayinevi.com.tr\/index.php\/urun\/heidegger\/","title":{"rendered":"Heidegger"},"content":{"rendered":"<p>20. y\u00fczy\u0131l\u0131n en etkili filozoflar\u0131ndan Martin Heidegger sadece felsefe d\u00fcnyas\u0131n\u0131 de\u011fil, insan\u0131n d\u00fcnyay\u0131 anlama bi\u00e7imini de alt\u00fcst etti. Varl\u0131k ve Zaman ile ba\u015flatt\u0131\u011f\u0131 sorgulama tarz\u0131yla insan\u0131n, hakikatin ve varl\u0131\u011f\u0131n anlam\u0131n\u0131 a\u00e7\u0131klamak i\u00e7in pek de i\u015flemeyen kavramlar\u0131 bir kenara b\u0131rakman\u0131n gereklili\u011fini g\u00f6sterdi. Heidegger\u2019in felsefesi, antik Yunan ve orta\u00e7a\u011f felsefelerinin yan\u0131 s\u0131ra fenomenoloji, varolu\u015f\u00e7uluk ve postmodernizm gibi \u00e7a\u011fda\u015f felsefe ekollerini de kavraman\u0131n \u00f6nemli bir u\u011fra\u011f\u0131d\u0131r. John Richardson da kitapta \u00f6ncelikle Varl\u0131k ve Zaman\u2019\u0131n bu \u00e7ok y\u00f6nl\u00fc karakterini ayr\u0131nt\u0131l\u0131 bir \u015fekilde \u00e7\u00f6z\u00fcml\u00fcyor, daha sonra da Heidegger\u2019in ge\u00e7 d\u00f6nem \u00e7al\u0131\u015fmalar\u0131n\u0131 temalara ay\u0131rarak inceliyor. B\u00f6ylece filozofun, varl\u0131\u011f\u0131n unutulmu\u015f anlam\u0131ndan zaman\u0131n s\u0131rlar\u0131na, \u015fiir dilinin g\u00fcc\u00fcnden teknolojinin tahakk\u00fcm\u00fcne kadar gezindi\u011fi t\u00fcm dehlizlerin kapsaml\u0131 bir haritas\u0131n\u0131 \u00e7\u0131kar\u0131yor.<\/p>\n","protected":false},"excerpt":{"rendered":"<p>20. y\u00fczy\u0131l\u0131n en etkili filozoflar\u0131ndan Martin Heidegger sadece felsefe d\u00fcnyas\u0131n\u0131 de\u011fil, insan\u0131n d\u00fcnyay\u0131 anlama bi\u00e7imini de alt\u00fcst etti. Varl\u0131k ve Zaman ile ba\u015flatt\u0131\u011f\u0131 sorgulama tarz\u0131yla insan\u0131n,<span class=\"excerpt-hellip\"> [\u2026]<\/span><\/p>\n","protected":false},"featured_media":0,"template":"","meta":{"_monsterinsights_skip_tracking":false,"_monsterinsights_sitenote_active":false,"_monsterinsights_sitenote_note":"","_monsterinsights_sitenote_category":0},"product_brand":[],"product_cat":[12388],"product_tag":[],"class_list":{"0":"post-780157","1":"product","2":"type-product","3":"status-publish","5":"product_cat-felsefe","6":"pa_cilt-ciltsiz","7":"pa_tur-kitap","8":"pa_yayinevi-alfa-yayinlari","9":"pa_yazar-jon-richardson","11":"first","12":"instock","13":"sale","14":"shipping-taxable","15":"purchasable","16":"product-type-simple"},"_links":{"self":[{"href":"https:\/\/roveyayinevi.com.tr\/index.php\/wp-json\/wp\/v2\/product\/780157","targetHints":{"allow":["GET"]}}],"collection":[{"href":"https:\/\/roveyayinevi.com.tr\/index.php\/wp-json\/wp\/v2\/product"}],"about":[{"href":"https:\/\/roveyayinevi.com.tr\/index.php\/wp-json\/wp\/v2\/types\/product"}],"wp:attachment":[{"href":"https:\/\/roveyayinevi.com.tr\/index.php\/wp-json\/wp\/v2\/media?parent=780157"}],"wp:term":[{"taxonomy":"product_brand","embeddable":true,"href":"https:\/\/roveyayinevi.com.tr\/index.php\/wp-json\/wp\/v2\/product_brand?post=780157"},{"taxonomy":"product_cat","embeddable":true,"href":"https:\/\/roveyayinevi.com.tr\/index.php\/wp-json\/wp\/v2\/product_cat?post=780157"},{"taxonomy":"product_tag","embeddable":true,"href":"https:\/\/roveyayinevi.com.tr\/index.php\/wp-json\/wp\/v2\/product_tag?post=780157"}],"curies":[{"name":"wp","href":"https:\/\/api.w.org\/{rel}","templated":true}]}}