{"id":780151,"date":"2025-12-30T12:28:44","date_gmt":"2025-12-30T09:28:44","guid":{"rendered":"https:\/\/roveyayinevi.com.tr\/index.php\/urun\/ney-ve-transpoze-anlatim-aciklama-eserler-etutler-tavsiyeler\/"},"modified":"2026-04-15T03:44:46","modified_gmt":"2026-04-15T00:44:46","slug":"ney-ve-transpoze-anlatim-aciklama-eserler-etutler-tavsiyeler","status":"publish","type":"product","link":"https:\/\/roveyayinevi.com.tr\/index.php\/urun\/ney-ve-transpoze-anlatim-aciklama-eserler-etutler-tavsiyeler\/","title":{"rendered":"Ney Ve Transpoze (Anlat\u0131m, A\u00e7\u0131klama, Eserler, Et\u00fctler, Tavsiyeler)"},"content":{"rendered":"<p>Bir ney talebesi transpoze icr\u00e2 \u00f6\u011frenirken; perde hassasiyetinin geli\u015fmesi, bildi\u011fi makamlar\u0131 farkl\u0131 perdeler \u00fczerinde do\u011fru icr\u00e2 edebilme, farkl\u0131 ge\u00e7ki ve \u00e7e\u015fnileri daha do\u011fru duyurabilme gibi kazan\u0131mlara sahip olmaktad\u0131r. Ney \u00f6\u011frenimini \u00fcst seviyelere ta\u015f\u0131mak isteyenlerin transpoze \u00f6\u011frenmesi; onlara bu latif saz ile alakal\u0131 fark\u0131ndal\u0131klar kazand\u0131racak ve saz\u0131n\u0131n s\u0131n\u0131rlar\u0131n\u0131 g\u00f6rme imk\u00e2n\u0131 verecektir. Ney saz\u0131nda transpoze icr\u00e2 yapmay\u0131 \u00f6\u011frenmek isteyenlere hitap eden bu \u00e7al\u0131\u015fma; ba\u015flang\u0131\u00e7 d\u00fczeyine g\u00f6re haz\u0131rlanm\u0131\u015ft\u0131r. \u00c7al\u0131\u015fmada; transpoze icr\u00e2 i\u00e7in gerekli bilgiler, makam-ney transpoze tablolar\u0131, transpoze i\u00e7in et\u00fct ile eser b\u00f6l\u00fcmleri ve tavsiyeler bulunmaktad\u0131r. Et\u00fct ve eser b\u00f6l\u00fcmlerinin transpoze icr\u00e2 kay\u0131tlar\u0131 video olarak yap\u0131lm\u0131\u015f ve kare kod y\u00f6ntemi ile \u00e7al\u0131\u015fmaya aktar\u0131lm\u0131\u015ft\u0131r. Faideli olmas\u0131 niy\u00e2z\u0131 ile\u2026 <\/p>\n","protected":false},"excerpt":{"rendered":"<p>Bir ney talebesi transpoze icr\u00e2 \u00f6\u011frenirken; perde hassasiyetinin geli\u015fmesi, bildi\u011fi makamlar\u0131 farkl\u0131 perdeler \u00fczerinde do\u011fru icr\u00e2 edebilme, farkl\u0131 ge\u00e7ki ve \u00e7e\u015fnileri daha do\u011fru duyurabilme gibi kazan\u0131mlara<span class=\"excerpt-hellip\"> [\u2026]<\/span><\/p>\n","protected":false},"featured_media":0,"template":"","meta":{"_monsterinsights_skip_tracking":false,"_monsterinsights_sitenote_active":false,"_monsterinsights_sitenote_note":"","_monsterinsights_sitenote_category":0},"product_brand":[],"product_cat":[14556,20810],"product_tag":[],"class_list":{"0":"post-780151","1":"product","2":"type-product","3":"status-publish","5":"product_cat-muzik","6":"product_cat-ogrenim-kitaplari","7":"pa_cilt-ciltsiz","8":"pa_tur-kitap","9":"pa_yayinevi-soncag-akademik-kitaplar","10":"pa_yazar-hasan-zahid-yurdagul","12":"first","13":"instock","14":"sale","15":"shipping-taxable","16":"purchasable","17":"product-type-simple"},"_links":{"self":[{"href":"https:\/\/roveyayinevi.com.tr\/index.php\/wp-json\/wp\/v2\/product\/780151","targetHints":{"allow":["GET"]}}],"collection":[{"href":"https:\/\/roveyayinevi.com.tr\/index.php\/wp-json\/wp\/v2\/product"}],"about":[{"href":"https:\/\/roveyayinevi.com.tr\/index.php\/wp-json\/wp\/v2\/types\/product"}],"wp:attachment":[{"href":"https:\/\/roveyayinevi.com.tr\/index.php\/wp-json\/wp\/v2\/media?parent=780151"}],"wp:term":[{"taxonomy":"product_brand","embeddable":true,"href":"https:\/\/roveyayinevi.com.tr\/index.php\/wp-json\/wp\/v2\/product_brand?post=780151"},{"taxonomy":"product_cat","embeddable":true,"href":"https:\/\/roveyayinevi.com.tr\/index.php\/wp-json\/wp\/v2\/product_cat?post=780151"},{"taxonomy":"product_tag","embeddable":true,"href":"https:\/\/roveyayinevi.com.tr\/index.php\/wp-json\/wp\/v2\/product_tag?post=780151"}],"curies":[{"name":"wp","href":"https:\/\/api.w.org\/{rel}","templated":true}]}}