{"id":780148,"date":"2025-12-30T12:28:33","date_gmt":"2025-12-30T09:28:33","guid":{"rendered":"https:\/\/roveyayinevi.com.tr\/index.php\/urun\/karahindibalar\/"},"modified":"2026-04-15T03:44:46","modified_gmt":"2026-04-15T00:44:46","slug":"karahindibalar","status":"publish","type":"product","link":"https:\/\/roveyayinevi.com.tr\/index.php\/urun\/karahindibalar\/","title":{"rendered":"Karahindibalar"},"content":{"rendered":"<p>\u0130nan\u0131n ya da inanmay\u0131n insana kader dedirten baz\u0131 anlar vard\u0131r, bilirsiniz.   Babas\u0131n\u0131 y\u0131llar \u00f6nce, trajik bir kaza sonucu kaybeden \u0130neko\u2019da nadir rastlanan bir rahats\u0131zl\u0131k peyda olur, \u00f6yle ki bu rahats\u0131zl\u0131k onun insanlar\u0131n bedenlerini alg\u0131lamas\u0131n\u0131 engeller. \u0130neko\u2019nun orta ya\u015fl\u0131 dul annesi, k\u0131z\u0131n\u0131n \u00f6zel bir bak\u0131ma ihtiyac\u0131 oldu\u011funa karar verir. Ni\u015fanl\u0131s\u0131 Kuno\u2019ysa buna kar\u015f\u0131 \u00e7\u0131kar. T\u00fcm bu tart\u0131\u015fmalar\u0131n aras\u0131nda, \u0130neko kendini karahindibalarla dolu bir tepenin \u00fczerinde yer alan, eski bir Budist tap\u0131na\u011f\u0131n\u0131n bah\u00e7esindeki psikiyatri klini\u011finde bulur.   \u0130nsanlar aras\u0131ndaki mesafeyi, kelimelere ba\u015fvurmadan s\u00f6ylediklerimizi sorgulayan Karahindibalar, Japon edebiyat\u0131n\u0131n ustas\u0131 Kawabata\u2019n\u0131n 1972\u2019de tamamlanmam\u0131\u015f halde b\u0131rakt\u0131\u011f\u0131 son s\u00f6z\u00fc.   \u201cKawabata\u2019n\u0131n b\u00fcy\u00fcleyici ve tuhaf roman\u0131 Karahindibalar a\u015fk, kay\u0131p ve delilikle dolu bir hik\u00e2yeyi yal\u0131n ve etkileyici bir \u00fcslupla anlat\u0131yor.\u201d The Paris Review<\/p>\n","protected":false},"excerpt":{"rendered":"<p>\u0130nan\u0131n ya da inanmay\u0131n insana kader dedirten baz\u0131 anlar vard\u0131r, bilirsiniz. Babas\u0131n\u0131 y\u0131llar \u00f6nce, trajik bir kaza sonucu kaybeden \u0130neko\u2019da nadir rastlanan bir rahats\u0131zl\u0131k peyda olur,<span class=\"excerpt-hellip\"> [\u2026]<\/span><\/p>\n","protected":false},"featured_media":0,"template":"","meta":{"_monsterinsights_skip_tracking":false,"_monsterinsights_sitenote_active":false,"_monsterinsights_sitenote_note":"","_monsterinsights_sitenote_category":0},"product_brand":[],"product_cat":[12291,12711],"product_tag":[],"class_list":{"0":"post-780148","1":"product","2":"type-product","3":"status-publish","5":"product_cat-edebiyat","6":"product_cat-roman-oyku","7":"pa_cilt-ciltsiz","8":"pa_tur-kitap","9":"pa_yayinevi-can-yayinlari","10":"pa_yazar-yasunari-kawabata","12":"first","13":"instock","14":"sale","15":"shipping-taxable","16":"purchasable","17":"product-type-simple"},"_links":{"self":[{"href":"https:\/\/roveyayinevi.com.tr\/index.php\/wp-json\/wp\/v2\/product\/780148","targetHints":{"allow":["GET"]}}],"collection":[{"href":"https:\/\/roveyayinevi.com.tr\/index.php\/wp-json\/wp\/v2\/product"}],"about":[{"href":"https:\/\/roveyayinevi.com.tr\/index.php\/wp-json\/wp\/v2\/types\/product"}],"wp:attachment":[{"href":"https:\/\/roveyayinevi.com.tr\/index.php\/wp-json\/wp\/v2\/media?parent=780148"}],"wp:term":[{"taxonomy":"product_brand","embeddable":true,"href":"https:\/\/roveyayinevi.com.tr\/index.php\/wp-json\/wp\/v2\/product_brand?post=780148"},{"taxonomy":"product_cat","embeddable":true,"href":"https:\/\/roveyayinevi.com.tr\/index.php\/wp-json\/wp\/v2\/product_cat?post=780148"},{"taxonomy":"product_tag","embeddable":true,"href":"https:\/\/roveyayinevi.com.tr\/index.php\/wp-json\/wp\/v2\/product_tag?post=780148"}],"curies":[{"name":"wp","href":"https:\/\/api.w.org\/{rel}","templated":true}]}}