{"id":780143,"date":"2025-12-30T12:28:11","date_gmt":"2025-12-30T09:28:11","guid":{"rendered":"https:\/\/roveyayinevi.com.tr\/index.php\/urun\/siyasi-deha-recep-tayyip-erdogan\/"},"modified":"2026-04-15T03:44:46","modified_gmt":"2026-04-15T00:44:46","slug":"siyasi-deha-recep-tayyip-erdogan","status":"publish","type":"product","link":"https:\/\/roveyayinevi.com.tr\/index.php\/urun\/siyasi-deha-recep-tayyip-erdogan\/","title":{"rendered":"Siyasi Deha Recep Tayyip Erdo\u011fan"},"content":{"rendered":"<p>T\u00fcrkiye\u2019nin yak\u0131n siyasi tarihinde, liderlik kavram\u0131na yeni bir anlam kazand\u0131ran bir d\u00f6nem ya\u015fand\u0131. Bu kitap, Recep Tayyip Erdo\u011fan\u2019\u0131n siyasal dehas\u0131n\u0131; ileti\u015fim bilimi, toplumsal psikoloji ve siyaset bilimi perspektifinden inceleyen kapsaml\u0131 bir analizdir. Erdo\u011fan\u2019\u0131n siyasal prati\u011fi yaln\u0131zca bir y\u00f6netim tarz\u0131 de\u011fil; ayn\u0131 zamanda bir ileti\u015fim modeli ve toplumsal etkile\u015fim stratejisi olarak ele al\u0131nm\u0131\u015ft\u0131r. Her se\u00e7im kampanyas\u0131 bir laboratuvar, her s\u00f6ylem bir kimlik in\u015fas\u0131, her diplomatik ad\u0131m ise bir kamu diplomasisi \u00f6rne\u011fi olarak de\u011ferlendirilmi\u015ftir. Siyasal ileti\u015fimin yaln\u0131zca propaganda de\u011fil, bir toplumsal b\u00fct\u00fcnle\u015fme arac\u0131 oldu\u011funu savunan bu \u00e7al\u0131\u015fma; liderli\u011fin, halkla kurulan g\u00f6n\u00fcl ba\u011f\u0131yla nas\u0131l g\u00fc\u00e7lendi\u011fini ortaya koymaktad\u0131r. Ekonomi politikalar\u0131ndan savunma sanayisine, d\u0131\u015f politikadan uzay vizyonuna kadar her alanda ileti\u015fim, bir stratejik g\u00fc\u00e7 ve vizyon dili olarak yeniden tan\u0131mlanm\u0131\u015ft\u0131r. Bu eser, hem ileti\u015fim bilimi hem siyaset bilimi hem de sosyal psikoloji alanlar\u0131n\u0131 bulu\u015fturan, T\u00fcrkiye\u2019nin \u00e7a\u011fda\u015f siyasetinde iz b\u0131rakan liderli\u011fin vizyoner ve stratejik \u00e7\u00f6z\u00fcmlemesini sunmaktad\u0131r. Bir d\u00f6nemi anlamak, bir liderin dilini, \u00fcslubunu ve halkla kurdu\u011fu etkile\u015fimi anlamaktan ge\u00e7er. Bu kitap, o etkile\u015fimin hik\u00e2yesidir. <\/p>\n","protected":false},"excerpt":{"rendered":"<p>T\u00fcrkiye\u2019nin yak\u0131n siyasi tarihinde, liderlik kavram\u0131na yeni bir anlam kazand\u0131ran bir d\u00f6nem ya\u015fand\u0131. Bu kitap, Recep Tayyip Erdo\u011fan\u2019\u0131n siyasal dehas\u0131n\u0131; ileti\u015fim bilimi, toplumsal psikoloji ve siyaset<span class=\"excerpt-hellip\"> [\u2026]<\/span><\/p>\n","protected":false},"featured_media":0,"template":"","meta":{"_monsterinsights_skip_tracking":false,"_monsterinsights_sitenote_active":false,"_monsterinsights_sitenote_note":"","_monsterinsights_sitenote_category":0},"product_brand":[],"product_cat":[12337],"product_tag":[],"class_list":{"0":"post-780143","1":"product","2":"type-product","3":"status-publish","5":"product_cat-politika-siyaset","6":"pa_cilt-ciltsiz","7":"pa_tur-kitap","8":"pa_yayinevi-zet-akademi-yayinlari","9":"pa_yazar-ufuk-yilmaz","11":"first","12":"instock","13":"sale","14":"shipping-taxable","15":"purchasable","16":"product-type-simple"},"_links":{"self":[{"href":"https:\/\/roveyayinevi.com.tr\/index.php\/wp-json\/wp\/v2\/product\/780143","targetHints":{"allow":["GET"]}}],"collection":[{"href":"https:\/\/roveyayinevi.com.tr\/index.php\/wp-json\/wp\/v2\/product"}],"about":[{"href":"https:\/\/roveyayinevi.com.tr\/index.php\/wp-json\/wp\/v2\/types\/product"}],"wp:attachment":[{"href":"https:\/\/roveyayinevi.com.tr\/index.php\/wp-json\/wp\/v2\/media?parent=780143"}],"wp:term":[{"taxonomy":"product_brand","embeddable":true,"href":"https:\/\/roveyayinevi.com.tr\/index.php\/wp-json\/wp\/v2\/product_brand?post=780143"},{"taxonomy":"product_cat","embeddable":true,"href":"https:\/\/roveyayinevi.com.tr\/index.php\/wp-json\/wp\/v2\/product_cat?post=780143"},{"taxonomy":"product_tag","embeddable":true,"href":"https:\/\/roveyayinevi.com.tr\/index.php\/wp-json\/wp\/v2\/product_tag?post=780143"}],"curies":[{"name":"wp","href":"https:\/\/api.w.org\/{rel}","templated":true}]}}