{"id":780118,"date":"2025-12-30T12:26:58","date_gmt":"2025-12-30T09:26:58","guid":{"rendered":"https:\/\/roveyayinevi.com.tr\/index.php\/urun\/iletisim-ve-yabancilasma\/"},"modified":"2026-04-15T03:44:45","modified_gmt":"2026-04-15T00:44:45","slug":"iletisim-ve-yabancilasma","status":"publish","type":"product","link":"https:\/\/roveyayinevi.com.tr\/index.php\/urun\/iletisim-ve-yabancilasma\/","title":{"rendered":"\u0130leti\u015fim ve Yabanc\u0131la\u015fma"},"content":{"rendered":"<p>\u0130\u00e7inde ya\u015fad\u0131\u011f\u0131m\u0131z \u201cileti\u015fim \u00e7a\u011f\u0131\u201dnda yabanc\u0131la\u015fma ne kadar ger\u00e7ek? Elimizdeki ak\u0131ll\u0131 telefon, d\u00fcnyaya a\u00e7\u0131lan bir pencere mi, yoksa yeni bir pranga m\u0131? Emre Canpolat, bu temel sorulardan yola \u00e7\u0131karak Marx\u2019\u0131n yabanc\u0131la\u015fma ve feti\u015fizm kuramlar\u0131n\u0131 g\u00fcn\u00fcm\u00fcz\u00fcn en vazge\u00e7ilmez nesnesi h\u00e2line gelen ak\u0131ll\u0131 telefonlar \u00fczerinden yeniden okuyor. Hegel\u2019den Marx\u2019a uzanan d\u00fc\u015f\u00fcnsel hatt\u0131 merkezine alan bu kitap, meta feti\u015fizmi ve \u015feyle\u015fme gibi kavramlar\u0131 ak\u0131ll\u0131 telefonlar, sosyal medya ve g\u00fcndelik hayat pratikleri \u00fczerinden somutla\u015ft\u0131rarak herkes i\u00e7in anla\u015f\u0131l\u0131r k\u0131l\u0131yor. G\u00fcndelik faaliyetlerimiz nas\u0131l metala\u015ft\u0131r\u0131l\u0131yor? Bizi birbirimize ba\u011flad\u0131\u011f\u0131 iddia edilen teknoloji, asl\u0131nda bizi kendi eme\u011fimize, kendi hayat\u0131m\u0131za ve birbirimize nas\u0131l yabanc\u0131la\u015ft\u0131r\u0131yor? Her be\u011feni, her konum bildirimi, her anl\u0131k payla\u015f\u0131m nas\u0131l oluyor da sermaye birikiminin g\u00f6r\u00fcnmez bir par\u00e7as\u0131na d\u00f6n\u00fc\u015f\u00fcyor? G\u00fcndelik hayat\u0131n ritmini belirleyen bu etkile\u015fimler arac\u0131l\u0131\u011f\u0131yla \u201cbo\u015f zaman\u201dlar\u0131m\u0131z bile nas\u0131l s\u00f6m\u00fcr\u00fcl\u00fcyor? Teknoloji, enformasyon ve ak\u0131l, insanl\u0131\u011f\u0131n ortak birikimi olmaktan \u00e7\u0131k\u0131p bizi denetleyen feti\u015flere nas\u0131l evriliyor? \u0130leti\u015fim ve Yabanc\u0131la\u015fma, \u201czahiri topluluklar\u201d i\u00e7inde kaybolan g\u00fcn\u00fcm\u00fcz insan\u0131n\u0131 anlamaya \u00e7al\u0131\u015f\u0131rken, okuyucuyu elindeki ekrana ve ya\u015fad\u0131\u011f\u0131 \u00e7a\u011fa bamba\u015fka bir g\u00f6zle bakmaya davet ediyor. Bu kitap, yaln\u0131zca bir analiz de\u011fil, dijital \u00e7a\u011f\u0131n ruhuna y\u00f6neltilmi\u015f bir sorgulama.<\/p>\n","protected":false},"excerpt":{"rendered":"<p>\u0130\u00e7inde ya\u015fad\u0131\u011f\u0131m\u0131z \u201cileti\u015fim \u00e7a\u011f\u0131\u201dnda yabanc\u0131la\u015fma ne kadar ger\u00e7ek? Elimizdeki ak\u0131ll\u0131 telefon, d\u00fcnyaya a\u00e7\u0131lan bir pencere mi, yoksa yeni bir pranga m\u0131? Emre Canpolat, bu temel sorulardan<span class=\"excerpt-hellip\"> [\u2026]<\/span><\/p>\n","protected":false},"featured_media":0,"template":"","meta":{"_monsterinsights_skip_tracking":false,"_monsterinsights_sitenote_active":false,"_monsterinsights_sitenote_note":"","_monsterinsights_sitenote_category":0},"product_brand":[],"product_cat":[15983,13488],"product_tag":[],"class_list":{"0":"post-780118","1":"product","2":"type-product","3":"status-publish","5":"product_cat-iletisim-ve-medya","6":"product_cat-toplum-ve-insan","7":"pa_cilt-ciltsiz","8":"pa_tur-kitap","9":"pa_yayinevi-yordam-kitap","11":"first","12":"instock","13":"sale","14":"shipping-taxable","15":"purchasable","16":"product-type-simple"},"_links":{"self":[{"href":"https:\/\/roveyayinevi.com.tr\/index.php\/wp-json\/wp\/v2\/product\/780118","targetHints":{"allow":["GET"]}}],"collection":[{"href":"https:\/\/roveyayinevi.com.tr\/index.php\/wp-json\/wp\/v2\/product"}],"about":[{"href":"https:\/\/roveyayinevi.com.tr\/index.php\/wp-json\/wp\/v2\/types\/product"}],"wp:attachment":[{"href":"https:\/\/roveyayinevi.com.tr\/index.php\/wp-json\/wp\/v2\/media?parent=780118"}],"wp:term":[{"taxonomy":"product_brand","embeddable":true,"href":"https:\/\/roveyayinevi.com.tr\/index.php\/wp-json\/wp\/v2\/product_brand?post=780118"},{"taxonomy":"product_cat","embeddable":true,"href":"https:\/\/roveyayinevi.com.tr\/index.php\/wp-json\/wp\/v2\/product_cat?post=780118"},{"taxonomy":"product_tag","embeddable":true,"href":"https:\/\/roveyayinevi.com.tr\/index.php\/wp-json\/wp\/v2\/product_tag?post=780118"}],"curies":[{"name":"wp","href":"https:\/\/api.w.org\/{rel}","templated":true}]}}