{"id":780112,"date":"2025-12-30T12:26:44","date_gmt":"2025-12-30T09:26:44","guid":{"rendered":"https:\/\/roveyayinevi.com.tr\/index.php\/urun\/eksantrik-astroloji\/"},"modified":"2026-04-15T03:44:45","modified_gmt":"2026-04-15T00:44:45","slug":"eksantrik-astroloji","status":"publish","type":"product","link":"https:\/\/roveyayinevi.com.tr\/index.php\/urun\/eksantrik-astroloji\/","title":{"rendered":"Eksantrik Astroloji"},"content":{"rendered":"<p>Ruh, rastgele dola\u015fan bir varl\u0131k de\u011fildir. Onun da bir y\u00f6r\u00fcngesi, bir merkezka\u00e7 kuvveti, bir kader rotas\u0131 vard\u0131r. Gezegenlerin perihel ve afel d\u00f6ng\u00fclerini takip eden insan bilinci, asl\u0131nda kendi karanl\u0131k ve ayd\u0131nl\u0131k fazlar\u0131n\u0131 deneyimlemektedir. Bu kitap, eksantrik astrolojinin s\u0131rlar\u0131n\u0131 ilk kez sistemli bir \u015fekilde a\u00e7\u0131klayarak, sana ruhsal evriminin matemati\u011fini sunuyor: \u2022    Alt benlik Sat\u00fcrn\u2019\u00fcn k\u0131s\u0131tlayan g\u00f6lgesinde nas\u0131l \u015fekillenir? \u2022    \u00dcst benlik J\u00fcpiter hangi noktada geni\u015fler ve kaderi yeniden yazar? \u2022    Ruh, hangi d\u00f6ng\u00fcde kendini tekrar eder \u2013 hangi d\u00f6ng\u00fcde \u00f6zg\u00fcrle\u015fir? \u2022    Kendi hayat \u00e7izgin, ger\u00e7ekten sana m\u0131 ait \u2013 yoksa bir \u00f6nceki enkarnasyonunun momentumunu m\u0131 ta\u015f\u0131yorsun? Bu kitap bir kehanet de\u011fil, bir \u00e7\u00f6z\u00fcmleme sistemidir. Kendini tan\u0131man\u0131n, kadersel d\u00f6ng\u00fcy\u00fc k\u0131rman\u0131n ve ruhunun ger\u00e7ek y\u00f6r\u00fcngesine oturman\u0131n rehberi \u015fimdi elinde. Art\u0131k g\u00f6k, d\u0131\u015far\u0131da de\u011fil \u2013 i\u00e7eride. <\/p>\n","protected":false},"excerpt":{"rendered":"<p>Ruh, rastgele dola\u015fan bir varl\u0131k de\u011fildir. Onun da bir y\u00f6r\u00fcngesi, bir merkezka\u00e7 kuvveti, bir kader rotas\u0131 vard\u0131r. Gezegenlerin perihel ve afel d\u00f6ng\u00fclerini takip eden insan bilinci,<span class=\"excerpt-hellip\"> [\u2026]<\/span><\/p>\n","protected":false},"featured_media":0,"template":"","meta":{"_monsterinsights_skip_tracking":false,"_monsterinsights_sitenote_active":false,"_monsterinsights_sitenote_note":"","_monsterinsights_sitenote_category":0},"product_brand":[],"product_cat":[19840,12364],"product_tag":[],"class_list":{"0":"post-780112","1":"product","2":"type-product","3":"status-publish","5":"product_cat-astroloji","6":"product_cat-genel-konular","7":"pa_cilt-ciltsiz","8":"pa_tur-kitap","9":"pa_yayinevi-kalyora-yayincilik","10":"pa_yazar-fusun-nesrin-dabaglar","12":"first","13":"instock","14":"sale","15":"shipping-taxable","16":"purchasable","17":"product-type-simple"},"_links":{"self":[{"href":"https:\/\/roveyayinevi.com.tr\/index.php\/wp-json\/wp\/v2\/product\/780112","targetHints":{"allow":["GET"]}}],"collection":[{"href":"https:\/\/roveyayinevi.com.tr\/index.php\/wp-json\/wp\/v2\/product"}],"about":[{"href":"https:\/\/roveyayinevi.com.tr\/index.php\/wp-json\/wp\/v2\/types\/product"}],"wp:attachment":[{"href":"https:\/\/roveyayinevi.com.tr\/index.php\/wp-json\/wp\/v2\/media?parent=780112"}],"wp:term":[{"taxonomy":"product_brand","embeddable":true,"href":"https:\/\/roveyayinevi.com.tr\/index.php\/wp-json\/wp\/v2\/product_brand?post=780112"},{"taxonomy":"product_cat","embeddable":true,"href":"https:\/\/roveyayinevi.com.tr\/index.php\/wp-json\/wp\/v2\/product_cat?post=780112"},{"taxonomy":"product_tag","embeddable":true,"href":"https:\/\/roveyayinevi.com.tr\/index.php\/wp-json\/wp\/v2\/product_tag?post=780112"}],"curies":[{"name":"wp","href":"https:\/\/api.w.org\/{rel}","templated":true}]}}