{"id":780094,"date":"2025-12-30T12:25:46","date_gmt":"2025-12-30T09:25:46","guid":{"rendered":"https:\/\/roveyayinevi.com.tr\/index.php\/urun\/kasirgaya-kanan-saka-3-ciltli\/"},"modified":"2026-04-15T03:44:44","modified_gmt":"2026-04-15T00:44:44","slug":"kasirgaya-kanan-saka-3-ciltli","status":"publish","type":"product","link":"https:\/\/roveyayinevi.com.tr\/index.php\/urun\/kasirgaya-kanan-saka-3-ciltli\/","title":{"rendered":"Kas\u0131rgaya Kanan Saka 3 &#8211; Ciltli"},"content":{"rendered":"<p>Valeri ve Songur, hayatlar\u0131n\u0131n en yaln\u0131z d\u00f6nemindedir. A\u011f\u0131r kay\u0131plar ya\u015fam\u0131\u015f, sevdikleriyle s\u0131nanm\u0131\u015f ve yalanlarla y\u00fczle\u015fmi\u015flerdir. Birbirlerine hi\u00e7 olmad\u0131klar\u0131 kadar s\u0131k\u0131 tutunurlar \u00e7\u00fcnk\u00fc hen\u00fcz m\u00fccadeleleri bitmemi\u015ftir. Valeri \u00e7ocuklu\u011fundan beri i\u00e7ine k\u00f6k salan korkular\u0131n\u0131n \u00fcstesinden gelmeye \u00e7abalarken Songur, \u00f6n\u00fcne durmaks\u0131z\u0131n \u00e7\u0131kan engellere kar\u015f\u0131 direncini korumaya \u00e7al\u0131\u015f\u0131r. Ancak \u00f6\u011frendikleri baz\u0131 ger\u00e7ekler, hayatlar\u0131n\u0131n gidi\u015fat\u0131n\u0131n bir kez daha de\u011fi\u015fmesine neden olacakt\u0131r. \u201cSen hayat\u0131n cehennemden ibaret oldu\u011funa ve sonras\u0131n\u0131n olmad\u0131\u011f\u0131na inanan bir insan\u0131 bile cennete inand\u0131rabilirsin. Hak etti\u011fi yerin dip oldu\u011funu kabullenen bir insan\u0131 bile kanatland\u0131rabilir ve yukar\u0131n\u0131n daha g\u00fczel oldu\u011funa ikna edebilirsin.\u201d Uyar\u0131: Yeti\u015fkin okurlar i\u00e7indir.<\/p>\n","protected":false},"excerpt":{"rendered":"<p>Valeri ve Songur, hayatlar\u0131n\u0131n en yaln\u0131z d\u00f6nemindedir. A\u011f\u0131r kay\u0131plar ya\u015fam\u0131\u015f, sevdikleriyle s\u0131nanm\u0131\u015f ve yalanlarla y\u00fczle\u015fmi\u015flerdir. Birbirlerine hi\u00e7 olmad\u0131klar\u0131 kadar s\u0131k\u0131 tutunurlar \u00e7\u00fcnk\u00fc hen\u00fcz m\u00fccadeleleri bitmemi\u015ftir. Valeri<span class=\"excerpt-hellip\"> [\u2026]<\/span><\/p>\n","protected":false},"featured_media":0,"template":"","meta":{"_monsterinsights_skip_tracking":false,"_monsterinsights_sitenote_active":false,"_monsterinsights_sitenote_note":"","_monsterinsights_sitenote_category":0},"product_brand":[],"product_cat":[12291,12711],"product_tag":[],"class_list":{"0":"post-780094","1":"product","2":"type-product","3":"status-publish","5":"product_cat-edebiyat","6":"product_cat-roman-oyku","7":"pa_cilt-ciltli","8":"pa_tur-kitap","9":"pa_yayinevi-ephesus-yayinlari","10":"pa_yazar-hazel-noya","12":"first","13":"instock","14":"sale","15":"shipping-taxable","16":"purchasable","17":"product-type-simple"},"_links":{"self":[{"href":"https:\/\/roveyayinevi.com.tr\/index.php\/wp-json\/wp\/v2\/product\/780094","targetHints":{"allow":["GET"]}}],"collection":[{"href":"https:\/\/roveyayinevi.com.tr\/index.php\/wp-json\/wp\/v2\/product"}],"about":[{"href":"https:\/\/roveyayinevi.com.tr\/index.php\/wp-json\/wp\/v2\/types\/product"}],"wp:attachment":[{"href":"https:\/\/roveyayinevi.com.tr\/index.php\/wp-json\/wp\/v2\/media?parent=780094"}],"wp:term":[{"taxonomy":"product_brand","embeddable":true,"href":"https:\/\/roveyayinevi.com.tr\/index.php\/wp-json\/wp\/v2\/product_brand?post=780094"},{"taxonomy":"product_cat","embeddable":true,"href":"https:\/\/roveyayinevi.com.tr\/index.php\/wp-json\/wp\/v2\/product_cat?post=780094"},{"taxonomy":"product_tag","embeddable":true,"href":"https:\/\/roveyayinevi.com.tr\/index.php\/wp-json\/wp\/v2\/product_tag?post=780094"}],"curies":[{"name":"wp","href":"https:\/\/api.w.org\/{rel}","templated":true}]}}