{"id":780090,"date":"2025-12-30T12:25:35","date_gmt":"2025-12-30T09:25:35","guid":{"rendered":"https:\/\/roveyayinevi.com.tr\/index.php\/urun\/iskender-oksuz-kitabi\/"},"modified":"2026-04-15T03:44:44","modified_gmt":"2026-04-15T00:44:44","slug":"iskender-oksuz-kitabi","status":"publish","type":"product","link":"https:\/\/roveyayinevi.com.tr\/index.php\/urun\/iskender-oksuz-kitabi\/","title":{"rendered":"\u0130skender \u00d6ks\u00fcz Kitab\u0131"},"content":{"rendered":"<p>\u0130skender \u00d6KS\u00dcZ, bilim adam\u0131 ve \u00e7ok y\u00f6nl\u00fc bir ayd\u0131n. Sosyal meselelere derinden bakan bir yazar. T\u00fcrkl\u00fck ve T\u00fcrkiye merkezli d\u00fc\u015f\u00fcn\u00fcr. Millet ve milliyet\u00e7ilik \u00f6zel ilgi alan\u0131d\u0131r. Fikirlerini sosyoloji biliminin verileriyle olu\u015fturur. Derdi tasas\u0131 T\u00fcrkl\u00fck olanlardand\u0131r. Eserlerinin \u00f6nemli bir b\u00f6l\u00fcm\u00fc bu mesele etraf\u0131ndad\u0131r. Dostlar\u0131 ve sevenleri 80. ya\u015f\u0131nda bir sayg\u0131 g\u00fcn\u00fc d\u00fczenlemeye karar verdiler. Bu toplant\u0131da, kamuoyunun tan\u0131d\u0131\u011f\u0131 \u0130skender \u00d6KS\u00dcZ\u2019\u00fcn insan\u00ee y\u00f6nleri a\u00e7\u0131\u011fa \u00e7\u0131kacakt\u0131. Dostlar\u0131 yak\u0131nl\u0131klar\u0131n\u0131 konu\u015facaklard\u0131. Aileden isimler, baba, karde\u015f, a\u011fabey \u0130skender \u00d6KS\u00dcZ\u2019\u00fc anlatacaklard\u0131. \u00dcniversiteden akademisyen arkada\u015flar\u0131 ve \u00f6\u011frencileri hocal\u0131\u011f\u0131ndan ve ilm\u00ee seviyesinden bahsedeceklerdi. Haz\u0131rl\u0131klar s\u0131ras\u0131nda bu \u00e7ok y\u00f6nl\u00fc biyografik konular\u0131 daha geni\u015f bir kadroya \u0131smarlanan yaz\u0131larla bir kitaba d\u00f6n\u00fc\u015ft\u00fcrme fikri ortaya \u00e7\u0131kt\u0131. Zaman dard\u0131. Onun i\u00e7in k\u0131sa yaz\u0131lar istenmesine karar verildi. Yaz\u0131 istenenlerin tamam\u0131na yak\u0131n\u0131 yazd\u0131. Bu kitaptaki yaz\u0131lar, entelekt\u00fcel bir biyografi i\u00e7in \u00f6nemli malzemeler veriyor. Biyografik bir roman i\u00e7in de ya\u015fanm\u0131\u015f sahneler ve insan y\u00f6n\u00fcn\u00fc yans\u0131tan canl\u0131 bilgiler sunuyor. <\/p>\n","protected":false},"excerpt":{"rendered":"<p>\u0130skender \u00d6KS\u00dcZ, bilim adam\u0131 ve \u00e7ok y\u00f6nl\u00fc bir ayd\u0131n. Sosyal meselelere derinden bakan bir yazar. T\u00fcrkl\u00fck ve T\u00fcrkiye merkezli d\u00fc\u015f\u00fcn\u00fcr. Millet ve milliyet\u00e7ilik \u00f6zel ilgi alan\u0131d\u0131r.<span class=\"excerpt-hellip\"> [\u2026]<\/span><\/p>\n","protected":false},"featured_media":0,"template":"","meta":{"_monsterinsights_skip_tracking":false,"_monsterinsights_sitenote_active":false,"_monsterinsights_sitenote_note":"","_monsterinsights_sitenote_category":0},"product_brand":[],"product_cat":[14009,12291],"product_tag":[],"class_list":{"0":"post-780090","1":"product","2":"type-product","3":"status-publish","5":"product_cat-biyografi-otobiyografi-edebiyat","6":"product_cat-edebiyat","7":"pa_cilt-ciltsiz","8":"pa_tur-kitap","9":"pa_yayinevi-kapadokya-universitesi-yayinlari","10":"pa_yazar-kolektif","12":"first","13":"instock","14":"sale","15":"shipping-taxable","16":"purchasable","17":"product-type-simple"},"_links":{"self":[{"href":"https:\/\/roveyayinevi.com.tr\/index.php\/wp-json\/wp\/v2\/product\/780090","targetHints":{"allow":["GET"]}}],"collection":[{"href":"https:\/\/roveyayinevi.com.tr\/index.php\/wp-json\/wp\/v2\/product"}],"about":[{"href":"https:\/\/roveyayinevi.com.tr\/index.php\/wp-json\/wp\/v2\/types\/product"}],"wp:attachment":[{"href":"https:\/\/roveyayinevi.com.tr\/index.php\/wp-json\/wp\/v2\/media?parent=780090"}],"wp:term":[{"taxonomy":"product_brand","embeddable":true,"href":"https:\/\/roveyayinevi.com.tr\/index.php\/wp-json\/wp\/v2\/product_brand?post=780090"},{"taxonomy":"product_cat","embeddable":true,"href":"https:\/\/roveyayinevi.com.tr\/index.php\/wp-json\/wp\/v2\/product_cat?post=780090"},{"taxonomy":"product_tag","embeddable":true,"href":"https:\/\/roveyayinevi.com.tr\/index.php\/wp-json\/wp\/v2\/product_tag?post=780090"}],"curies":[{"name":"wp","href":"https:\/\/api.w.org\/{rel}","templated":true}]}}