{"id":780086,"date":"2025-12-30T12:25:23","date_gmt":"2025-12-30T09:25:23","guid":{"rendered":"https:\/\/roveyayinevi.com.tr\/index.php\/urun\/turk-dis-politikasinda-guncel-konular\/"},"modified":"2026-04-15T03:44:44","modified_gmt":"2026-04-15T00:44:44","slug":"turk-dis-politikasinda-guncel-konular","status":"publish","type":"product","link":"https:\/\/roveyayinevi.com.tr\/index.php\/urun\/turk-dis-politikasinda-guncel-konular\/","title":{"rendered":"T\u00fcrk D\u0131\u015f Politikas\u0131nda G\u00fcncel Konular"},"content":{"rendered":"<p>K\u00fcresel ve b\u00f6lgesel rekabet uluslararas\u0131 ili\u015fkilerde ba\u015f d\u00f6nd\u00fcr\u00fcc\u00fc bir de\u011fi\u015fim ve d\u00f6n\u00fc\u015f\u00fcmle sonu\u00e7lanmaktad\u0131r. Devletler aras\u0131 sava\u015flar, i\u00e7 sava\u015flar, ter\u00f6rizm, ekonomik ve teknolojik rekabet, artan n\u00fcfus art\u0131\u015f\u0131yla birlikte k\u0131t kaynaklar\u0131n her ge\u00e7en g\u00fcn daha da kritik hale gelmesi, d\u00fczenli ve d\u00fczensiz g\u00f6\u00e7ler, salg\u0131n hastal\u0131klar devletlerin g\u00fcvenlik anlay\u0131\u015f\u0131n\u0131 h\u0131zla de\u011fi\u015ftirmekte, bu karma\u015f\u0131k ve h\u0131zla de\u011fi\u015fen g\u00fcndemde karar almak ve uygulamak daha da zorla\u015fmaktad\u0131r. K\u00fcresel ve b\u00f6lgesel rekabette \u00f6nemli rol oynayan T\u00fcrkiye bu geli\u015fmelerden \u00f6nemli derecede etkilenirken, uluslararas\u0131 politikada da etkin rol oynamaktad\u0131r. Bu a\u00e7\u0131dan T\u00fcrk d\u0131\u015f politikas\u0131nda al\u0131nan kararlar T\u00fcrkiye\u2019nin g\u00fcvenli\u011finde de temel rol\u00fc oynarken ayn\u0131 zamanda b\u00f6lgesel ve k\u00fcresel geli\u015fmeleri de \u00f6nemli \u00f6l\u00e7\u00fcde etkilemektedir. Uluslararas\u0131 \u0130li\u015fkilerdeki geli\u015fmeleri yak\u0131ndan takip etmek ve do\u011fru okumak, d\u0131\u015f politikada karar almak konusunda temel rol\u00fc oynamaktad\u0131r. \u0130lgili devlet kurumlar\u0131 kadar \u00fcniversiteler ve d\u00fc\u015f\u00fcnce kurulu\u015flar\u0131 da bu s\u00fcre\u00e7te \u00f6nemli rol oynamaktad\u0131r. Kapadokya \u00dcniversitesi (K\u00dcN) ve Ankara Kriz ve Siyaset Ara\u015ft\u0131rmalar\u0131 Merkezi (ANKASAM) i\u015f birli\u011finde y\u00fcr\u00fct\u00fclen bu proje ile T\u00fcrk D\u0131\u015f Politikas\u0131nda G\u00fcncel Konular\u0131n, bu konudaki uzmanlar ile tart\u0131\u015f\u0131lmas\u0131, ele al\u0131nmas\u0131 ve T\u00fcrk D\u0131\u015f Politikas\u0131nda al\u0131nacak kararlara \u0131\u015f\u0131k tutmas\u0131 ama\u00e7lanmaktad\u0131r<\/p>\n","protected":false},"excerpt":{"rendered":"<p>K\u00fcresel ve b\u00f6lgesel rekabet uluslararas\u0131 ili\u015fkilerde ba\u015f d\u00f6nd\u00fcr\u00fcc\u00fc bir de\u011fi\u015fim ve d\u00f6n\u00fc\u015f\u00fcmle sonu\u00e7lanmaktad\u0131r. Devletler aras\u0131 sava\u015flar, i\u00e7 sava\u015flar, ter\u00f6rizm, ekonomik ve teknolojik rekabet, artan n\u00fcfus art\u0131\u015f\u0131yla<span class=\"excerpt-hellip\"> [\u2026]<\/span><\/p>\n","protected":false},"featured_media":0,"template":"","meta":{"_monsterinsights_skip_tracking":false,"_monsterinsights_sitenote_active":false,"_monsterinsights_sitenote_note":"","_monsterinsights_sitenote_category":0},"product_brand":[],"product_cat":[48062,12337],"product_tag":[],"class_list":{"0":"post-780086","1":"product","2":"type-product","3":"status-publish","5":"product_cat-dis-politika","6":"product_cat-politika-siyaset","7":"pa_cilt-ciltsiz","8":"pa_tur-kitap","9":"pa_yayinevi-kapadokya-universitesi-yayinlari","10":"pa_yazar-kolektif","12":"first","13":"instock","14":"sale","15":"shipping-taxable","16":"purchasable","17":"product-type-simple"},"_links":{"self":[{"href":"https:\/\/roveyayinevi.com.tr\/index.php\/wp-json\/wp\/v2\/product\/780086","targetHints":{"allow":["GET"]}}],"collection":[{"href":"https:\/\/roveyayinevi.com.tr\/index.php\/wp-json\/wp\/v2\/product"}],"about":[{"href":"https:\/\/roveyayinevi.com.tr\/index.php\/wp-json\/wp\/v2\/types\/product"}],"wp:attachment":[{"href":"https:\/\/roveyayinevi.com.tr\/index.php\/wp-json\/wp\/v2\/media?parent=780086"}],"wp:term":[{"taxonomy":"product_brand","embeddable":true,"href":"https:\/\/roveyayinevi.com.tr\/index.php\/wp-json\/wp\/v2\/product_brand?post=780086"},{"taxonomy":"product_cat","embeddable":true,"href":"https:\/\/roveyayinevi.com.tr\/index.php\/wp-json\/wp\/v2\/product_cat?post=780086"},{"taxonomy":"product_tag","embeddable":true,"href":"https:\/\/roveyayinevi.com.tr\/index.php\/wp-json\/wp\/v2\/product_tag?post=780086"}],"curies":[{"name":"wp","href":"https:\/\/api.w.org\/{rel}","templated":true}]}}