{"id":780082,"date":"2025-12-30T12:25:06","date_gmt":"2025-12-30T09:25:06","guid":{"rendered":"https:\/\/roveyayinevi.com.tr\/index.php\/urun\/bu-yara-derin-yara\/"},"modified":"2026-04-15T03:44:44","modified_gmt":"2026-04-15T00:44:44","slug":"bu-yara-derin-yara","status":"publish","type":"product","link":"https:\/\/roveyayinevi.com.tr\/index.php\/urun\/bu-yara-derin-yara\/","title":{"rendered":"Bu Yara Derin Yara"},"content":{"rendered":"<p>G\u00fcvenim kalmad\u0131 bug\u00fcne yar\u0131na \u015eahit oldum nice mazlumun zar\u0131na Hep divan durdum ac\u0131lar\u0131n dar\u0131na Ne aylara ne y\u0131llara g\u00fcven kald\u0131   Sabr\u0131n s\u0131n\u0131r\u0131 var bunca zul\u00fcm yeter \u0130\u015fte gecem ba\u015fka g\u00fcn\u00fcm ba\u015fka keder Her yar\u0131n\u0131m bug\u00fcn\u00fcmden daha beter Ne bug\u00fcne ne yar\u0131na g\u00fcven kald\u0131   Bak yerle bir olmu\u015f g\u00fcvenle itibar Sa\u011f\u0131ma soluma doldu y\u00fczs\u00fcz kibar Terk edip gidi\u015fine isyan\u0131m var Ne konu ne kom\u015funun itibar\u0131 kald\u0131   Da\u011flaro\u011flu yad oldu ahlak adap Sen gideli gecem g\u00fcn\u00fcm de azap Herkeste ba\u015fka hesap ba\u015fka kitap Ne e\u015fe ne de dosta g\u00fcven kald\u0131 <\/p>\n","protected":false},"excerpt":{"rendered":"<p>G\u00fcvenim kalmad\u0131 bug\u00fcne yar\u0131na \u015eahit oldum nice mazlumun zar\u0131na Hep divan durdum ac\u0131lar\u0131n dar\u0131na Ne aylara ne y\u0131llara g\u00fcven kald\u0131 Sabr\u0131n s\u0131n\u0131r\u0131 var bunca zul\u00fcm yeter<span class=\"excerpt-hellip\"> [\u2026]<\/span><\/p>\n","protected":false},"featured_media":0,"template":"","meta":{"_monsterinsights_skip_tracking":false,"_monsterinsights_sitenote_active":false,"_monsterinsights_sitenote_note":"","_monsterinsights_sitenote_category":0},"product_brand":[],"product_cat":[12291,12509],"product_tag":[],"class_list":{"0":"post-780082","1":"product","2":"type-product","3":"status-publish","5":"product_cat-edebiyat","6":"product_cat-siir","7":"pa_cilt-ciltsiz","8":"pa_tur-kitap","9":"pa_yayinevi-favori-yayinlari","10":"pa_yazar-ali-daglaroglu","12":"first","13":"instock","14":"sale","15":"shipping-taxable","16":"purchasable","17":"product-type-simple"},"_links":{"self":[{"href":"https:\/\/roveyayinevi.com.tr\/index.php\/wp-json\/wp\/v2\/product\/780082","targetHints":{"allow":["GET"]}}],"collection":[{"href":"https:\/\/roveyayinevi.com.tr\/index.php\/wp-json\/wp\/v2\/product"}],"about":[{"href":"https:\/\/roveyayinevi.com.tr\/index.php\/wp-json\/wp\/v2\/types\/product"}],"wp:attachment":[{"href":"https:\/\/roveyayinevi.com.tr\/index.php\/wp-json\/wp\/v2\/media?parent=780082"}],"wp:term":[{"taxonomy":"product_brand","embeddable":true,"href":"https:\/\/roveyayinevi.com.tr\/index.php\/wp-json\/wp\/v2\/product_brand?post=780082"},{"taxonomy":"product_cat","embeddable":true,"href":"https:\/\/roveyayinevi.com.tr\/index.php\/wp-json\/wp\/v2\/product_cat?post=780082"},{"taxonomy":"product_tag","embeddable":true,"href":"https:\/\/roveyayinevi.com.tr\/index.php\/wp-json\/wp\/v2\/product_tag?post=780082"}],"curies":[{"name":"wp","href":"https:\/\/api.w.org\/{rel}","templated":true}]}}