{"id":780078,"date":"2025-12-30T12:24:53","date_gmt":"2025-12-30T09:24:53","guid":{"rendered":"https:\/\/roveyayinevi.com.tr\/index.php\/urun\/a-takimi-iz-surucu-kopekler-10-a-takimi-ile-veda-senligi\/"},"modified":"2026-04-15T03:44:44","modified_gmt":"2026-04-15T00:44:44","slug":"a-takimi-iz-surucu-kopekler-10-a-takimi-ile-veda-senligi","status":"publish","type":"product","link":"https:\/\/roveyayinevi.com.tr\/index.php\/urun\/a-takimi-iz-surucu-kopekler-10-a-takimi-ile-veda-senligi\/","title":{"rendered":"A Tak\u0131m\u0131 \u0130z S\u00fcr\u00fcc\u00fc K\u00f6pekler \u2013 10 A Tak\u0131m\u0131 ile Veda \u015eenli\u011fi"},"content":{"rendered":"<p>G\u00fclten Day\u0131o\u011flu\u2019nun iz s\u00fcr\u00fcc\u00fc dokuz kurt k\u00f6pe\u011finden olu\u015fan A Tak\u0131m\u0131\u2019n\u0131n heyecanl\u0131 maceralar\u0131n\u0131 anlatt\u0131\u011f\u0131 on kitapl\u0131k serisi A Tak\u0131m\u0131 ile Veda \u015eenli\u011fi kitab\u0131yla son buluyor. \u00c7okbilmi\u015f, C\u0131l\u0131z\u0131m, Sakar, S\u00fcsl\u00fc, Obur, G\u00f6zl\u00fckl\u00fc, Samur Kuyruk, Sar\u0131 Kulak ve Karabey dostlar\u0131m\u0131z unutulmaz hik\u00e2yeleriyle bizimle ya\u015fayacak.<\/p>\n","protected":false},"excerpt":{"rendered":"<p>G\u00fclten Day\u0131o\u011flu\u2019nun iz s\u00fcr\u00fcc\u00fc dokuz kurt k\u00f6pe\u011finden olu\u015fan A Tak\u0131m\u0131\u2019n\u0131n heyecanl\u0131 maceralar\u0131n\u0131 anlatt\u0131\u011f\u0131 on kitapl\u0131k serisi A Tak\u0131m\u0131 ile Veda \u015eenli\u011fi kitab\u0131yla son buluyor. \u00c7okbilmi\u015f, C\u0131l\u0131z\u0131m,<span class=\"excerpt-hellip\"> [\u2026]<\/span><\/p>\n","protected":false},"featured_media":0,"template":"","meta":{"_monsterinsights_skip_tracking":false,"_monsterinsights_sitenote_active":false,"_monsterinsights_sitenote_note":"","_monsterinsights_sitenote_category":0},"product_brand":[],"product_cat":[12274,12284],"product_tag":[],"class_list":{"0":"post-780078","1":"product","2":"type-product","3":"status-publish","5":"product_cat-cocuk-ve-genclik-kitaplari","6":"product_cat-hikayeler","7":"pa_cilt-ciltsiz","8":"pa_tur-kitap","9":"pa_yayinevi-yapi-kredi-yayinlari","10":"pa_yazar-gulten-dayioglu","12":"first","13":"instock","14":"sale","15":"shipping-taxable","16":"purchasable","17":"product-type-simple"},"_links":{"self":[{"href":"https:\/\/roveyayinevi.com.tr\/index.php\/wp-json\/wp\/v2\/product\/780078","targetHints":{"allow":["GET"]}}],"collection":[{"href":"https:\/\/roveyayinevi.com.tr\/index.php\/wp-json\/wp\/v2\/product"}],"about":[{"href":"https:\/\/roveyayinevi.com.tr\/index.php\/wp-json\/wp\/v2\/types\/product"}],"wp:attachment":[{"href":"https:\/\/roveyayinevi.com.tr\/index.php\/wp-json\/wp\/v2\/media?parent=780078"}],"wp:term":[{"taxonomy":"product_brand","embeddable":true,"href":"https:\/\/roveyayinevi.com.tr\/index.php\/wp-json\/wp\/v2\/product_brand?post=780078"},{"taxonomy":"product_cat","embeddable":true,"href":"https:\/\/roveyayinevi.com.tr\/index.php\/wp-json\/wp\/v2\/product_cat?post=780078"},{"taxonomy":"product_tag","embeddable":true,"href":"https:\/\/roveyayinevi.com.tr\/index.php\/wp-json\/wp\/v2\/product_tag?post=780078"}],"curies":[{"name":"wp","href":"https:\/\/api.w.org\/{rel}","templated":true}]}}