{"id":780076,"date":"2025-12-30T12:24:48","date_gmt":"2025-12-30T09:24:48","guid":{"rendered":"https:\/\/roveyayinevi.com.tr\/index.php\/urun\/on-further-reflection-essays-from-a-life-in-business\/"},"modified":"2026-04-15T03:44:44","modified_gmt":"2026-04-15T00:44:44","slug":"on-further-reflection-essays-from-a-life-in-business","status":"publish","type":"product","link":"https:\/\/roveyayinevi.com.tr\/index.php\/urun\/on-further-reflection-essays-from-a-life-in-business\/","title":{"rendered":"On Further Reflection &#8211; Essays From A Life In Business"},"content":{"rendered":"<p>Marriage proposals by SWOT analysis, out-of-control egos, a particular duck in Kyoto, people who think passion for work is a scam \u2013 you\u2019ll find them all inside this book, along with maestros, management gurus, philosophers, photographers, and cats. On Further Reflection was published in Turkish in 2024, coinciding with the author\u2019s 50th year in business. The new collection of essays picks up where Just to Keep in Mind (2023) left off. Approaching his topics with inquisitiveness and a subtle sense of humor, B\u00fclent Eczac\u0131ba\u015f\u0131 explores issues at the heart of business \u2013 like leadership, motivation, and customer satisfaction \u2013 from fresh and thought-provoking angles. At the same time, he addresses less common subjects, such as asking \u201cstupid\u201d questions, learning from success, and the crisis of originality. On Further Reflection invites you to join these brief and enjoyable \u201cjourneys of thought.\u201d <\/p>\n","protected":false},"excerpt":{"rendered":"<p>Marriage proposals by SWOT analysis, out-of-control egos, a particular duck in Kyoto, people who think passion for work is a scam \u2013 you\u2019ll find them all<span class=\"excerpt-hellip\"> [\u2026]<\/span><\/p>\n","protected":false},"featured_media":0,"template":"","meta":{"_monsterinsights_skip_tracking":false,"_monsterinsights_sitenote_active":false,"_monsterinsights_sitenote_note":"","_monsterinsights_sitenote_category":0},"product_brand":[],"product_cat":[13043,17647],"product_tag":[],"class_list":{"0":"post-780076","1":"product","2":"type-product","3":"status-publish","5":"product_cat-ekonomi","6":"product_cat-is-dunyasi","7":"pa_cilt-ciltsiz","8":"pa_tur-kitap","9":"pa_yayinevi-yapi-kredi-yayinlari","10":"pa_yazar-bulent-eczacibasi","12":"first","13":"instock","14":"sale","15":"shipping-taxable","16":"purchasable","17":"product-type-simple"},"_links":{"self":[{"href":"https:\/\/roveyayinevi.com.tr\/index.php\/wp-json\/wp\/v2\/product\/780076","targetHints":{"allow":["GET"]}}],"collection":[{"href":"https:\/\/roveyayinevi.com.tr\/index.php\/wp-json\/wp\/v2\/product"}],"about":[{"href":"https:\/\/roveyayinevi.com.tr\/index.php\/wp-json\/wp\/v2\/types\/product"}],"wp:attachment":[{"href":"https:\/\/roveyayinevi.com.tr\/index.php\/wp-json\/wp\/v2\/media?parent=780076"}],"wp:term":[{"taxonomy":"product_brand","embeddable":true,"href":"https:\/\/roveyayinevi.com.tr\/index.php\/wp-json\/wp\/v2\/product_brand?post=780076"},{"taxonomy":"product_cat","embeddable":true,"href":"https:\/\/roveyayinevi.com.tr\/index.php\/wp-json\/wp\/v2\/product_cat?post=780076"},{"taxonomy":"product_tag","embeddable":true,"href":"https:\/\/roveyayinevi.com.tr\/index.php\/wp-json\/wp\/v2\/product_tag?post=780076"}],"curies":[{"name":"wp","href":"https:\/\/api.w.org\/{rel}","templated":true}]}}