{"id":780072,"date":"2025-12-30T12:24:40","date_gmt":"2025-12-30T09:24:40","guid":{"rendered":"https:\/\/roveyayinevi.com.tr\/index.php\/urun\/mikro-fasizm-gundeligin-kara-delikleri\/"},"modified":"2026-04-15T03:44:44","modified_gmt":"2026-04-15T00:44:44","slug":"mikro-fasizm-gundeligin-kara-delikleri","status":"publish","type":"product","link":"https:\/\/roveyayinevi.com.tr\/index.php\/urun\/mikro-fasizm-gundeligin-kara-delikleri\/","title":{"rendered":"Mikro-Fa\u015fizm G\u00fcndeli\u011fin Kara Delikleri"},"content":{"rendered":"<p>Fa\u015fizm yaln\u0131zca tarihsel \u00f6neme sahip ve ge\u00e7ip gitmi\u015f bir k\u0131yamet rejimi de\u011fil, g\u00fcndelik ya\u015fam\u0131n zerresinde dahi yeniden \u00fcretilen bir \u00f6l\u00fcm potansiyelidir. B\u00fct\u00fcn d\u00fcnyay\u0131 ele ge\u00e7iren hareketsizlik ve k\u00f6rl\u00fck asl\u0131nda fa\u015fizmin b\u00fct\u00fcn d\u00fcnyay\u0131 dola\u015f\u0131mlar ve ba\u011flant\u0131larla birlikte kaplad\u0131\u011f\u0131n\u0131n ve kendiyle \u00fcretti\u011finin kan\u0131t\u0131d\u0131r. Sinekten farks\u0131z bir halde bu a\u011fa tak\u0131lm\u0131\u015f ve v\u0131z\u0131ldamaktan ba\u015fka bir \u015fey yapamayan insanl\u0131k i\u00e7in yeni bir politikan\u0131n \u00fcretilmesi zorunludur. G\u00fcney \u00c7e\u011fin bu kitapta, F\u00e9lix Guattari\u2019nin \u201cmikro-fa\u015fizm\u201d kavram\u0131n\u0131 Brian Massumi\u2019nin duygulan\u0131m analizleriyle birle\u015ftirerek \u00e7a\u011fda\u015f d\u00fcnyan\u0131n g\u00f6r\u00fcnmez otorit erliklerini g\u00f6zler \u00f6n\u00fcne seriyor. Mikro-fa\u015fizmi d\u0131\u015fsal bir bask\u0131dan ziyade arzunun kendi i\u00e7ine \u00e7\u00f6kmesi, duygulan\u0131m\u0131n tek bir yo\u011funlu\u011fa kilitlenmesi ve ili\u015fki kurma kapasitemizin daralmas\u0131 olarak ele alan bu giri\u015fim; dijital lin\u00e7 k\u00fclt\u00fcr\u00fcnden neoliberal g\u00fcvencesizli\u011fin yaratt\u0131\u011f\u0131 i\u00e7sel krize kadar fa\u015fizmin nas\u0131l molek\u00fcler d\u00fczeyde \u00fcretildi\u011fini g\u00f6steriyor. Mikrofa\u015fizme kar\u015f\u0131 \u00fcretici bir politika sunan bu kitap; potansiyelleri yeniden ta\u015f\u0131rmay\u0131, ba\u011flant\u0131lar\u0131 \u00e7o\u011faltmay\u0131 ve duygulan\u0131m\u0131n kromatizmini hayk\u0131rmay\u0131 \u00f6neriyor ve fa\u015fizmi arzu, duygu ve yo\u011funluk d\u00fczeyinde yeniden d\u00fc\u015f\u00fcnmek isteyen herkes i\u00e7in g\u00fc\u00e7l\u00fc bir teorik yolculuk sunarken okura rahats\u0131z edici ama \u00f6zg\u00fcrle\u015ftirici bir soruyu b\u0131rak\u0131yor: \u0130\u00e7imizdeki fa\u015fisti ne kadar tan\u0131yoruz?<\/p>\n","protected":false},"excerpt":{"rendered":"<p>Fa\u015fizm yaln\u0131zca tarihsel \u00f6neme sahip ve ge\u00e7ip gitmi\u015f bir k\u0131yamet rejimi de\u011fil, g\u00fcndelik ya\u015fam\u0131n zerresinde dahi yeniden \u00fcretilen bir \u00f6l\u00fcm potansiyelidir. B\u00fct\u00fcn d\u00fcnyay\u0131 ele ge\u00e7iren hareketsizlik<span class=\"excerpt-hellip\"> [\u2026]<\/span><\/p>\n","protected":false},"featured_media":0,"template":"","meta":{"_monsterinsights_skip_tracking":false,"_monsterinsights_sitenote_active":false,"_monsterinsights_sitenote_note":"","_monsterinsights_sitenote_category":0},"product_brand":[],"product_cat":[12324],"product_tag":[],"class_list":{"0":"post-780072","1":"product","2":"type-product","3":"status-publish","5":"product_cat-sosyoloji","6":"pa_cilt-ciltsiz","7":"pa_tur-kitap","8":"pa_yayinevi-phoenix-yayinevi","9":"pa_yazar-guney-cegin","11":"first","12":"instock","13":"sale","14":"shipping-taxable","15":"purchasable","16":"product-type-simple"},"_links":{"self":[{"href":"https:\/\/roveyayinevi.com.tr\/index.php\/wp-json\/wp\/v2\/product\/780072","targetHints":{"allow":["GET"]}}],"collection":[{"href":"https:\/\/roveyayinevi.com.tr\/index.php\/wp-json\/wp\/v2\/product"}],"about":[{"href":"https:\/\/roveyayinevi.com.tr\/index.php\/wp-json\/wp\/v2\/types\/product"}],"wp:attachment":[{"href":"https:\/\/roveyayinevi.com.tr\/index.php\/wp-json\/wp\/v2\/media?parent=780072"}],"wp:term":[{"taxonomy":"product_brand","embeddable":true,"href":"https:\/\/roveyayinevi.com.tr\/index.php\/wp-json\/wp\/v2\/product_brand?post=780072"},{"taxonomy":"product_cat","embeddable":true,"href":"https:\/\/roveyayinevi.com.tr\/index.php\/wp-json\/wp\/v2\/product_cat?post=780072"},{"taxonomy":"product_tag","embeddable":true,"href":"https:\/\/roveyayinevi.com.tr\/index.php\/wp-json\/wp\/v2\/product_tag?post=780072"}],"curies":[{"name":"wp","href":"https:\/\/api.w.org\/{rel}","templated":true}]}}