{"id":780050,"date":"2025-12-30T12:23:35","date_gmt":"2025-12-30T09:23:35","guid":{"rendered":"https:\/\/roveyayinevi.com.tr\/index.php\/urun\/batman-adalet-avcisi-3\/"},"modified":"2026-04-15T03:44:43","modified_gmt":"2026-04-15T00:44:43","slug":"batman-adalet-avcisi-3","status":"publish","type":"product","link":"https:\/\/roveyayinevi.com.tr\/index.php\/urun\/batman-adalet-avcisi-3\/","title":{"rendered":"Batman \u2013 Adalet Avc\u0131s\u0131 3"},"content":{"rendered":"<p>GOTHAM DAHA \u00d6NCE H\u0130\u00c7 BU KADAR TEHL\u0130KEDE OLMAMI\u015eTI. BATMAN\u2019\u0130N SU\u00c7LA M\u00dcCADELE ETMEK \u0130\u00c7\u0130N GEL\u0130\u015eT\u0130RD\u0130\u011e\u0130 YAPAY ZEK\u00c2 TEKNOLOJ\u0130S\u0130 \u201cROBIN\u201d, KONTROLDEN \u00c7IKAR VE \u015eEHR\u0130 KAOSA S\u00dcR\u00dcKLER. GE\u00c7M\u0130\u015eTEN GELEN \u0130ZLER ORTAYA SA\u00c7ILINCA, BRUCE WAYNE KAYIPLARIYLA Y\u00dcZLE\u015eMEK ZORUNDA KALIR. BATMAN\u2019\u0130N B\u0130R ZAMANLAR EN G\u00dcVEND\u0130\u011e\u0130 \u0130S\u0130M OLAN DICK GRAYSON YEN\u0130DEN SAHNEYE \u00c7IKAR. JOKER \u0130SE BU SEFER YALNIZCA GOTHAM\u2019I DE\u011e\u0130L, ROBIN\u2019\u0130 YOK ETMEN\u0130N PLANLARINI YAPMAKTADIR. GOTHAM\u2019IN SU\u00c7LA SAVA\u015eI ARTIK SADECE SOKAKLARDA DE\u011e\u0130L, S\u0130STEMLER\u0130N \u0130\u00c7\u0130NDE VER\u0130L\u0130YOR. BU KEZ KAHRAMANLIK, SINIRLARI A\u015eMAYI GEREKT\u0130RECEK&#8230; <\/p>\n","protected":false},"excerpt":{"rendered":"<p>GOTHAM DAHA \u00d6NCE H\u0130\u00c7 BU KADAR TEHL\u0130KEDE OLMAMI\u015eTI. BATMAN\u2019\u0130N SU\u00c7LA M\u00dcCADELE ETMEK \u0130\u00c7\u0130N GEL\u0130\u015eT\u0130RD\u0130\u011e\u0130 YAPAY ZEK\u00c2 TEKNOLOJ\u0130S\u0130 \u201cROBIN\u201d, KONTROLDEN \u00c7IKAR VE \u015eEHR\u0130 KAOSA S\u00dcR\u00dcKLER. GE\u00c7M\u0130\u015eTEN GELEN<span class=\"excerpt-hellip\"> [\u2026]<\/span><\/p>\n","protected":false},"featured_media":0,"template":"","meta":{"_monsterinsights_skip_tracking":false,"_monsterinsights_sitenote_active":false,"_monsterinsights_sitenote_note":"","_monsterinsights_sitenote_category":0},"product_brand":[],"product_cat":[12416,12291],"product_tag":[],"class_list":{"0":"post-780050","1":"product","2":"type-product","3":"status-publish","5":"product_cat-cizgi-roman","6":"product_cat-edebiyat","7":"pa_cilt-ciltsiz","8":"pa_tur-kitap","9":"pa_yayinevi-athica-yayinlari","10":"pa_yazar-eiichi-shimizu","12":"first","13":"instock","14":"sale","15":"shipping-taxable","16":"purchasable","17":"product-type-simple"},"_links":{"self":[{"href":"https:\/\/roveyayinevi.com.tr\/index.php\/wp-json\/wp\/v2\/product\/780050","targetHints":{"allow":["GET"]}}],"collection":[{"href":"https:\/\/roveyayinevi.com.tr\/index.php\/wp-json\/wp\/v2\/product"}],"about":[{"href":"https:\/\/roveyayinevi.com.tr\/index.php\/wp-json\/wp\/v2\/types\/product"}],"wp:attachment":[{"href":"https:\/\/roveyayinevi.com.tr\/index.php\/wp-json\/wp\/v2\/media?parent=780050"}],"wp:term":[{"taxonomy":"product_brand","embeddable":true,"href":"https:\/\/roveyayinevi.com.tr\/index.php\/wp-json\/wp\/v2\/product_brand?post=780050"},{"taxonomy":"product_cat","embeddable":true,"href":"https:\/\/roveyayinevi.com.tr\/index.php\/wp-json\/wp\/v2\/product_cat?post=780050"},{"taxonomy":"product_tag","embeddable":true,"href":"https:\/\/roveyayinevi.com.tr\/index.php\/wp-json\/wp\/v2\/product_tag?post=780050"}],"curies":[{"name":"wp","href":"https:\/\/api.w.org\/{rel}","templated":true}]}}