{"id":780035,"date":"2025-12-30T12:22:59","date_gmt":"2025-12-30T09:22:59","guid":{"rendered":"https:\/\/roveyayinevi.com.tr\/index.php\/urun\/modernizmin-yansimalari-20li-yillarda-turkiye\/"},"modified":"2026-04-15T03:44:42","modified_gmt":"2026-04-15T00:44:42","slug":"modernizmin-yansimalari-20li-yillarda-turkiye","status":"publish","type":"product","link":"https:\/\/roveyayinevi.com.tr\/index.php\/urun\/modernizmin-yansimalari-20li-yillarda-turkiye\/","title":{"rendered":"Modernizmin Yans\u0131malar\u0131: 20\u2019li Y\u0131llarda T\u00fcrkiye"},"content":{"rendered":"<p>Bir ulusun modernle\u015fme ser\u00fcveni: umut, \u00e7at\u0131\u015fma ve yeniden do\u011fu\u015f. \u201cModernizmin Yans\u0131malar\u0131\u201d kitap dizisi, T\u00fcrkiye tarihini onar y\u0131ll\u0131k d\u00f6nemler \u00fczerinden tart\u0131\u015fmaya a\u00e7an kapsaml\u0131 bir ara\u015ft\u0131rma serisidir. Her cilt, kendi d\u00f6neminin siyasal, ekonomik, k\u00fclt\u00fcrel ve mek\u00e2nsal d\u00f6n\u00fc\u015f\u00fcmlerini ele al\u0131rken, modernle\u015fme s\u00fcrecini yaln\u0131zca devlet politikalar\u0131yla s\u0131n\u0131rl\u0131 g\u00f6rmeyip, g\u00fcndelik hayat\u0131n t\u00fcm katmanlar\u0131na yay\u0131lan bir toplumsal deneyim olarak da yorumlamaktad\u0131r. Dizinin ortak yakla\u015f\u0131m\u0131, modernizmi tek y\u00f6nl\u00fc bir ilerleme anlat\u0131s\u0131 olarak de\u011fil, k\u00fcresel etkilerle yerel dinamiklerin kesi\u015fti\u011fi, kimi zaman h\u0131zlanan kimi zaman kesintiye u\u011frayan \u00e7ok katmanl\u0131 bir d\u00f6n\u00fc\u015f\u00fcm olarak okumakt\u0131r. Bu b\u00fct\u00fcnc\u00fcl bak\u0131\u015f, T\u00fcrkiye\u2019de modernle\u015fme olgusunu ideolojik kal\u0131plar\u0131n \u00f6tesine ta\u015f\u0131yarak hem tarihsel derinli\u011fi hem de ele\u015ftirel d\u00fc\u015f\u00fcnmeyi canl\u0131 tutmay\u0131 ama\u00e7lamaktad\u0131r.   Bu ba\u011flamda \u201cModernizmin Yans\u0131malar\u0131: 20\u2019li Y\u0131llar\u201d kitab\u0131, Cumhuriyet\u2019in kurucu d\u00f6nemine, modernle\u015fmenin laboratuvar y\u0131llar\u0131na odaklanm\u0131\u015ft\u0131r. Cumhuriyet\u2019in 1920\u2019li y\u0131llar\u0131, yaln\u0131zca yeni bir devletin de\u011fil, modern bir ya\u015fam\u0131n da kuruldu\u011fu e\u015fik y\u0131llar\u0131d\u0131r. Bu nedenle \u201cModernizmin Yans\u0131malar\u0131: 20\u2019li Y\u0131llar\u201d kitab\u0131, bu d\u00f6nemi ideolojik anlat\u0131lar\u0131n \u00f6tesinde; kentlerin, kurumlar\u0131n ve g\u00fcndelik hayat\u0131n i\u00e7inden okumaktad\u0131r. Mimarl\u0131ktan sinemaya, iktisattan k\u00fclt\u00fcr politikalar\u0131na uzanan disiplinleraras\u0131 yaz\u0131lar, modernli\u011fin T\u00fcrkiye\u2019deki \u00f6zg\u00fcn bi\u00e7imleni\u015fini aktar\u0131m, uyarlama ve direnme eksenlerinde incelemektedir. Kitap serimizin bu cildi, modernle\u015fmenin merkezine insan\u0131, toplumu ve mek\u00e2n\u0131 birlikte yerle\u015ftirmi\u015ftir. Bat\u0131\u2019dan al\u0131nan formlar\u0131n yereldeki d\u00f6n\u00fc\u015f\u00fcm\u00fc, modernli\u011fin hem bir umut hem de bir gerilim kayna\u011f\u0131 olu\u015fu tart\u0131\u015fmaya a\u00e7\u0131lm\u0131\u015f ve ge\u00e7mi\u015fi y\u00fcceltmeden, bug\u00fcn\u00fc reddetmeden; modernle\u015fme hik\u00e2yesini \u00e7ok sesli, \u00e7o\u011ful ve ele\u015ftirel bir bak\u0131\u015fla yeniden anlatmay\u0131 hedeflemi\u015ftir.<\/p>\n","protected":false},"excerpt":{"rendered":"<p>Bir ulusun modernle\u015fme ser\u00fcveni: umut, \u00e7at\u0131\u015fma ve yeniden do\u011fu\u015f. \u201cModernizmin Yans\u0131malar\u0131\u201d kitap dizisi, T\u00fcrkiye tarihini onar y\u0131ll\u0131k d\u00f6nemler \u00fczerinden tart\u0131\u015fmaya a\u00e7an kapsaml\u0131 bir ara\u015ft\u0131rma serisidir. Her<span class=\"excerpt-hellip\"> [\u2026]<\/span><\/p>\n","protected":false},"featured_media":0,"template":"","meta":{"_monsterinsights_skip_tracking":false,"_monsterinsights_sitenote_active":false,"_monsterinsights_sitenote_note":"","_monsterinsights_sitenote_category":0},"product_brand":[],"product_cat":[12364],"product_tag":[],"class_list":{"0":"post-780035","1":"product","2":"type-product","3":"status-publish","5":"product_cat-genel-konular","6":"pa_cilt-ciltsiz","7":"pa_tur-kitap","8":"pa_yayinevi-efil-yayinevi","9":"pa_yazar-kolektif","11":"first","12":"instock","13":"sale","14":"shipping-taxable","15":"purchasable","16":"product-type-simple"},"_links":{"self":[{"href":"https:\/\/roveyayinevi.com.tr\/index.php\/wp-json\/wp\/v2\/product\/780035","targetHints":{"allow":["GET"]}}],"collection":[{"href":"https:\/\/roveyayinevi.com.tr\/index.php\/wp-json\/wp\/v2\/product"}],"about":[{"href":"https:\/\/roveyayinevi.com.tr\/index.php\/wp-json\/wp\/v2\/types\/product"}],"wp:attachment":[{"href":"https:\/\/roveyayinevi.com.tr\/index.php\/wp-json\/wp\/v2\/media?parent=780035"}],"wp:term":[{"taxonomy":"product_brand","embeddable":true,"href":"https:\/\/roveyayinevi.com.tr\/index.php\/wp-json\/wp\/v2\/product_brand?post=780035"},{"taxonomy":"product_cat","embeddable":true,"href":"https:\/\/roveyayinevi.com.tr\/index.php\/wp-json\/wp\/v2\/product_cat?post=780035"},{"taxonomy":"product_tag","embeddable":true,"href":"https:\/\/roveyayinevi.com.tr\/index.php\/wp-json\/wp\/v2\/product_tag?post=780035"}],"curies":[{"name":"wp","href":"https:\/\/api.w.org\/{rel}","templated":true}]}}