{"id":780024,"date":"2025-12-30T12:22:24","date_gmt":"2025-12-30T09:22:24","guid":{"rendered":"https:\/\/roveyayinevi.com.tr\/index.php\/urun\/kirmizi-isaretlerin-gizemi-renkli-hikayelerle-okuyorum\/"},"modified":"2026-04-15T03:44:42","modified_gmt":"2026-04-15T00:44:42","slug":"kirmizi-isaretlerin-gizemi-renkli-hikayelerle-okuyorum","status":"publish","type":"product","link":"https:\/\/roveyayinevi.com.tr\/index.php\/urun\/kirmizi-isaretlerin-gizemi-renkli-hikayelerle-okuyorum\/","title":{"rendered":"K\u0131rm\u0131z\u0131 \u0130\u015faretlerin Gizemi \u2013 Renkli Hikayelerle Okuyorum"},"content":{"rendered":"<p>Kocaman ormanda, t\u00fcm hayvanlar birlikte ya\u015fard\u0131. Ta ki bir sabah Ulu Me\u015fe\u2019nin g\u00f6vdesinde k\u0131rm\u0131z\u0131 bir i\u015faret belirene kadar&#8230; Kirpiler \u201cSald\u0131r\u0131ya u\u011frad\u0131k!\u201d diye ba\u011f\u0131rd\u0131. A\u011fa\u00e7kakanlar \u201cKim yapt\u0131 bunu?\u201d diye hayk\u0131rd\u0131. K\u00fc\u00e7\u00fck tart\u0131\u015fmalar h\u0131zla b\u00fcy\u00fcd\u00fc. Ama belki de hi\u00e7biri su\u00e7lu de\u011fildi. Art\u0131k kavga etmeyi b\u0131rak\u0131p birlikte \u00e7\u00f6z\u00fcm bulman\u0131n zaman\u0131 gelmi\u015fti. <\/p>\n","protected":false},"excerpt":{"rendered":"<p>Kocaman ormanda, t\u00fcm hayvanlar birlikte ya\u015fard\u0131. Ta ki bir sabah Ulu Me\u015fe\u2019nin g\u00f6vdesinde k\u0131rm\u0131z\u0131 bir i\u015faret belirene kadar&#8230; Kirpiler \u201cSald\u0131r\u0131ya u\u011frad\u0131k!\u201d diye ba\u011f\u0131rd\u0131. A\u011fa\u00e7kakanlar \u201cKim yapt\u0131<span class=\"excerpt-hellip\"> [\u2026]<\/span><\/p>\n","protected":false},"featured_media":0,"template":"","meta":{"_monsterinsights_skip_tracking":false,"_monsterinsights_sitenote_active":false,"_monsterinsights_sitenote_note":"","_monsterinsights_sitenote_category":0},"product_brand":[],"product_cat":[12274,12518],"product_tag":[],"class_list":{"0":"post-780024","1":"product","2":"type-product","3":"status-publish","5":"product_cat-cocuk-ve-genclik-kitaplari","6":"product_cat-okul-oncesi-kitaplar","7":"pa_cilt-ciltsiz","8":"pa_tur-kitap","9":"pa_yayinevi-is-bankasi-kultur-yayinlari","10":"pa_yazar-valentina-pericci","12":"first","13":"instock","14":"sale","15":"shipping-taxable","16":"purchasable","17":"product-type-simple"},"_links":{"self":[{"href":"https:\/\/roveyayinevi.com.tr\/index.php\/wp-json\/wp\/v2\/product\/780024","targetHints":{"allow":["GET"]}}],"collection":[{"href":"https:\/\/roveyayinevi.com.tr\/index.php\/wp-json\/wp\/v2\/product"}],"about":[{"href":"https:\/\/roveyayinevi.com.tr\/index.php\/wp-json\/wp\/v2\/types\/product"}],"wp:attachment":[{"href":"https:\/\/roveyayinevi.com.tr\/index.php\/wp-json\/wp\/v2\/media?parent=780024"}],"wp:term":[{"taxonomy":"product_brand","embeddable":true,"href":"https:\/\/roveyayinevi.com.tr\/index.php\/wp-json\/wp\/v2\/product_brand?post=780024"},{"taxonomy":"product_cat","embeddable":true,"href":"https:\/\/roveyayinevi.com.tr\/index.php\/wp-json\/wp\/v2\/product_cat?post=780024"},{"taxonomy":"product_tag","embeddable":true,"href":"https:\/\/roveyayinevi.com.tr\/index.php\/wp-json\/wp\/v2\/product_tag?post=780024"}],"curies":[{"name":"wp","href":"https:\/\/api.w.org\/{rel}","templated":true}]}}