{"id":780021,"date":"2025-12-30T12:22:15","date_gmt":"2025-12-30T09:22:15","guid":{"rendered":"https:\/\/roveyayinevi.com.tr\/index.php\/urun\/ilkler-ve-sonlar-mevsimler-degisirken\/"},"modified":"2026-04-15T03:44:42","modified_gmt":"2026-04-15T00:44:42","slug":"ilkler-ve-sonlar-mevsimler-degisirken","status":"publish","type":"product","link":"https:\/\/roveyayinevi.com.tr\/index.php\/urun\/ilkler-ve-sonlar-mevsimler-degisirken\/","title":{"rendered":"\u0130lkler ve Sonlar \u2013 Mevsimler De\u011fi\u015firken"},"content":{"rendered":"<p>Bahar\u0131n geldi\u011fini nereden anlar\u0131z? Peki ya k\u0131\u015fa ne zaman veda ederiz? Parkta piknik yaparken veya yaz\u0131n taze s\u0131k\u0131lm\u0131\u015f limonlarla yap\u0131lan limonatay\u0131 i\u00e7erken hem yeni hem tan\u0131d\u0131k \u015feylere merhaba deriz ve bir mevsimden di\u011ferine ge\u00e7menin sevincini ya\u015far\u0131z. Fakat bir yandan, baz\u0131 \u015feyleri son defa yapman\u0131n buruk hissi de e\u015flik eder bize. Mesela alt\u0131n sar\u0131s\u0131 bir sonbahar g\u00fcn\u00fcnde son defa \u00e7imleri bi\u00e7eriz, k\u0131\u015f\u0131n ilk haftalar\u0131nda g\u00fcneye do\u011fru u\u00e7an son kazlar\u0131 seyrederiz. Mevsim de\u011fi\u015fikliklerini nas\u0131l kutlarsan\u0131z kutlay\u0131n, her y\u0131l bir mucize gibi gelir!<\/p>\n","protected":false},"excerpt":{"rendered":"<p>Bahar\u0131n geldi\u011fini nereden anlar\u0131z? Peki ya k\u0131\u015fa ne zaman veda ederiz? Parkta piknik yaparken veya yaz\u0131n taze s\u0131k\u0131lm\u0131\u015f limonlarla yap\u0131lan limonatay\u0131 i\u00e7erken hem yeni hem tan\u0131d\u0131k<span class=\"excerpt-hellip\"> [\u2026]<\/span><\/p>\n","protected":false},"featured_media":0,"template":"","meta":{"_monsterinsights_skip_tracking":false,"_monsterinsights_sitenote_active":false,"_monsterinsights_sitenote_note":"","_monsterinsights_sitenote_category":0},"product_brand":[],"product_cat":[12274,12518],"product_tag":[],"class_list":{"0":"post-780021","1":"product","2":"type-product","3":"status-publish","5":"product_cat-cocuk-ve-genclik-kitaplari","6":"product_cat-okul-oncesi-kitaplar","7":"pa_cilt-ciltsiz","8":"pa_tur-kitap","9":"pa_yayinevi-is-bankasi-kultur-yayinlari","10":"pa_yazar-leda-schubert","12":"first","13":"instock","14":"sale","15":"shipping-taxable","16":"purchasable","17":"product-type-simple"},"_links":{"self":[{"href":"https:\/\/roveyayinevi.com.tr\/index.php\/wp-json\/wp\/v2\/product\/780021","targetHints":{"allow":["GET"]}}],"collection":[{"href":"https:\/\/roveyayinevi.com.tr\/index.php\/wp-json\/wp\/v2\/product"}],"about":[{"href":"https:\/\/roveyayinevi.com.tr\/index.php\/wp-json\/wp\/v2\/types\/product"}],"wp:attachment":[{"href":"https:\/\/roveyayinevi.com.tr\/index.php\/wp-json\/wp\/v2\/media?parent=780021"}],"wp:term":[{"taxonomy":"product_brand","embeddable":true,"href":"https:\/\/roveyayinevi.com.tr\/index.php\/wp-json\/wp\/v2\/product_brand?post=780021"},{"taxonomy":"product_cat","embeddable":true,"href":"https:\/\/roveyayinevi.com.tr\/index.php\/wp-json\/wp\/v2\/product_cat?post=780021"},{"taxonomy":"product_tag","embeddable":true,"href":"https:\/\/roveyayinevi.com.tr\/index.php\/wp-json\/wp\/v2\/product_tag?post=780021"}],"curies":[{"name":"wp","href":"https:\/\/api.w.org\/{rel}","templated":true}]}}