{"id":780016,"date":"2025-12-30T12:21:59","date_gmt":"2025-12-30T09:21:59","guid":{"rendered":"https:\/\/roveyayinevi.com.tr\/index.php\/urun\/firfir-fare-ile-ilk-100-sozcugum-ciltli\/"},"modified":"2026-04-15T03:44:42","modified_gmt":"2026-04-15T00:44:42","slug":"firfir-fare-ile-ilk-100-sozcugum-ciltli","status":"publish","type":"product","link":"https:\/\/roveyayinevi.com.tr\/index.php\/urun\/firfir-fare-ile-ilk-100-sozcugum-ciltli\/","title":{"rendered":"F\u0131rf\u0131r Fare ile \u0130lk 100 S\u00f6zc\u00fc\u011f\u00fcm (Ciltli)"},"content":{"rendered":"<p>F\u0131rf\u0131r Fare\u2019nin hafta boyunca ne yapt\u0131\u011f\u0131n\u0131 merak ediyor musun? Pazartesi banyo g\u00fcn\u00fc. Sal\u0131 g\u00fcn\u00fc al\u0131\u015fveri\u015fe gidiyor. Bakal\u0131m Pazar g\u00fcn\u00fc ne yapacak? F\u0131rf\u0131r Fare ile bir hafta ge\u00e7irirken 100 s\u00f6zc\u00fck \u00f6\u011frenmek ister misin? <\/p>\n","protected":false},"excerpt":{"rendered":"<p>F\u0131rf\u0131r Fare\u2019nin hafta boyunca ne yapt\u0131\u011f\u0131n\u0131 merak ediyor musun? Pazartesi banyo g\u00fcn\u00fc. Sal\u0131 g\u00fcn\u00fc al\u0131\u015fveri\u015fe gidiyor. Bakal\u0131m Pazar g\u00fcn\u00fc ne yapacak? F\u0131rf\u0131r Fare ile bir hafta<span class=\"excerpt-hellip\"> [\u2026]<\/span><\/p>\n","protected":false},"featured_media":0,"template":"","meta":{"_monsterinsights_skip_tracking":false,"_monsterinsights_sitenote_active":false,"_monsterinsights_sitenote_note":"","_monsterinsights_sitenote_category":0},"product_brand":[],"product_cat":[12274,12518],"product_tag":[],"class_list":{"0":"post-780016","1":"product","2":"type-product","3":"status-publish","5":"product_cat-cocuk-ve-genclik-kitaplari","6":"product_cat-okul-oncesi-kitaplar","7":"pa_cilt-ciltli","8":"pa_tur-kitap","9":"pa_yayinevi-is-bankasi-kultur-yayinlari","10":"pa_yazar-martina-badstuber","12":"first","13":"instock","14":"sale","15":"shipping-taxable","16":"purchasable","17":"product-type-simple"},"_links":{"self":[{"href":"https:\/\/roveyayinevi.com.tr\/index.php\/wp-json\/wp\/v2\/product\/780016","targetHints":{"allow":["GET"]}}],"collection":[{"href":"https:\/\/roveyayinevi.com.tr\/index.php\/wp-json\/wp\/v2\/product"}],"about":[{"href":"https:\/\/roveyayinevi.com.tr\/index.php\/wp-json\/wp\/v2\/types\/product"}],"wp:attachment":[{"href":"https:\/\/roveyayinevi.com.tr\/index.php\/wp-json\/wp\/v2\/media?parent=780016"}],"wp:term":[{"taxonomy":"product_brand","embeddable":true,"href":"https:\/\/roveyayinevi.com.tr\/index.php\/wp-json\/wp\/v2\/product_brand?post=780016"},{"taxonomy":"product_cat","embeddable":true,"href":"https:\/\/roveyayinevi.com.tr\/index.php\/wp-json\/wp\/v2\/product_cat?post=780016"},{"taxonomy":"product_tag","embeddable":true,"href":"https:\/\/roveyayinevi.com.tr\/index.php\/wp-json\/wp\/v2\/product_tag?post=780016"}],"curies":[{"name":"wp","href":"https:\/\/api.w.org\/{rel}","templated":true}]}}