{"id":780009,"date":"2025-12-30T12:21:21","date_gmt":"2025-12-30T09:21:21","guid":{"rendered":"https:\/\/roveyayinevi.com.tr\/index.php\/urun\/elektrikli-dusler-ajandasi-2026-ciltli\/"},"modified":"2026-04-15T03:44:42","modified_gmt":"2026-04-15T00:44:42","slug":"elektrikli-dusler-ajandasi-2026-ciltli","status":"publish","type":"product","link":"https:\/\/roveyayinevi.com.tr\/index.php\/urun\/elektrikli-dusler-ajandasi-2026-ciltli\/","title":{"rendered":"Elektrikli D\u00fc\u015fler Ajandas\u0131 2026 (Ciltli)"},"content":{"rendered":"<p>Ger\u00e7eklik, siz ona inanmaktan vazge\u00e7ti\u011finizde de ortadan kaybolmayan \u015feydir.\u201d-Philip K. DickBaz\u0131lar\u0131 onu \u201cAmerika\u2019n\u0131n yerli Borges\u2019i\u201d olarak tan\u0131mlad\u0131, baz\u0131lar\u0131 ise \u201cger\u00e7ekli\u011fin en b\u00fcy\u00fck manip\u00fclat\u00f6r\u00fc\u201d. Ancak herkesin \u00fczerinde uzla\u015ft\u0131\u011f\u0131 bir ger\u00e7ek var: Philip K. Dick, 21. y\u00fczy\u0131l\u0131 bizden \u00f6nce ya\u015fayan bir k\u00e2hindi.\u0130thaki Yay\u0131nlar\u0131, 2026 y\u0131l\u0131nda sizi \u201cElektrikli D\u00fc\u015fler\u201d g\u00f6rmeye davet ediyor.\u00dcstelik Ursula K. Le Guin\u2019den William Gibson\u2019a, Stanislaw Lem\u2019den Jean Baudrillard\u2019a, Robert Silverberg\u2019den Kim Stanley Robinson\u2019a kadar edebiyat ve d\u00fc\u015f\u00fcnce d\u00fcnyas\u0131n\u0131n dev isimleri de bu yolculukta bizlere rehberlik ediyor.Sim\u00fclasyonun par\u00e7aland\u0131\u011f\u0131, kimli\u011fin sorguland\u0131\u011f\u0131 ve ger\u00e7ekli\u011fin b\u00fck\u00fcld\u00fc\u011f\u00fc bir y\u0131la haz\u0131r m\u0131s\u0131n\u0131z?<\/p>\n","protected":false},"excerpt":{"rendered":"<p>Ger\u00e7eklik, siz ona inanmaktan vazge\u00e7ti\u011finizde de ortadan kaybolmayan \u015feydir.\u201d-Philip K. DickBaz\u0131lar\u0131 onu \u201cAmerika\u2019n\u0131n yerli Borges\u2019i\u201d olarak tan\u0131mlad\u0131, baz\u0131lar\u0131 ise \u201cger\u00e7ekli\u011fin en b\u00fcy\u00fck manip\u00fclat\u00f6r\u00fc\u201d. Ancak herkesin \u00fczerinde<span class=\"excerpt-hellip\"> [\u2026]<\/span><\/p>\n","protected":false},"featured_media":0,"template":"","meta":{"_monsterinsights_skip_tracking":false,"_monsterinsights_sitenote_active":false,"_monsterinsights_sitenote_note":"","_monsterinsights_sitenote_category":0},"product_brand":[],"product_cat":[28265,15563],"product_tag":[],"class_list":{"0":"post-780009","1":"product","2":"type-product","3":"status-publish","5":"product_cat-diger-hobi","6":"product_cat-hobi","7":"pa_cilt-ciltli","8":"pa_tur-kitap","9":"pa_yayinevi-ithaki-yayinlari","10":"pa_yazar-kolektif","12":"first","13":"instock","14":"sale","15":"shipping-taxable","16":"purchasable","17":"product-type-simple"},"_links":{"self":[{"href":"https:\/\/roveyayinevi.com.tr\/index.php\/wp-json\/wp\/v2\/product\/780009","targetHints":{"allow":["GET"]}}],"collection":[{"href":"https:\/\/roveyayinevi.com.tr\/index.php\/wp-json\/wp\/v2\/product"}],"about":[{"href":"https:\/\/roveyayinevi.com.tr\/index.php\/wp-json\/wp\/v2\/types\/product"}],"wp:attachment":[{"href":"https:\/\/roveyayinevi.com.tr\/index.php\/wp-json\/wp\/v2\/media?parent=780009"}],"wp:term":[{"taxonomy":"product_brand","embeddable":true,"href":"https:\/\/roveyayinevi.com.tr\/index.php\/wp-json\/wp\/v2\/product_brand?post=780009"},{"taxonomy":"product_cat","embeddable":true,"href":"https:\/\/roveyayinevi.com.tr\/index.php\/wp-json\/wp\/v2\/product_cat?post=780009"},{"taxonomy":"product_tag","embeddable":true,"href":"https:\/\/roveyayinevi.com.tr\/index.php\/wp-json\/wp\/v2\/product_tag?post=780009"}],"curies":[{"name":"wp","href":"https:\/\/api.w.org\/{rel}","templated":true}]}}