{"id":780000,"date":"2025-12-30T12:20:48","date_gmt":"2025-12-30T09:20:48","guid":{"rendered":"https:\/\/roveyayinevi.com.tr\/index.php\/urun\/candan-cana\/"},"modified":"2026-04-15T03:44:42","modified_gmt":"2026-04-15T00:44:42","slug":"candan-cana","status":"publish","type":"product","link":"https:\/\/roveyayinevi.com.tr\/index.php\/urun\/candan-cana\/","title":{"rendered":"Can\u2019dan Can\u2019a"},"content":{"rendered":"<p>\u201cCan Alkor\u2019un \u015fiirleri, ba\u015fka bir y\u00f6nden \u00f6nemli. Bu \u00f6nem, denebilirse \u015fiirlerin \u2018gecikmi\u015fli\u011finden\u2019 geliyor\u2026 Alkor\u2019un iyi bir ozan oldu\u011funa inan\u0131yorum. Yeter ki \u015fiirinin do\u011fum tarihini kendi do\u011fum tarihine uyarlas\u0131n.\u201d\u2013Turgut Uyar\u201cBir bi\u00e7im ustas\u0131d\u0131r [Alkor]. Bazen \u00f6l\u00e7\u00fcl\u00fc-bi\u00e7ili, uyakl\u0131 dizelerle kurar yap\u0131y\u0131; bazen de serbest ko\u015fu\u011fun uzun dizeleriyle.\u201d\u2013Ahmet Ada\u201c[K]ar\u015f\u0131la\u015ft\u0131\u011f\u0131m\u0131zda as\u0131l dikkatimi \u00e7eken, onun \u015fiirin ve m\u00fczi\u011fin kimi adlar\u0131na kar\u015f\u0131 duydu\u011fu ve benim de payla\u015ft\u0131\u011f\u0131m b\u00fcy\u00fck hayranl\u0131kt\u0131.\u201d\u2013Ahmet Soysal\u201cBeraberli\u011fimizin ilk y\u0131llar\u0131nda, Fransa\u2019da yapt\u0131\u011f\u0131m\u0131z bir otostop gezisinde, Can\u2019\u0131n \u00e7antas\u0131 kendisine gerekli olabilecek g\u00fcnl\u00fck e\u015fyalar yerine\u2026 kiloluk Larousse, Rimbaud, Val\u00e9ry ve Mallarm\u00e9\u2019lerle doluydu.\u201d\u2013Bilge Alkor<\/p>\n","protected":false},"excerpt":{"rendered":"<p>\u201cCan Alkor\u2019un \u015fiirleri, ba\u015fka bir y\u00f6nden \u00f6nemli. Bu \u00f6nem, denebilirse \u015fiirlerin \u2018gecikmi\u015fli\u011finden\u2019 geliyor\u2026 Alkor\u2019un iyi bir ozan oldu\u011funa inan\u0131yorum. Yeter ki \u015fiirinin do\u011fum tarihini kendi do\u011fum<span class=\"excerpt-hellip\"> [\u2026]<\/span><\/p>\n","protected":false},"featured_media":0,"template":"","meta":{"_monsterinsights_skip_tracking":false,"_monsterinsights_sitenote_active":false,"_monsterinsights_sitenote_note":"","_monsterinsights_sitenote_category":0},"product_brand":[],"product_cat":[12291,12509],"product_tag":[],"class_list":{"0":"post-780000","1":"product","2":"type-product","3":"status-publish","5":"product_cat-edebiyat","6":"product_cat-siir","7":"pa_cilt-ciltsiz","8":"pa_tur-kitap","9":"pa_yayinevi-alfa-yayinlari","10":"pa_yazar-bilge-alkor","12":"first","13":"instock","14":"sale","15":"shipping-taxable","16":"purchasable","17":"product-type-simple"},"_links":{"self":[{"href":"https:\/\/roveyayinevi.com.tr\/index.php\/wp-json\/wp\/v2\/product\/780000","targetHints":{"allow":["GET"]}}],"collection":[{"href":"https:\/\/roveyayinevi.com.tr\/index.php\/wp-json\/wp\/v2\/product"}],"about":[{"href":"https:\/\/roveyayinevi.com.tr\/index.php\/wp-json\/wp\/v2\/types\/product"}],"wp:attachment":[{"href":"https:\/\/roveyayinevi.com.tr\/index.php\/wp-json\/wp\/v2\/media?parent=780000"}],"wp:term":[{"taxonomy":"product_brand","embeddable":true,"href":"https:\/\/roveyayinevi.com.tr\/index.php\/wp-json\/wp\/v2\/product_brand?post=780000"},{"taxonomy":"product_cat","embeddable":true,"href":"https:\/\/roveyayinevi.com.tr\/index.php\/wp-json\/wp\/v2\/product_cat?post=780000"},{"taxonomy":"product_tag","embeddable":true,"href":"https:\/\/roveyayinevi.com.tr\/index.php\/wp-json\/wp\/v2\/product_tag?post=780000"}],"curies":[{"name":"wp","href":"https:\/\/api.w.org\/{rel}","templated":true}]}}