{"id":779968,"date":"2025-12-30T12:19:04","date_gmt":"2025-12-30T09:19:04","guid":{"rendered":"https:\/\/roveyayinevi.com.tr\/index.php\/urun\/genc-timas-hayal-defteri-fleksi-cilt\/"},"modified":"2026-04-15T03:44:41","modified_gmt":"2026-04-15T00:44:41","slug":"genc-timas-hayal-defteri-fleksi-cilt","status":"publish","type":"product","link":"https:\/\/roveyayinevi.com.tr\/index.php\/urun\/genc-timas-hayal-defteri-fleksi-cilt\/","title":{"rendered":"Gen\u00e7 Tima\u015f Hayal Defteri (Fleksi Cilt)"},"content":{"rendered":"<p>Gen\u00e7 Tima\u015f Hayal Defteri, gen\u00e7 okurlar\u0131n y\u0131l boyunca hem plan yapabilece\u011fi hem de kendini ke\u015ffedebilece\u011fi ilham dolu bir yol arkada\u015f\u0131.\u201cBen Kimim?\u201d, \u201cHedeflerim\u201d ve \u201cHayallerim\u201d sayfalar\u0131ndan ba\u015flayan bu yolculuk; al\u0131nt\u0131lar ve ayl\u0131k \u00f6zetlerle dolu bir ke\u015ffe d\u00f6n\u00fc\u015f\u00fcyor. Takvimler ve \u00f6zel g\u00fcnler sayfalar\u0131 d\u00fczenli bir y\u0131l i\u00e7in rehber olurken; Okuma Listem, Kitap Okuma Meydan Okumas\u0131 ve Kitap Kul\u00fcb\u00fcm b\u00f6l\u00fcmleri her sayfay\u0131 ki\u015fisel bir okuma ser\u00fcvenine \u00e7eviriyor.<\/p>\n","protected":false},"excerpt":{"rendered":"<p>Gen\u00e7 Tima\u015f Hayal Defteri, gen\u00e7 okurlar\u0131n y\u0131l boyunca hem plan yapabilece\u011fi hem de kendini ke\u015ffedebilece\u011fi ilham dolu bir yol arkada\u015f\u0131.\u201cBen Kimim?\u201d, \u201cHedeflerim\u201d ve \u201cHayallerim\u201d sayfalar\u0131ndan ba\u015flayan<span class=\"excerpt-hellip\"> [\u2026]<\/span><\/p>\n","protected":false},"featured_media":0,"template":"","meta":{"_monsterinsights_skip_tracking":false,"_monsterinsights_sitenote_active":false,"_monsterinsights_sitenote_note":"","_monsterinsights_sitenote_category":0},"product_brand":[],"product_cat":[28265,15563],"product_tag":[],"class_list":{"0":"post-779968","1":"product","2":"type-product","3":"status-publish","5":"product_cat-diger-hobi","6":"product_cat-hobi","7":"pa_cilt-ciltsiz","8":"pa_tur-kitap","9":"pa_yayinevi-genc-timas","10":"pa_yazar-kolektif","12":"first","13":"instock","14":"sale","15":"shipping-taxable","16":"purchasable","17":"product-type-simple"},"_links":{"self":[{"href":"https:\/\/roveyayinevi.com.tr\/index.php\/wp-json\/wp\/v2\/product\/779968","targetHints":{"allow":["GET"]}}],"collection":[{"href":"https:\/\/roveyayinevi.com.tr\/index.php\/wp-json\/wp\/v2\/product"}],"about":[{"href":"https:\/\/roveyayinevi.com.tr\/index.php\/wp-json\/wp\/v2\/types\/product"}],"wp:attachment":[{"href":"https:\/\/roveyayinevi.com.tr\/index.php\/wp-json\/wp\/v2\/media?parent=779968"}],"wp:term":[{"taxonomy":"product_brand","embeddable":true,"href":"https:\/\/roveyayinevi.com.tr\/index.php\/wp-json\/wp\/v2\/product_brand?post=779968"},{"taxonomy":"product_cat","embeddable":true,"href":"https:\/\/roveyayinevi.com.tr\/index.php\/wp-json\/wp\/v2\/product_cat?post=779968"},{"taxonomy":"product_tag","embeddable":true,"href":"https:\/\/roveyayinevi.com.tr\/index.php\/wp-json\/wp\/v2\/product_tag?post=779968"}],"curies":[{"name":"wp","href":"https:\/\/api.w.org\/{rel}","templated":true}]}}