{"id":779961,"date":"2025-12-30T12:18:42","date_gmt":"2025-12-30T09:18:42","guid":{"rendered":"https:\/\/roveyayinevi.com.tr\/index.php\/urun\/ariflerin-satranci\/"},"modified":"2026-04-15T03:44:41","modified_gmt":"2026-04-15T00:44:41","slug":"ariflerin-satranci","status":"publish","type":"product","link":"https:\/\/roveyayinevi.com.tr\/index.php\/urun\/ariflerin-satranci\/","title":{"rendered":"Ariflerin Satranc\u0131"},"content":{"rendered":"<p>\u00c2riflerin Satranc\u0131, insanlar\u0131n \u015fans ilkesinden hareketle keyif, e\u011flence ya da haks\u0131z kazan\u00e7 u\u011fruna oynad\u0131klar\u0131 hi\u00e7bir oyuna benzemez. Bu t\u00fcr oyunlarda insan\u0131n kar\u015f\u0131s\u0131nda genellikle bir rakip \u00f6zne bulunur, oysa \u00c2riflerin Satranc\u0131\u2019nda insan\u0131n rakibi yine kendisidir. Ayr\u0131ca bu levha ve \u00fczerine yaz\u0131lan \u015ferhler, d\u00f6ng\u00fcsel bir zorunluluktan bahsettikleri i\u00e7in, burada mutlak anlamda bir \u201cgalibiyet\u201d ya da \u201cma\u011flubiyet\u201d bulunmaz, yani oyunun son buldu\u011fu bir a\u015fama yoktur.Bu eserin bize anlatt\u0131\u011f\u0131 ana fikir, insan\u0131n Hz. Peygamber\u2019e (sav) ve g\u00fczel ahlaka tabi oldu\u011fu s\u00fcrece \u201cy\u00fckselece\u011fi\u201d ve nihayetinde Cen\u00e2b-\u0131 Hakk\u2019\u0131n inayet ve ihsan\u0131yla vuslata erece\u011fi; buna mukabil beden\u00ee arzu ve isteklerine ve \u015feytan\u0131n vesveselerine uyup k\u00f6t\u00fcl\u00fck i\u015fledi\u011fi takdirde hangi manevi makam veya menzilde bulunursa bulunsun \u201cd\u00fc\u015f\u00fcp kaybedece\u011fi\u201d d\u00fc\u015f\u00fcncesidir.Tasavvuf klasikleri serimize dahil etti\u011fimiz bu k\u0131ymetli metin, Do\u00e7. Dr. Hac\u0131 Bayram Ba\u015fer\u2019in titiz \u00e7al\u0131\u015fmas\u0131yla yay\u0131na haz\u0131rlad\u0131.<\/p>\n","protected":false},"excerpt":{"rendered":"<p>\u00c2riflerin Satranc\u0131, insanlar\u0131n \u015fans ilkesinden hareketle keyif, e\u011flence ya da haks\u0131z kazan\u00e7 u\u011fruna oynad\u0131klar\u0131 hi\u00e7bir oyuna benzemez. Bu t\u00fcr oyunlarda insan\u0131n kar\u015f\u0131s\u0131nda genellikle bir rakip \u00f6zne<span class=\"excerpt-hellip\"> [\u2026]<\/span><\/p>\n","protected":false},"featured_media":0,"template":"","meta":{"_monsterinsights_skip_tracking":false,"_monsterinsights_sitenote_active":false,"_monsterinsights_sitenote_note":"","_monsterinsights_sitenote_category":0},"product_brand":[],"product_cat":[12718,12719,15238],"product_tag":[],"class_list":{"0":"post-779961","1":"product","2":"type-product","3":"status-publish","5":"product_cat-din","6":"product_cat-islam","7":"product_cat-tasavvuf","8":"pa_cilt-ciltsiz","9":"pa_tur-kitap","10":"pa_yayinevi-sufi-kitap","11":"pa_yazar-muhammed-bin-el-hasimi","13":"first","14":"instock","15":"sale","16":"shipping-taxable","17":"purchasable","18":"product-type-simple"},"_links":{"self":[{"href":"https:\/\/roveyayinevi.com.tr\/index.php\/wp-json\/wp\/v2\/product\/779961","targetHints":{"allow":["GET"]}}],"collection":[{"href":"https:\/\/roveyayinevi.com.tr\/index.php\/wp-json\/wp\/v2\/product"}],"about":[{"href":"https:\/\/roveyayinevi.com.tr\/index.php\/wp-json\/wp\/v2\/types\/product"}],"wp:attachment":[{"href":"https:\/\/roveyayinevi.com.tr\/index.php\/wp-json\/wp\/v2\/media?parent=779961"}],"wp:term":[{"taxonomy":"product_brand","embeddable":true,"href":"https:\/\/roveyayinevi.com.tr\/index.php\/wp-json\/wp\/v2\/product_brand?post=779961"},{"taxonomy":"product_cat","embeddable":true,"href":"https:\/\/roveyayinevi.com.tr\/index.php\/wp-json\/wp\/v2\/product_cat?post=779961"},{"taxonomy":"product_tag","embeddable":true,"href":"https:\/\/roveyayinevi.com.tr\/index.php\/wp-json\/wp\/v2\/product_tag?post=779961"}],"curies":[{"name":"wp","href":"https:\/\/api.w.org\/{rel}","templated":true}]}}