{"id":779958,"date":"2025-12-30T12:18:33","date_gmt":"2025-12-30T09:18:33","guid":{"rendered":"https:\/\/roveyayinevi.com.tr\/index.php\/urun\/hukum-ve-adalet-yollari\/"},"modified":"2026-04-15T03:44:41","modified_gmt":"2026-04-15T00:44:41","slug":"hukum-ve-adalet-yollari","status":"publish","type":"product","link":"https:\/\/roveyayinevi.com.tr\/index.php\/urun\/hukum-ve-adalet-yollari\/","title":{"rendered":"H\u00fck\u00fcm ve Adalet Yollar\u0131"},"content":{"rendered":"<p>\u0130bn Kayyim el-Cevziyye\u2019nin ya\u015fad\u0131\u011f\u0131 y\u0131llar, Mo\u011fol sald\u0131r\u0131lar\u0131 ve Ha\u00e7l\u0131 seferleri sebebiyle \u0130slam d\u00fcnyas\u0131nda istikrars\u0131zl\u0131\u011f\u0131n h\u00e2kim oldu\u011fu ve i\u00e7 sava\u015flar\u0131n g\u00f6r\u00fcld\u00fc\u011f\u00fc bir bunal\u0131m d\u00f6nemine denk gelmi\u015ftir. \u0130bn Kayyim fikren kendisinden ciddi manada etkilendi\u011fi hocas\u0131 \u0130bn Teymiyye gibi \u0130slam\u00ee ilimlerde ve ya\u015fant\u0131da bir bozulma oldu\u011fu g\u00f6r\u00fc\u015f\u00fcnden hareketle, \u0130slam\u2019\u0131n ilk nesilleri olan selefin din anlay\u0131\u015f\u0131 ekseninde bir \u0131slah\u0131n gerekli oldu\u011fu d\u00fc\u015f\u00fcncesini savunmu\u015ftur. Ona g\u00f6re taklid ve taassuba dayal\u0131 din\u00ee ya\u015fant\u0131n\u0131n yayg\u0131n zemin bulmas\u0131, insanlar\u0131 \u00e7o\u011fu zaman dinin \u00f6z\u00fcn\u00fc g\u00f6z ard\u0131 ederek \u201ck\u00e2\u011f\u0131t \u00fczerinde me\u015fruiyet\u201d anlay\u0131\u015f\u0131na, yani hileli yollara sevk etmektedir. Oysa \u0130bn Kayyim me\u015fruiyeti sadece surete indirgeyen f\u0131k\u0131h anlay\u0131\u015f\u0131n\u0131n terk edilerek hakiki me\u015fruiyetin pe\u015finde bir anlay\u0131\u015f\u0131n ikame edilmesi gerekti\u011fi d\u00fc\u015f\u00fcncesindedir. Bu nedenle dikkatini maksada ve hikmete y\u00f6neltir. Yazd\u0131\u011f\u0131 b\u00fct\u00fcn eserlerde de bu nokta \u00fczerinde durur. \u0130bn Kayyim\u2019in, et-Turuku\u2019l-h\u00fckmiyye isimli bu eseri yarg\u0131 alan\u0131nda yaz\u0131lan di\u011fer eserlere g\u00f6re i\u00e7erik, \u00fcslup ve tercihleri y\u00f6n\u00fcnden farkl\u0131l\u0131klar g\u00f6sterir. Ana temas\u0131 yarg\u0131 hukukundaki ispat vas\u0131talar\u0131 olan eserinde \u0130bn Kayyim farkl\u0131 konulara da el atarak h\u00e2kimin \u015fahsiyetinde bulunmas\u0131 gereken ahlak\u00ee meziyetler ve zihn\u00ee donan\u0131mlar \u00fczerinde hassasiyetle durur. Bu \u00e7er\u00e7evede \u00f6zellikle feraset, delilleri dikkatle dinleme, derin kavray\u0131\u015f ve sezgi g\u00fcc\u00fc ile insanlar\u0131n durumlar\u0131na v\u00e2k\u0131f olmak gibi nitelikleri h\u00e2kimin ta\u015f\u0131mas\u0131 gereken vazge\u00e7ilmez \u015fartlar aras\u0131nda zikreder. Bug\u00fcn\u00fcn okuruna Soner Duman\u2019\u0131n \u00e7evirisi ve notland\u0131rmalar\u0131yla birlikte H\u00fck\u00fcm ve Adalet Yollar\u0131 ba\u015fl\u0131\u011f\u0131yla sundu\u011fumuz bu eser, bir bak\u0131ma \u015fer\u2018\u00ee siyasetin ama\u00e7 merkezli metodolojisi olarak okunabilir.<\/p>\n","protected":false},"excerpt":{"rendered":"<p>\u0130bn Kayyim el-Cevziyye\u2019nin ya\u015fad\u0131\u011f\u0131 y\u0131llar, Mo\u011fol sald\u0131r\u0131lar\u0131 ve Ha\u00e7l\u0131 seferleri sebebiyle \u0130slam d\u00fcnyas\u0131nda istikrars\u0131zl\u0131\u011f\u0131n h\u00e2kim oldu\u011fu ve i\u00e7 sava\u015flar\u0131n g\u00f6r\u00fcld\u00fc\u011f\u00fc bir bunal\u0131m d\u00f6nemine denk gelmi\u015ftir. \u0130bn<span class=\"excerpt-hellip\"> [\u2026]<\/span><\/p>\n","protected":false},"featured_media":0,"template":"","meta":{"_monsterinsights_skip_tracking":false,"_monsterinsights_sitenote_active":false,"_monsterinsights_sitenote_note":"","_monsterinsights_sitenote_category":0},"product_brand":[],"product_cat":[12388],"product_tag":[],"class_list":{"0":"post-779958","1":"product","2":"type-product","3":"status-publish","5":"product_cat-felsefe","6":"pa_cilt-ciltsiz","7":"pa_tur-kitap","8":"pa_yayinevi-timas-akademi-yayinlari","9":"pa_yazar-ibn-kayyim-el-cevziyye","11":"first","12":"instock","13":"sale","14":"shipping-taxable","15":"purchasable","16":"product-type-simple"},"_links":{"self":[{"href":"https:\/\/roveyayinevi.com.tr\/index.php\/wp-json\/wp\/v2\/product\/779958","targetHints":{"allow":["GET"]}}],"collection":[{"href":"https:\/\/roveyayinevi.com.tr\/index.php\/wp-json\/wp\/v2\/product"}],"about":[{"href":"https:\/\/roveyayinevi.com.tr\/index.php\/wp-json\/wp\/v2\/types\/product"}],"wp:attachment":[{"href":"https:\/\/roveyayinevi.com.tr\/index.php\/wp-json\/wp\/v2\/media?parent=779958"}],"wp:term":[{"taxonomy":"product_brand","embeddable":true,"href":"https:\/\/roveyayinevi.com.tr\/index.php\/wp-json\/wp\/v2\/product_brand?post=779958"},{"taxonomy":"product_cat","embeddable":true,"href":"https:\/\/roveyayinevi.com.tr\/index.php\/wp-json\/wp\/v2\/product_cat?post=779958"},{"taxonomy":"product_tag","embeddable":true,"href":"https:\/\/roveyayinevi.com.tr\/index.php\/wp-json\/wp\/v2\/product_tag?post=779958"}],"curies":[{"name":"wp","href":"https:\/\/api.w.org\/{rel}","templated":true}]}}