{"id":779934,"date":"2025-12-30T12:17:17","date_gmt":"2025-12-30T09:17:17","guid":{"rendered":"https:\/\/roveyayinevi.com.tr\/index.php\/urun\/felsefe-ve-reel-politika\/"},"modified":"2026-04-15T03:44:40","modified_gmt":"2026-04-15T00:44:40","slug":"felsefe-ve-reel-politika","status":"publish","type":"product","link":"https:\/\/roveyayinevi.com.tr\/index.php\/urun\/felsefe-ve-reel-politika\/","title":{"rendered":"Felsefe ve Reel Politika"},"content":{"rendered":"<p>Raymond Geuss, siyaset felsefesi alan\u0131ndaki bu \u00e7\u0131\u011f\u0131r a\u00e7\u0131c\u0131 \u00e7al\u0131\u015fmas\u0131nda, Bat\u0131&#8217;y\u0131 uzun y\u0131llard\u0131r etkisi alt\u0131nda tutan Kant\u00e7\u0131 gelene\u011fe ve politikan\u0131n &#8220;uygulamal\u0131 etik&#8221; oldu\u011fu y\u00f6n\u00fcndeki genel kan\u0131ya kar\u015f\u0131 g\u00fc\u00e7l\u00fc bir polemik y\u00fcr\u00fct\u00fcyor.Felsefe ve Reel Politika&#8217;da Geuss, siyaset felsefesinin toplumun ideal formlar\u0131n\u0131, davran\u0131\u015f, arzu ve de\u011fer sistematiklerini tan\u0131mlamaktan ziyade toplumsal, ekonomik, politik kurumlar\u0131n belirli bir zaman dilimi i\u00e7erisinde fiilen nas\u0131l i\u015fledi\u011finin ve bu mevcut ko\u015fullarda insanlar\u0131 neyin eyleme y\u00f6neltti\u011finin analizini \u00f6ncelemesi gerekti\u011fini belirtiyor.Geuss&#8217;a g\u00f6re &#8220;etik&#8221; m\u00fcnferit bir konu ba\u015fl\u0131\u011f\u0131 de\u011fil; tarih, sosyoloji, etnoloji, psikoloji ve ekonomiyle aras\u0131ndaki ili\u015fkilerle birlikte anla\u015f\u0131lmas\u0131 gereken bir disiplindir. Siyaset felsefesi ise, siyasetin \u00f6ncelikle eylem ve eylemlerin ba\u011flamlar\u0131yla ilgili oldu\u011funu, ba\u015fka bir deyi\u015fle, sadece inan\u00e7lar ya da \u00f6nermelerle ilgili olmad\u0131\u011f\u0131n\u0131 kabul etmek zorundad\u0131r.Felsefe ve Reel Politika, hem liberal siyaset anlat\u0131lar\u0131n\u0131n keskin bir ele\u015ftirisi hem insan topluluklar\u0131n\u0131n eyleme ge\u00e7ebilme yetisi ve potansiyelini kutsayan yenilik\u00e7i bir \u00e7al\u0131\u015fma. Raymond Geuss, siyaset felsefesi alan\u0131ndaki bu \u00e7\u0131\u011f\u0131r a\u00e7\u0131c\u0131 \u00e7al\u0131\u015fmas\u0131nda, Bat\u0131&#8217;y\u0131 uzun y\u0131llard\u0131r etkisi alt\u0131nda tutan Kant\u00e7\u0131 gelene\u011fe ve politikan\u0131n &#8220;uygulamal\u0131 etik&#8221; oldu\u011fu y\u00f6n\u00fcndeki genel kan\u0131ya kar\u015f\u0131 g\u00fc\u00e7l\u00fc bir polemik y\u00fcr\u00fct\u00fcyor.Felsefe ve Reel Politika&#8217;da Geuss, siyaset felsefesinin toplumun ideal formlar\u0131n\u0131, davran\u0131\u015f, arzu ve de\u011fer sistematiklerini tan\u0131mlamaktan ziyade toplumsal, ekonomik, politik kurumlar\u0131n belirli bir zaman dilimi i\u00e7erisinde fiilen nas\u0131l i\u015fledi\u011finin ve bu mevcut ko\u015fullarda insanlar\u0131 neyin eyleme y\u00f6neltti\u011finin analizini \u00f6ncelemesi gerekti\u011fini belirtiyor.Geuss&#8217;a g\u00f6re &#8220;etik&#8221; m\u00fcnferit bir konu ba\u015fl\u0131\u011f\u0131 de\u011fil; tarih, sosyoloji, etnoloji, psikoloji ve ekonomiyle aras\u0131ndaki ili\u015fkilerle birlikte anla\u015f\u0131lmas\u0131 gereken bir disiplindir. Siyaset felsefesi ise, siyasetin \u00f6ncelikle eylem ve eylemlerin ba\u011flamlar\u0131yla ilgili oldu\u011funu, ba\u015fka bir deyi\u015fle, sadece inan\u00e7lar ya da \u00f6nermelerle ilgili olmad\u0131\u011f\u0131n\u0131 kabul etmek zorundad\u0131r.Felsefe ve Reel Politika, hem liberal siyaset anlat\u0131lar\u0131n\u0131n keskin bir ele\u015ftirisi hem insan topluluklar\u0131n\u0131n eyleme ge\u00e7ebilme yetisi ve potansiyelini kutsayan yenilik\u00e7i bir \u00e7al\u0131\u015fma.<\/p>\n","protected":false},"excerpt":{"rendered":"<p>Raymond Geuss, siyaset felsefesi alan\u0131ndaki bu \u00e7\u0131\u011f\u0131r a\u00e7\u0131c\u0131 \u00e7al\u0131\u015fmas\u0131nda, Bat\u0131&#8217;y\u0131 uzun y\u0131llard\u0131r etkisi alt\u0131nda tutan Kant\u00e7\u0131 gelene\u011fe ve politikan\u0131n &#8220;uygulamal\u0131 etik&#8221; oldu\u011fu y\u00f6n\u00fcndeki genel kan\u0131ya kar\u015f\u0131<span class=\"excerpt-hellip\"> [\u2026]<\/span><\/p>\n","protected":false},"featured_media":0,"template":"","meta":{"_monsterinsights_skip_tracking":false,"_monsterinsights_sitenote_active":false,"_monsterinsights_sitenote_note":"","_monsterinsights_sitenote_category":0},"product_brand":[],"product_cat":[12388],"product_tag":[],"class_list":{"0":"post-779934","1":"product","2":"type-product","3":"status-publish","5":"product_cat-felsefe","6":"pa_cilt-ciltsiz","7":"pa_tur-kitap","8":"pa_yayinevi-sel-yayincilik","9":"pa_yazar-raymond-geuss","11":"first","12":"instock","13":"sale","14":"shipping-taxable","15":"purchasable","16":"product-type-simple"},"_links":{"self":[{"href":"https:\/\/roveyayinevi.com.tr\/index.php\/wp-json\/wp\/v2\/product\/779934","targetHints":{"allow":["GET"]}}],"collection":[{"href":"https:\/\/roveyayinevi.com.tr\/index.php\/wp-json\/wp\/v2\/product"}],"about":[{"href":"https:\/\/roveyayinevi.com.tr\/index.php\/wp-json\/wp\/v2\/types\/product"}],"wp:attachment":[{"href":"https:\/\/roveyayinevi.com.tr\/index.php\/wp-json\/wp\/v2\/media?parent=779934"}],"wp:term":[{"taxonomy":"product_brand","embeddable":true,"href":"https:\/\/roveyayinevi.com.tr\/index.php\/wp-json\/wp\/v2\/product_brand?post=779934"},{"taxonomy":"product_cat","embeddable":true,"href":"https:\/\/roveyayinevi.com.tr\/index.php\/wp-json\/wp\/v2\/product_cat?post=779934"},{"taxonomy":"product_tag","embeddable":true,"href":"https:\/\/roveyayinevi.com.tr\/index.php\/wp-json\/wp\/v2\/product_tag?post=779934"}],"curies":[{"name":"wp","href":"https:\/\/api.w.org\/{rel}","templated":true}]}}