{"id":779892,"date":"2025-12-30T12:15:37","date_gmt":"2025-12-30T09:15:37","guid":{"rendered":"https:\/\/roveyayinevi.com.tr\/index.php\/urun\/lazlar\/"},"modified":"2026-04-15T03:44:38","modified_gmt":"2026-04-15T00:44:38","slug":"lazlar","status":"publish","type":"product","link":"https:\/\/roveyayinevi.com.tr\/index.php\/urun\/lazlar\/","title":{"rendered":"Lazlar"},"content":{"rendered":"<p>Laz ku\u0308ltu\u0308r hareketinin yeni ku\u015fa\u011f\u0131 i\u00e7erisinde bu kitab\u0131n yazar\u0131n\u0131n \u00f6zel bir yeri vard\u0131r. \u0130smail Gu\u0308ney Y\u0131lmaz\u2019\u0131n Laz kimlik sorununa yakla\u015f\u0131m\u0131 miras\u00e7\u0131s\u0131 oldu\u011fu gelenek itibariyle her zaman toplumsalc\u0131 ve e\u015fitlik\u00e7i olmu\u015f, bu bak\u0131\u015f a\u00e7\u0131s\u0131yla \u00e7o\u011fu zaman dar camias\u0131nda s\u0131k\u0131\u015fm\u0131\u015f, k\u0131s\u0131r \u00e7eki\u015fmelerle muzdarip Laz ku\u0308ltu\u0308r hareketini farkl\u0131 yorumlarla zenginle\u015ftirmi\u015ftir. Tu\u0308rkiye\u2019de 90\u2019l\u0131 y\u0131llar\u0131n ba\u015f\u0131nda ba\u015flayan Laz Ku\u0308ltu\u0308r Hareketinin seyrini ve genel olarak Laz toplumunu i\u00e7eriden bir g\u00f6zle inceleyen \u00e7al\u0131\u015fmalara bir katk\u0131 oldu\u011funu du\u0308\u015fu\u0308ndu\u0308\u011fu\u0308m, elinizdeki eseri konuya dair di\u011fer incelemelerden ay\u0131ran en belirgin niteli\u011finin etnosantrik bak\u0131\u015f a\u00e7\u0131s\u0131ndan uzak durmas\u0131 oldu\u011funu du\u0308\u015fu\u0308nu\u0308yorum. Yazar\u0131n Laz halk\u0131n\u0131 \u00e7evre halklarla ve bu halklar\u0131n ku\u0308ltu\u0308rlerini olu\u015fturan do\u011fa, ya\u015fam tarz\u0131, politika ve ekonomi gibi unsurlarla birlikte de\u011ferlendirmesi, tespitlerine gu\u0308venilir bir dayanak olu\u015fturmaktad\u0131r. \u00c7e\u015fitli zamanlarda yaz\u0131lm\u0131\u015f fakat yeniden ele al\u0131n\u0131p zenginle\u015ftirilmi\u015f makalelerin ve kitaba \u00f6zgu\u0308 yeni \u00e7al\u0131\u015fmalar\u0131n bile\u015fimi olan kitap \u00e7ok y\u00f6nlu\u0308lu\u0308\u011fu\u0308yle de dikkat \u00e7ekiyor. Daha \u00f6nce ele al\u0131nm\u0131\u015f konular\u0131 yeniden de\u011ferlendirdi\u011fi gibi, i\u015flenmemi\u015f konulara da bu\u0308tu\u0308nlu\u0308k\u00e7u\u0308 bir bak\u0131\u015f a\u00e7\u0131s\u0131yla yakla\u015f\u0131yor. Laz toplumunun nu\u0308fusu, da\u011f\u0131l\u0131m\u0131, politik tercihleri, kimlik, din, dil, edebiyat, yay\u0131nc\u0131l\u0131k, sorunlar, yak\u0131n tarih ve daha pek \u00e7ok konu yeni ve sol bir bak\u0131\u015f a\u00e7\u0131s\u0131yla ele al\u0131n\u0131yor. Eserin \u00f6zellikle sosyoloji u\u0308zerine \u00e7al\u0131\u015facak ki\u015filer i\u00e7in \u00f6nemli bir derleme\/\u00e7al\u0131\u015fma oldu\u011funu s\u00f6yleyebiliriz. \u0130rfan \u00c7a\u011fatay Aleksiva, BirGu\u0308n<\/p>\n","protected":false},"excerpt":{"rendered":"<p>Laz ku\u0308ltu\u0308r hareketinin yeni ku\u015fa\u011f\u0131 i\u00e7erisinde bu kitab\u0131n yazar\u0131n\u0131n \u00f6zel bir yeri vard\u0131r. \u0130smail Gu\u0308ney Y\u0131lmaz\u2019\u0131n Laz kimlik sorununa yakla\u015f\u0131m\u0131 miras\u00e7\u0131s\u0131 oldu\u011fu gelenek itibariyle her zaman<span class=\"excerpt-hellip\"> [\u2026]<\/span><\/p>\n","protected":false},"featured_media":0,"template":"","meta":{"_monsterinsights_skip_tracking":false,"_monsterinsights_sitenote_active":false,"_monsterinsights_sitenote_note":"","_monsterinsights_sitenote_category":0},"product_brand":[],"product_cat":[12835,12324],"product_tag":[],"class_list":{"0":"post-779892","1":"product","2":"type-product","3":"status-publish","5":"product_cat-genel-sosyoloji","6":"product_cat-sosyoloji","7":"pa_cilt-ciltsiz","8":"pa_tur-kitap","9":"pa_yayinevi-ayrinti-yayinlari","10":"pa_yazar-ismail-guney-yilmaz","12":"first","13":"instock","14":"sale","15":"shipping-taxable","16":"purchasable","17":"product-type-simple"},"_links":{"self":[{"href":"https:\/\/roveyayinevi.com.tr\/index.php\/wp-json\/wp\/v2\/product\/779892","targetHints":{"allow":["GET"]}}],"collection":[{"href":"https:\/\/roveyayinevi.com.tr\/index.php\/wp-json\/wp\/v2\/product"}],"about":[{"href":"https:\/\/roveyayinevi.com.tr\/index.php\/wp-json\/wp\/v2\/types\/product"}],"wp:attachment":[{"href":"https:\/\/roveyayinevi.com.tr\/index.php\/wp-json\/wp\/v2\/media?parent=779892"}],"wp:term":[{"taxonomy":"product_brand","embeddable":true,"href":"https:\/\/roveyayinevi.com.tr\/index.php\/wp-json\/wp\/v2\/product_brand?post=779892"},{"taxonomy":"product_cat","embeddable":true,"href":"https:\/\/roveyayinevi.com.tr\/index.php\/wp-json\/wp\/v2\/product_cat?post=779892"},{"taxonomy":"product_tag","embeddable":true,"href":"https:\/\/roveyayinevi.com.tr\/index.php\/wp-json\/wp\/v2\/product_tag?post=779892"}],"curies":[{"name":"wp","href":"https:\/\/api.w.org\/{rel}","templated":true}]}}