{"id":779880,"date":"2025-12-30T12:15:08","date_gmt":"2025-12-30T09:15:08","guid":{"rendered":"https:\/\/roveyayinevi.com.tr\/index.php\/urun\/ivan-ilyicin-olumu-14\/"},"modified":"2026-04-15T03:44:38","modified_gmt":"2026-04-15T00:44:38","slug":"ivan-ilyicin-olumu-14","status":"publish","type":"product","link":"https:\/\/roveyayinevi.com.tr\/index.php\/urun\/ivan-ilyicin-olumu-14\/","title":{"rendered":"\u0130van \u0130lyi\u00e7\u2019in \u00d6l\u00fcm\u00fc"},"content":{"rendered":"<p>Ba\u015far\u0131l\u0131 bir yarg\u0131\u00e7 olan \u0130van \u0130lyi\u00e7, bir g\u00fcn hastalan\u0131r. Kim ne derse desin bu hastal\u0131\u011f\u0131n onu g\u00fcnbeg\u00fcn \u00f6l\u00fcme yakla\u015ft\u0131rd\u0131\u011f\u0131ndan emindir. Her ne kadar dikkatini i\u015fine, sosyal hayat\u0131na vermeye \u00e7al\u0131\u015fsa da \u00f6l\u00fcm fikrine saplan\u0131p kal\u0131r. Hastal\u0131\u011f\u0131yla y\u00fczle\u015ftik\u00e7e o ana kadar ya\u015fad\u0131\u011f\u0131, toplum taraf\u0131ndan kabul g\u00f6ren sayg\u0131n hayat\u0131n y\u00fczeyselli\u011fini fark eder. Modern insan\u0131n hayatla, \u00f6l\u00fcmle ve ger\u00e7ek mutlulukla hesapla\u015fmas\u0131n\u0131 ustal\u0131kla anlatan, her okundu\u011funda yeni kap\u0131lar a\u00e7an \u0130van \u0130lyi\u00e7\u2019in \u00d6l\u00fcm\u00fc \u00f6zel bask\u0131s\u0131yla hep kitap\u2019ta.<\/p>\n","protected":false},"excerpt":{"rendered":"<p>Ba\u015far\u0131l\u0131 bir yarg\u0131\u00e7 olan \u0130van \u0130lyi\u00e7, bir g\u00fcn hastalan\u0131r. Kim ne derse desin bu hastal\u0131\u011f\u0131n onu g\u00fcnbeg\u00fcn \u00f6l\u00fcme yakla\u015ft\u0131rd\u0131\u011f\u0131ndan emindir. Her ne kadar dikkatini i\u015fine, sosyal<span class=\"excerpt-hellip\"> [\u2026]<\/span><\/p>\n","protected":false},"featured_media":0,"template":"","meta":{"_monsterinsights_skip_tracking":false,"_monsterinsights_sitenote_active":false,"_monsterinsights_sitenote_note":"","_monsterinsights_sitenote_category":0},"product_brand":[],"product_cat":[12291,12711],"product_tag":[],"class_list":{"0":"post-779880","1":"product","2":"type-product","3":"status-publish","5":"product_cat-edebiyat","6":"product_cat-roman-oyku","7":"pa_cilt-ciltsiz","8":"pa_tur-kitap","9":"pa_yayinevi-hep-kitap","10":"pa_yazar-lev-nikolayevic-tolstoy","12":"first","13":"instock","14":"sale","15":"shipping-taxable","16":"purchasable","17":"product-type-simple"},"_links":{"self":[{"href":"https:\/\/roveyayinevi.com.tr\/index.php\/wp-json\/wp\/v2\/product\/779880","targetHints":{"allow":["GET"]}}],"collection":[{"href":"https:\/\/roveyayinevi.com.tr\/index.php\/wp-json\/wp\/v2\/product"}],"about":[{"href":"https:\/\/roveyayinevi.com.tr\/index.php\/wp-json\/wp\/v2\/types\/product"}],"wp:attachment":[{"href":"https:\/\/roveyayinevi.com.tr\/index.php\/wp-json\/wp\/v2\/media?parent=779880"}],"wp:term":[{"taxonomy":"product_brand","embeddable":true,"href":"https:\/\/roveyayinevi.com.tr\/index.php\/wp-json\/wp\/v2\/product_brand?post=779880"},{"taxonomy":"product_cat","embeddable":true,"href":"https:\/\/roveyayinevi.com.tr\/index.php\/wp-json\/wp\/v2\/product_cat?post=779880"},{"taxonomy":"product_tag","embeddable":true,"href":"https:\/\/roveyayinevi.com.tr\/index.php\/wp-json\/wp\/v2\/product_tag?post=779880"}],"curies":[{"name":"wp","href":"https:\/\/api.w.org\/{rel}","templated":true}]}}