{"id":779877,"date":"2025-12-30T12:15:02","date_gmt":"2025-12-30T09:15:02","guid":{"rendered":"https:\/\/roveyayinevi.com.tr\/index.php\/urun\/ilkel-zihniyette-dogaustu-ve-doga-anlayisi-ii\/"},"modified":"2026-04-15T03:44:38","modified_gmt":"2026-04-15T00:44:38","slug":"ilkel-zihniyette-dogaustu-ve-doga-anlayisi-ii","status":"publish","type":"product","link":"https:\/\/roveyayinevi.com.tr\/index.php\/urun\/ilkel-zihniyette-dogaustu-ve-doga-anlayisi-ii\/","title":{"rendered":"\u0130lkel Zihniyette Do\u011fa\u00fcst\u00fc Ve Do\u011fa Anlay\u0131\u015f\u0131 &#8211; II"},"content":{"rendered":"<p>\u201cS\u00f6zc\u00fc\u011f\u00fcn geleneksel anlam\u0131nda ilkeller, g\u00fcndelik ya\u015famda olan bitenleri do\u011fa\u00fcst\u00fc gibi g\u00f6r\u00fcnenlerden \u00e7ok net bir \u015fekilde ay\u0131rmakla birlikte konu\u015furken bunlar\u0131 asla birbirlerinden ay\u0131rmazlar. Bu insanlar i\u00e7in \u201cimk\u00e2ns\u0131z\u201d diye bir \u015fey yoktur. Bizim mucize olarak nitelendirdi\u011fimiz \u015feyi s\u0131radan bir \u015fey olarak kabul ederler. Bu olay onlar\u0131 genellikle duyguland\u0131r\u0131r ancak hi\u00e7bir zaman \u015fa\u015f\u0131rtmaz. \u0130lkel insanlar kendilerini \u015fa\u015f\u0131rtan olaylar\u0131 tanr\u0131 ve benzeri varl\u0131klarla de\u011fil g\u00f6r\u00fcnmez g\u00fc\u00e7lerin eylemleriyle ili\u015fkilendirirler. Giri\u015ftikleri i\u015flerde ba\u015far\u0131l\u0131 ya da ba\u015far\u0131s\u0131z olmalar\u0131n\u0131, toplulu\u011fun refah\u0131 ya da talihsizli\u011fi, topluluk \u00fcyelerinin ya\u015fam\u0131 ve \u00f6l\u00fcm\u00fcn\u00fc hep bu etraflar\u0131n\u0131 ku\u015fatan say\u0131lamayacak kadar \u00e7ok g\u00fcce, \u201cruha\u201d, etkiye, \u00fczerlerinde bask\u0131 kuran g\u00f6r\u00fcnmez kuvvetlere ba\u011flarlar. Bunlar onlar\u0131n yazg\u0131s\u0131n\u0131 belirleyen temel g\u00fc\u00e7lerdir. \u00d6zetle s\u00fcrekli bir \u015fekilde kendi zihinlerinde canland\u0131rd\u0131klar\u0131 ve korktuklar\u0131 do\u011fa\u00fcst\u00fcn\u00fc do\u011fan\u0131n bir par\u00e7as\u0131 olarak kabul ettikleri s\u00f6ylenebilir.\u201d   Antropolojinin kurucu isimlerinden Lucien L\u00e9vy-Bruhl ilkel toplumlara ili\u015fkin bu genel sunum ve odakland\u0131\u011f\u0131 temel meselenin ard\u0131ndan, \u201cg\u00f6r\u00fcnmez g\u00fc\u00e7leri \u00e7al\u0131\u015fmam\u0131n merkezine yerle\u015ftirerek ilkel insanlar\u0131n \u2018do\u011fa\u00fcst\u00fcn\u00fc\u2019 zihinlerinde nas\u0131l canland\u0131rd\u0131klar\u0131n\u0131, s\u00fcrekli bir \u015fekilde ki\u015fi ya da ait oldu\u011fu grubun ba\u015f\u0131na gelenlerden nas\u0131l sorumlu tuttuklar\u0131n\u0131, g\u00fcn\u00fcn her an\u0131nda mevcudiyet ve eylemlerinden korktuklar\u0131 her t\u00fcrl\u00fc gizli g\u00fc\u00e7 ve etkilere kar\u015f\u0131 nas\u0131l bir tav\u0131r tak\u0131nd\u0131klar\u0131n\u0131 belirlemeye\u201d \u00e7al\u0131\u015fmaktad\u0131r. <\/p>\n","protected":false},"excerpt":{"rendered":"<p>\u201cS\u00f6zc\u00fc\u011f\u00fcn geleneksel anlam\u0131nda ilkeller, g\u00fcndelik ya\u015famda olan bitenleri do\u011fa\u00fcst\u00fc gibi g\u00f6r\u00fcnenlerden \u00e7ok net bir \u015fekilde ay\u0131rmakla birlikte konu\u015furken bunlar\u0131 asla birbirlerinden ay\u0131rmazlar. Bu insanlar i\u00e7in \u201cimk\u00e2ns\u0131z\u201d<span class=\"excerpt-hellip\"> [\u2026]<\/span><\/p>\n","protected":false},"featured_media":0,"template":"","meta":{"_monsterinsights_skip_tracking":false,"_monsterinsights_sitenote_active":false,"_monsterinsights_sitenote_note":"","_monsterinsights_sitenote_category":0},"product_brand":[],"product_cat":[15499,13488],"product_tag":[],"class_list":{"0":"post-779877","1":"product","2":"type-product","3":"status-publish","5":"product_cat-antropoloji","6":"product_cat-toplum-ve-insan","7":"pa_cilt-ciltsiz","8":"pa_tur-kitap","9":"pa_yayinevi-dogu-bati-yayinlari","10":"pa_yazar-lucien-levy-bruhl","12":"first","13":"instock","14":"sale","15":"shipping-taxable","16":"purchasable","17":"product-type-simple"},"_links":{"self":[{"href":"https:\/\/roveyayinevi.com.tr\/index.php\/wp-json\/wp\/v2\/product\/779877","targetHints":{"allow":["GET"]}}],"collection":[{"href":"https:\/\/roveyayinevi.com.tr\/index.php\/wp-json\/wp\/v2\/product"}],"about":[{"href":"https:\/\/roveyayinevi.com.tr\/index.php\/wp-json\/wp\/v2\/types\/product"}],"wp:attachment":[{"href":"https:\/\/roveyayinevi.com.tr\/index.php\/wp-json\/wp\/v2\/media?parent=779877"}],"wp:term":[{"taxonomy":"product_brand","embeddable":true,"href":"https:\/\/roveyayinevi.com.tr\/index.php\/wp-json\/wp\/v2\/product_brand?post=779877"},{"taxonomy":"product_cat","embeddable":true,"href":"https:\/\/roveyayinevi.com.tr\/index.php\/wp-json\/wp\/v2\/product_cat?post=779877"},{"taxonomy":"product_tag","embeddable":true,"href":"https:\/\/roveyayinevi.com.tr\/index.php\/wp-json\/wp\/v2\/product_tag?post=779877"}],"curies":[{"name":"wp","href":"https:\/\/api.w.org\/{rel}","templated":true}]}}