{"id":779875,"date":"2025-12-30T12:14:58","date_gmt":"2025-12-30T09:14:58","guid":{"rendered":"https:\/\/roveyayinevi.com.tr\/index.php\/urun\/miras-18\/"},"modified":"2026-04-15T03:44:38","modified_gmt":"2026-04-15T00:44:38","slug":"miras-18","status":"publish","type":"product","link":"https:\/\/roveyayinevi.com.tr\/index.php\/urun\/miras-18\/","title":{"rendered":"Miras"},"content":{"rendered":"<p>Bir s\u0131rr\u0131 d\u00f6rt ki\u015fi payla\u015fm\u0131\u015ft\u0131. Bu s\u0131r\u0131n ebediyen gizli kalaca\u011f\u0131na dair kendi aralar\u0131nda yemin etmi\u015flerdi. Ama en gizli s\u0131rr\u0131n bile er veya ge\u00e7 ortaya \u00e7\u0131kaca\u011f\u0131 ger\u00e7e\u011fini unutmu\u015flard\u0131. Cevaps\u0131z sorularla y\u0131llarca bo\u011fu\u015fan gen\u00e7 k\u0131z, okuyup savc\u0131 olduktan sonra beynini kemiren gizemin pe\u015fine d\u00fc\u015fmeye kararl\u0131yd\u0131. Anneannesi neden susuyordu? Dedesi kimdi, ger\u00e7ekten \u00f6lm\u00fc\u015f m\u00fcyd\u00fc? Annesi neden hi\u00e7bir \u015fey bilmiyordu? Ge\u00e7mi\u015fe ait her \u015fey neden karanl\u0131kt\u0131? Bedeli ne olursa olsun ge\u00e7mi\u015fin \u00fczerine \u00f6rt\u00fcl\u00fc o kal\u0131n sis perdesini aralamak istiyordu. Annesinin derin suskunlu\u011funun arkas\u0131ndaki ger\u00e7ekleri \u00f6\u011frenmeliydi. \u00c7\u0131kt\u0131\u011f\u0131 yolun zor ve zaman al\u0131c\u0131 oldu\u011funun bilincindeydi. Buna ra\u011fmen her \u015feyi g\u00f6ze alm\u0131\u015ft\u0131. \u00c7\u00fcnk\u00fc her k\u00f6r karanl\u0131\u011f\u0131n bir ayd\u0131nl\u0131\u011fa mahkum oldu\u011funu biliyordu. \u0130\u015fte bu y\u00fczden ge\u00e7mi\u015finin pe\u015findeydi. <\/p>\n","protected":false},"excerpt":{"rendered":"<p>Bir s\u0131rr\u0131 d\u00f6rt ki\u015fi payla\u015fm\u0131\u015ft\u0131. Bu s\u0131r\u0131n ebediyen gizli kalaca\u011f\u0131na dair kendi aralar\u0131nda yemin etmi\u015flerdi. Ama en gizli s\u0131rr\u0131n bile er veya ge\u00e7 ortaya \u00e7\u0131kaca\u011f\u0131 ger\u00e7e\u011fini<span class=\"excerpt-hellip\"> [\u2026]<\/span><\/p>\n","protected":false},"featured_media":0,"template":"","meta":{"_monsterinsights_skip_tracking":false,"_monsterinsights_sitenote_active":false,"_monsterinsights_sitenote_note":"","_monsterinsights_sitenote_category":0},"product_brand":[],"product_cat":[12291,12711],"product_tag":[],"class_list":{"0":"post-779875","1":"product","2":"type-product","3":"status-publish","5":"product_cat-edebiyat","6":"product_cat-roman-oyku","7":"pa_cilt-ciltsiz","8":"pa_tur-kitap","9":"pa_yayinevi-kirmizi-ada-yayinlari","10":"pa_yazar-mehmet-ramazan-yurtsever","12":"first","13":"instock","14":"sale","15":"shipping-taxable","16":"purchasable","17":"product-type-simple"},"_links":{"self":[{"href":"https:\/\/roveyayinevi.com.tr\/index.php\/wp-json\/wp\/v2\/product\/779875","targetHints":{"allow":["GET"]}}],"collection":[{"href":"https:\/\/roveyayinevi.com.tr\/index.php\/wp-json\/wp\/v2\/product"}],"about":[{"href":"https:\/\/roveyayinevi.com.tr\/index.php\/wp-json\/wp\/v2\/types\/product"}],"wp:attachment":[{"href":"https:\/\/roveyayinevi.com.tr\/index.php\/wp-json\/wp\/v2\/media?parent=779875"}],"wp:term":[{"taxonomy":"product_brand","embeddable":true,"href":"https:\/\/roveyayinevi.com.tr\/index.php\/wp-json\/wp\/v2\/product_brand?post=779875"},{"taxonomy":"product_cat","embeddable":true,"href":"https:\/\/roveyayinevi.com.tr\/index.php\/wp-json\/wp\/v2\/product_cat?post=779875"},{"taxonomy":"product_tag","embeddable":true,"href":"https:\/\/roveyayinevi.com.tr\/index.php\/wp-json\/wp\/v2\/product_tag?post=779875"}],"curies":[{"name":"wp","href":"https:\/\/api.w.org\/{rel}","templated":true}]}}