{"id":779864,"date":"2025-12-30T12:14:25","date_gmt":"2025-12-30T09:14:25","guid":{"rendered":"https:\/\/roveyayinevi.com.tr\/index.php\/urun\/siseden-cikan-cin-isid\/"},"modified":"2026-04-15T03:44:22","modified_gmt":"2026-04-15T00:44:22","slug":"siseden-cikan-cin-isid","status":"publish","type":"product","link":"https:\/\/roveyayinevi.com.tr\/index.php\/urun\/siseden-cikan-cin-isid\/","title":{"rendered":"\u015ei\u015feden \u00c7\u0131kan Cin: I\u015e\u0130D"},"content":{"rendered":"<p>I\u015e\u0130D, amaca ula\u015fana kadar Amerikan emperyalizminin \u00e7\u0131karlar\u0131 i\u00e7in sava\u015facak bir \u00f6rg\u00fct olmal\u0131yd\u0131; Ortado\u011fu\u2019da veya ba\u015fka \u00fclkelerde bitmeyen sava\u015flar\u0131n, y\u0131k\u0131mlar\u0131n, katliamlar\u0131n \u00f6rg\u00fct\u00fc olmal\u0131yd\u0131. I\u015e\u0130D ve benzeri \u00f6rg\u00fctler, Amerikan emperyalizmi s\u00f6z konusu \u00fclkede, b\u00f6lgede amac\u0131na ula\u015fana kadar b\u00fcy\u00fct\u00fclmeli, askeri ve mali olarak donat\u0131lmal\u0131, desteklenmeliydi. Amerikan emperyalizminin \u00e7\u0131karlar\u0131 i\u00e7in sonu gelmeyen sava\u015flar\u0131n kara g\u00fcc\u00fc olarak I\u015e\u0130D ve benzeri \u00f6rg\u00fctler, insan g\u00fcc\u00fc bak\u0131m\u0131ndan da destek g\u00f6rmeliydi. \u00d6yle de oldu; Vekalet sava\u015f\u0131 s\u00fcrd\u00fcrecek on binlerce cihat\u00e7\u0131, d\u00fcnyan\u0131n d\u00f6rt bir yan\u0131ndan \u00f6rg\u00fctlenen g\u00fczergahlar \u00fczerinden sava\u015f alan\u0131na s\u00fcr\u00fcld\u00fcler. I\u015e\u0130D, her zaman her \u015feyin emperyalizmin iste\u011fi do\u011frultusunda geli\u015fmedi\u011fini de g\u00f6sterdi; I\u015e\u0130D, geli\u015fmesinin belli bir a\u015famas\u0131ndan sonra efendisini dinlememeye ba\u015flad\u0131; ba\u011f\u0131ms\u0131z hareket eder oldu. Art\u0131k \u00e7in \u015fi\u015feden \u00e7\u0131km\u0131\u015ft\u0131. Suriye ve Irak topraklar\u0131n\u0131n b\u00fcy\u00fck b\u00f6l\u00fcm\u00fcn\u00fc i\u015fgal eden, kendi devletini kuran bu \u0130slami fa\u015fist \u00f6rg\u00fct, kendini destekleyenleri, var edenleri de tehdit ve rahats\u0131z etmeye; planlar\u0131n\u0131 bozmaya ba\u015flam\u0131\u015ft\u0131. Bu nedenle hedef al\u0131nd\u0131. Ama I\u015e\u0130D\u2019i var eden g\u00fc\u00e7lerin hi\u00e7birisi onun ger\u00e7ekten bitirilmesi i\u00e7in m\u00fccadele etmediler, etmiyorlar. <\/p>\n","protected":false},"excerpt":{"rendered":"<p>I\u015e\u0130D, amaca ula\u015fana kadar Amerikan emperyalizminin \u00e7\u0131karlar\u0131 i\u00e7in sava\u015facak bir \u00f6rg\u00fct olmal\u0131yd\u0131; Ortado\u011fu\u2019da veya ba\u015fka \u00fclkelerde bitmeyen sava\u015flar\u0131n, y\u0131k\u0131mlar\u0131n, katliamlar\u0131n \u00f6rg\u00fct\u00fc olmal\u0131yd\u0131. I\u015e\u0130D ve benzeri \u00f6rg\u00fctler,<span class=\"excerpt-hellip\"> [\u2026]<\/span><\/p>\n","protected":false},"featured_media":0,"template":"","meta":{"_monsterinsights_skip_tracking":false,"_monsterinsights_sitenote_active":false,"_monsterinsights_sitenote_note":"","_monsterinsights_sitenote_category":0},"product_brand":[],"product_cat":[12337],"product_tag":[],"class_list":{"0":"post-779864","1":"product","2":"type-product","3":"status-publish","5":"product_cat-politika-siyaset","6":"pa_cilt-ciltsiz","7":"pa_tur-kitap","8":"pa_yayinevi-toz-yayinlari","9":"pa_yazar-ibrahim-okcuoglu","11":"first","12":"instock","13":"sale","14":"shipping-taxable","15":"purchasable","16":"product-type-simple"},"_links":{"self":[{"href":"https:\/\/roveyayinevi.com.tr\/index.php\/wp-json\/wp\/v2\/product\/779864","targetHints":{"allow":["GET"]}}],"collection":[{"href":"https:\/\/roveyayinevi.com.tr\/index.php\/wp-json\/wp\/v2\/product"}],"about":[{"href":"https:\/\/roveyayinevi.com.tr\/index.php\/wp-json\/wp\/v2\/types\/product"}],"wp:attachment":[{"href":"https:\/\/roveyayinevi.com.tr\/index.php\/wp-json\/wp\/v2\/media?parent=779864"}],"wp:term":[{"taxonomy":"product_brand","embeddable":true,"href":"https:\/\/roveyayinevi.com.tr\/index.php\/wp-json\/wp\/v2\/product_brand?post=779864"},{"taxonomy":"product_cat","embeddable":true,"href":"https:\/\/roveyayinevi.com.tr\/index.php\/wp-json\/wp\/v2\/product_cat?post=779864"},{"taxonomy":"product_tag","embeddable":true,"href":"https:\/\/roveyayinevi.com.tr\/index.php\/wp-json\/wp\/v2\/product_tag?post=779864"}],"curies":[{"name":"wp","href":"https:\/\/api.w.org\/{rel}","templated":true}]}}