{"id":779861,"date":"2025-12-30T12:14:18","date_gmt":"2025-12-30T09:14:18","guid":{"rendered":"https:\/\/roveyayinevi.com.tr\/index.php\/urun\/kapitalizm-sonrasi-uzerine-fantaziler\/"},"modified":"2026-04-15T03:44:22","modified_gmt":"2026-04-15T00:44:22","slug":"kapitalizm-sonrasi-uzerine-fantaziler","status":"publish","type":"product","link":"https:\/\/roveyayinevi.com.tr\/index.php\/urun\/kapitalizm-sonrasi-uzerine-fantaziler\/","title":{"rendered":"Kapitalizm Sonras\u0131 \u00dczerine Fantaziler"},"content":{"rendered":"<p>\u2018\u2019&#8230;Bug\u00fcnk\u00fc toplum burjuva toplumdur, e\u011fer burjuva \u00fcretim ili\u015fkileri varolu\u015fsal krizdeyse, bu, t\u00fcm s\u0131n\u0131flar\u0131 olu\u015fturan burjuva toplumun varolu\u015fsal krizde oldu\u011fu anlam\u0131na gelir. Bug\u00fcn&#8230; kapitalizm t\u00fcm d\u00fcnyaya hakim oldu\u011fu i\u00e7in isyan co\u011frafyas\u0131 da t\u00fcm d\u00fcnyad\u0131r. Zaman\u0131n ruhu, burjuva toplumdan \u00e7ekilirken, isyan, kaos ve anar\u015fi g\u00fczerg\u00e2h\u0131ndan ge\u00e7mekte ve kom\u00fcnizme do\u011fru akmaktad\u0131r.\u201d (Nelte) Do\u011fald\u0131r ki, b\u00f6ylesi isyan, kaos ve anar\u015fi durumlar\u0131nda i\u015f\u00e7i s\u0131n\u0131f\u0131n\u0131 ve m\u00fcttefiklerini \u00f6rg\u00fctlemenin ve kapitalizmi y\u0131kman\u0131n, sosyalizmi in\u015fa etmenin bir anlam\u0131 olmayacakt\u0131r. B\u00f6ylesi d\u00f6nemlerde devrimin, s\u0131n\u0131f m\u00fccadelesinin bir anlam\u0131 yoktur. S\u0131n\u0131f \u00e7eli\u015fkileri yerini burjuva \u00fcretim ve y\u00f6netim bi\u00e7imi ile toplumun b\u00fct\u00fcn\u00fc aras\u0131ndaki \u00e7eli\u015fkisi alm\u0131\u015ft\u0131r. Zaman\u0131n ruhu \u201ckeskin kom\u00fcnistlere\u201d, \u201cen Marksistlere\u201d s\u0131n\u0131f\u0131 \u00f6rg\u00fctlemeyi de\u011fil, isyan, kaos ve anar\u015fi \u00f6n\u00fcnde engel olmamay\u0131 emretmektedir!.. Nas\u0131l olsa isyan, anar\u015fi, kaos burjuva toplumun y\u0131k\u0131lmas\u0131na g\u00f6t\u00fcrecek vs. vs. Bu anlay\u0131\u015flar Marksizm-Leninizm ortam\u0131n\u0131n, Marksist-Leninist ilkelerin reddidir. Marksizm-Leninizm ortam\u0131na yerle\u015ftirilmi\u015f, pimi \u00e7ekilmeye haz\u0131r birer Tro\u00e7ki bombas\u0131d\u0131r&#8230; <\/p>\n","protected":false},"excerpt":{"rendered":"<p>\u2018\u2019&#8230;Bug\u00fcnk\u00fc toplum burjuva toplumdur, e\u011fer burjuva \u00fcretim ili\u015fkileri varolu\u015fsal krizdeyse, bu, t\u00fcm s\u0131n\u0131flar\u0131 olu\u015fturan burjuva toplumun varolu\u015fsal krizde oldu\u011fu anlam\u0131na gelir. Bug\u00fcn&#8230; kapitalizm t\u00fcm d\u00fcnyaya hakim<span class=\"excerpt-hellip\"> [\u2026]<\/span><\/p>\n","protected":false},"featured_media":0,"template":"","meta":{"_monsterinsights_skip_tracking":false,"_monsterinsights_sitenote_active":false,"_monsterinsights_sitenote_note":"","_monsterinsights_sitenote_category":0},"product_brand":[],"product_cat":[12337],"product_tag":[],"class_list":{"0":"post-779861","1":"product","2":"type-product","3":"status-publish","5":"product_cat-politika-siyaset","6":"pa_cilt-ciltsiz","7":"pa_tur-kitap","8":"pa_yayinevi-toz-yayinlari","9":"pa_yazar-ibrahim-okcuoglu","11":"first","12":"instock","13":"sale","14":"shipping-taxable","15":"purchasable","16":"product-type-simple"},"_links":{"self":[{"href":"https:\/\/roveyayinevi.com.tr\/index.php\/wp-json\/wp\/v2\/product\/779861","targetHints":{"allow":["GET"]}}],"collection":[{"href":"https:\/\/roveyayinevi.com.tr\/index.php\/wp-json\/wp\/v2\/product"}],"about":[{"href":"https:\/\/roveyayinevi.com.tr\/index.php\/wp-json\/wp\/v2\/types\/product"}],"wp:attachment":[{"href":"https:\/\/roveyayinevi.com.tr\/index.php\/wp-json\/wp\/v2\/media?parent=779861"}],"wp:term":[{"taxonomy":"product_brand","embeddable":true,"href":"https:\/\/roveyayinevi.com.tr\/index.php\/wp-json\/wp\/v2\/product_brand?post=779861"},{"taxonomy":"product_cat","embeddable":true,"href":"https:\/\/roveyayinevi.com.tr\/index.php\/wp-json\/wp\/v2\/product_cat?post=779861"},{"taxonomy":"product_tag","embeddable":true,"href":"https:\/\/roveyayinevi.com.tr\/index.php\/wp-json\/wp\/v2\/product_tag?post=779861"}],"curies":[{"name":"wp","href":"https:\/\/api.w.org\/{rel}","templated":true}]}}