{"id":779858,"date":"2025-12-30T12:14:12","date_gmt":"2025-12-30T09:14:12","guid":{"rendered":"https:\/\/roveyayinevi.com.tr\/index.php\/urun\/turk-tarihini-kavramak\/"},"modified":"2026-04-15T03:44:22","modified_gmt":"2026-04-15T00:44:22","slug":"turk-tarihini-kavramak","status":"publish","type":"product","link":"https:\/\/roveyayinevi.com.tr\/index.php\/urun\/turk-tarihini-kavramak\/","title":{"rendered":"T\u00fcrk Tarihi\u2019ni Kavramak"},"content":{"rendered":"<p>Yazar\u0131m\u0131z Birol Dok Tarihi T\u00fcrk Ba\u015fkentleri ve T\u00fcrkiye D\u0131\u015f\u0131ndaki T\u00fcrk Eserleri kitaplar\u0131ndan sonra T\u00fcrk Tarihi\u2019ni Kavramak adl\u0131 eseriyle okuyucular\u0131m\u0131z\u0131n kar\u015f\u0131s\u0131na \u00e7\u0131k\u0131yor.   T\u00fcrk Tarihi\u2019ni Kavramak, T\u00fcrk Tarihi\u2019ndeki liderler, eserler, olaylar, olgular, de\u011ferler ve anlay\u0131\u015flardan hareketle bir kavramsalla\u015ft\u0131rma denemesi. T\u00fcrk Tarihi\u2019ni Kavramak, bir zorunluluktan do\u011fmaktad\u0131r. Bu zorunluluk, insanl\u0131\u011fa esenlik getiren tarihteki T\u00fcrk olgusunu hakk\u0131yla kavrama \u00e7abas\u0131d\u0131r. Yazar birbirinden ba\u011f\u0131ms\u0131z ama birbiriyle uyumlu makaleler demetiyle bu zorlu\u011fu a\u015fmaya \u00e7al\u0131\u015f\u0131yor.   Kavramsalla\u015ft\u0131rma olmazsa g\u00fcncellikten tarihselli\u011fe savrulup dururuz. Kavramsalla\u015ft\u0131rma sa\u011flanmadan, olgular\u0131 idrak etmemiz m\u00fcmk\u00fcn de\u011fildir. \u0130drak bir \u015feyin b\u00fct\u00fcn y\u00f6nlerine vak\u0131f olmak manas\u0131na gelir. Kavramlar ve kavramsalla\u015ft\u0131rma (tasavvur), duyular\u0131m\u0131z\u0131 bi\u00e7imlendirmek suretiyle d\u00fcnyay\u0131 ak\u0131c\u0131 ve sistematik bir bi\u00e7imde anlamam\u0131z\u0131 sa\u011flaman\u0131n imkan\u0131n\u0131 arar.   Kavramlar, olaylar\u0131n ger\u00e7e\u011fini kavray\u0131\u015f tarz\u0131m\u0131zd\u0131r. Duyular kavramlarla d\u00fczenlenmedikleri s\u00fcrece, anlams\u0131zd\u0131rlar. T\u00fcrk Tarihi\u2019ni Kavramak, yazar\u0131m\u0131z Birol Dok\u2019un bir kavramsalla\u015ft\u0131rma \u00e7abas\u0131. Bu \u00e7aba elimizdeki eseri, farkl\u0131 bir konuma y\u00fckseltiyor. <\/p>\n","protected":false},"excerpt":{"rendered":"<p>Yazar\u0131m\u0131z Birol Dok Tarihi T\u00fcrk Ba\u015fkentleri ve T\u00fcrkiye D\u0131\u015f\u0131ndaki T\u00fcrk Eserleri kitaplar\u0131ndan sonra T\u00fcrk Tarihi\u2019ni Kavramak adl\u0131 eseriyle okuyucular\u0131m\u0131z\u0131n kar\u015f\u0131s\u0131na \u00e7\u0131k\u0131yor. T\u00fcrk Tarihi\u2019ni Kavramak, T\u00fcrk Tarihi\u2019ndeki<span class=\"excerpt-hellip\"> [\u2026]<\/span><\/p>\n","protected":false},"featured_media":0,"template":"","meta":{"_monsterinsights_skip_tracking":false,"_monsterinsights_sitenote_active":false,"_monsterinsights_sitenote_note":"","_monsterinsights_sitenote_category":0},"product_brand":[],"product_cat":[12304,13650],"product_tag":[],"class_list":{"0":"post-779858","1":"product","2":"type-product","3":"status-publish","5":"product_cat-tarih","6":"product_cat-turk-tarihi-arastirmalari","7":"pa_cilt-ciltsiz","8":"pa_tur-kitap","9":"pa_yayinevi-biyografi-net-yayincilik","10":"pa_yazar-birol-dok","12":"first","13":"instock","14":"sale","15":"shipping-taxable","16":"purchasable","17":"product-type-simple"},"_links":{"self":[{"href":"https:\/\/roveyayinevi.com.tr\/index.php\/wp-json\/wp\/v2\/product\/779858","targetHints":{"allow":["GET"]}}],"collection":[{"href":"https:\/\/roveyayinevi.com.tr\/index.php\/wp-json\/wp\/v2\/product"}],"about":[{"href":"https:\/\/roveyayinevi.com.tr\/index.php\/wp-json\/wp\/v2\/types\/product"}],"wp:attachment":[{"href":"https:\/\/roveyayinevi.com.tr\/index.php\/wp-json\/wp\/v2\/media?parent=779858"}],"wp:term":[{"taxonomy":"product_brand","embeddable":true,"href":"https:\/\/roveyayinevi.com.tr\/index.php\/wp-json\/wp\/v2\/product_brand?post=779858"},{"taxonomy":"product_cat","embeddable":true,"href":"https:\/\/roveyayinevi.com.tr\/index.php\/wp-json\/wp\/v2\/product_cat?post=779858"},{"taxonomy":"product_tag","embeddable":true,"href":"https:\/\/roveyayinevi.com.tr\/index.php\/wp-json\/wp\/v2\/product_tag?post=779858"}],"curies":[{"name":"wp","href":"https:\/\/api.w.org\/{rel}","templated":true}]}}