{"id":779857,"date":"2025-12-30T12:14:10","date_gmt":"2025-12-30T09:14:10","guid":{"rendered":"https:\/\/roveyayinevi.com.tr\/index.php\/urun\/avrupada-asiri-sagin-tehlikeli-yukselisi\/"},"modified":"2026-04-15T03:44:22","modified_gmt":"2026-04-15T00:44:22","slug":"avrupada-asiri-sagin-tehlikeli-yukselisi","status":"publish","type":"product","link":"https:\/\/roveyayinevi.com.tr\/index.php\/urun\/avrupada-asiri-sagin-tehlikeli-yukselisi\/","title":{"rendered":"Avrupa\u2019da A\u015f\u0131r\u0131 Sa\u011f\u0131n Tehlikeli Y\u00fckseli\u015fi"},"content":{"rendered":"<p>As\u0327\u0131r\u0131 sag\u0306 art\u0131k Avrupa\u2019n\u0131n marj\u0131nda deg\u0306il, merkezinde. Go\u0308c\u0327, gu\u0308venlik ve kimlik tart\u0131s\u0327malar\u0131n\u0131n go\u0308lgesinde yu\u0308kselen bu dalga, demokrasinin en temel deg\u0306erlerini tehdit ediyor. \u201cAvrupa\u2019da As\u0327\u0131r\u0131 Sag\u0306\u0131n Tehlikeli Yu\u0308kselis\u0327i\u201d, tarihsel ko\u0308klerden gu\u0308nu\u0308mu\u0308z Avrupa Parlamentosu sec\u0327imlerine uzanan su\u0308rec\u0327te as\u0327\u0131r\u0131 sag\u0306\u0131n ideolojik temelleri, siyasal stratejileri ve toplumsal etkilerini inceliyor. Fransa, Almanya, Hollanda ve I\u0307talya o\u0308rnek- leri u\u0308zerinden yap\u0131lan kapsaml\u0131 analizler, k\u0131tan\u0131n geleceg\u0306ini s\u0327ekillendiren sessiz tehdidi go\u0308zler o\u0308nu\u0308ne seriyor. Bu eser, yaln\u0131zca akademisyenler ve aras\u0327t\u0131rmac\u0131lar ic\u0327in deg\u0306il; Avrupa\u2019n\u0131n geleceg\u0306ini ve demokrasinin s\u0131navlar\u0131n\u0131 merak eden herkes ic\u0327in gu\u0308c\u0327lu\u0308 bir bas\u0327vuru kaynag\u0306\u0131d\u0131r <\/p>\n","protected":false},"excerpt":{"rendered":"<p>As\u0327\u0131r\u0131 sag\u0306 art\u0131k Avrupa\u2019n\u0131n marj\u0131nda deg\u0306il, merkezinde. Go\u0308c\u0327, gu\u0308venlik ve kimlik tart\u0131s\u0327malar\u0131n\u0131n go\u0308lgesinde yu\u0308kselen bu dalga, demokrasinin en temel deg\u0306erlerini tehdit ediyor. \u201cAvrupa\u2019da As\u0327\u0131r\u0131 Sag\u0306\u0131n Tehlikeli<span class=\"excerpt-hellip\"> [\u2026]<\/span><\/p>\n","protected":false},"featured_media":0,"template":"","meta":{"_monsterinsights_skip_tracking":false,"_monsterinsights_sitenote_active":false,"_monsterinsights_sitenote_note":"","_monsterinsights_sitenote_category":0},"product_brand":[],"product_cat":[12337],"product_tag":[],"class_list":{"0":"post-779857","1":"product","2":"type-product","3":"status-publish","5":"product_cat-politika-siyaset","6":"pa_cilt-ciltsiz","7":"pa_tur-kitap","8":"pa_yayinevi-anadolu-ajansi-yayinevi","9":"pa_yazar-kolektif","11":"first","12":"instock","13":"sale","14":"shipping-taxable","15":"purchasable","16":"product-type-simple"},"_links":{"self":[{"href":"https:\/\/roveyayinevi.com.tr\/index.php\/wp-json\/wp\/v2\/product\/779857","targetHints":{"allow":["GET"]}}],"collection":[{"href":"https:\/\/roveyayinevi.com.tr\/index.php\/wp-json\/wp\/v2\/product"}],"about":[{"href":"https:\/\/roveyayinevi.com.tr\/index.php\/wp-json\/wp\/v2\/types\/product"}],"wp:attachment":[{"href":"https:\/\/roveyayinevi.com.tr\/index.php\/wp-json\/wp\/v2\/media?parent=779857"}],"wp:term":[{"taxonomy":"product_brand","embeddable":true,"href":"https:\/\/roveyayinevi.com.tr\/index.php\/wp-json\/wp\/v2\/product_brand?post=779857"},{"taxonomy":"product_cat","embeddable":true,"href":"https:\/\/roveyayinevi.com.tr\/index.php\/wp-json\/wp\/v2\/product_cat?post=779857"},{"taxonomy":"product_tag","embeddable":true,"href":"https:\/\/roveyayinevi.com.tr\/index.php\/wp-json\/wp\/v2\/product_tag?post=779857"}],"curies":[{"name":"wp","href":"https:\/\/api.w.org\/{rel}","templated":true}]}}

Avrupa’da Aşırı Sağın Tehlikeli Yükselişi

<p>Aşırı sağ artık Avrupa’nın marjında değil, merkezinde. Göç, güvenlik ve kimlik tartışmalarının gölgesinde yükselen bu dalga, demokrasinin en temel değerlerini tehdit ediyor. “Avrupa’da Aşırı Sağın Tehlikeli Yükselişi”, tarihsel köklerden günümüz Avrupa Parlamentosu seçimlerine uzanan süreçte aşırı sağın ideolojik temelleri, siyasal stratejileri ve toplumsal etkilerini inceliyor. Fransa, Almanya, Hollanda ve İtalya örnek- leri üzerinden yapılan kapsamlı analizler, kıtanın geleceğini şekillendiren sessiz tehdidi gözler önüne seriyor. Bu eser, yalnızca akademisyenler ve araştırmacılar için değil; Avrupa’nın geleceğini ve demokrasinin sınavlarını merak eden herkes için güçlü bir başvuru kaynağıdır </p>

<p>Aşırı sağ artık Avrupa’nın marjında değil, merkezinde. Göç, güvenlik ve kimlik tartışmalarının gölgesinde yükselen bu dalga, demokrasinin en temel değerlerini tehdit ediyor. “Avrupa’da Aşırı Sağın Tehlikeli<span class="excerpt-hellip"> […]</span></p>
