{"id":779834,"date":"2025-12-30T12:13:09","date_gmt":"2025-12-30T09:13:09","guid":{"rendered":"https:\/\/roveyayinevi.com.tr\/index.php\/urun\/kadinlarda-dikkat-daginikligi\/"},"modified":"2026-04-11T03:44:31","modified_gmt":"2026-04-11T00:44:31","slug":"kadinlarda-dikkat-daginikligi","status":"publish","type":"product","link":"https:\/\/roveyayinevi.com.tr\/index.php\/urun\/kadinlarda-dikkat-daginikligi\/","title":{"rendered":"Kad\u0131nlarda Dikkat Da\u011f\u0131n\u0131kl\u0131\u011f\u0131"},"content":{"rendered":"<p>Onlar \u201cda\u011f\u0131n\u0131k\u201d diyor. Biz \u201cfarkl\u0131 \u00e7al\u0131\u015fan bir zihin\u201d diyoruz.   Zihninde ayn\u0131 anda onlarca pencere a\u00e7\u0131kken, hayat\u0131n temposuna ayak uydurmak bazen bir sava\u015f haline gelir. Bir yandan i\u015fleri toparlamaya \u00e7al\u0131\u015f\u0131rken, di\u011fer yandan g\u00fcn\u00fcn herhangi bir an\u0131nda \u201cNereden ba\u015flamal\u0131y\u0131m?\u201d duygusuna s\u0131k\u0131\u015f\u0131p kal\u0131rs\u0131n.   Evet\u2026 B\u00fcy\u00fck ihtimalle sen de bir \u201cdikkat da\u011f\u0131n\u0131kl\u0131\u011f\u0131 krali\u00e7esi\u201dsin.   DEHB tan\u0131n olsun ya da olmas\u0131n, i\u00e7ten i\u00e7e ba\u015fka bir ritme ihtiya\u00e7 duydu\u011funu biliyorsun. Terry Matlen\u2019in Kad\u0131nlarda Dikkat Da\u011f\u0131n\u0131kl\u0131\u011f\u0131 kitab\u0131 tam da bu noktada devreye giriyor.   Kimi g\u00fcnler sabah haz\u0131rlanmak, acil toplant\u0131lara yeti\u015fmek, ak\u015fam yeme\u011fini planlamak ve \u00e7ocu\u011fu uyutmak bile tek ba\u015f\u0131na bir \u201chayatta kalma maratonu\u201d gibi gelebilir. \u0130\u015fte bu kitap, bu d\u00f6ng\u00fcn\u00fcn i\u00e7inde kaybolan kad\u0131nlar i\u00e7in hem pratik hem uygulanabilir \u00e7\u00f6z\u00fcmler sunuyor.   Kad\u0131nlarda Dikkat Da\u011f\u0131n\u0131kl\u0131\u011f\u0131, yaln\u0131zca zor g\u00fcnlerde ba\u015fvurulacak bir rehber de\u011fil; hayat\u0131n\u0131n kontrol\u00fcn\u00fc yeniden ele ge\u00e7irmek isteyen kad\u0131nlar i\u00e7in g\u00fcvenilir bir yol haritas\u0131. \u0130\u00e7indeki potansiyele ula\u015f\u0131rken ihtiyac\u0131n olan d\u00fczeni kurmana, enerjini do\u011fru yere y\u00f6nlendirmene ve en \u00f6nemlisi, kendini anlamana yard\u0131mc\u0131 olacak bir e\u015flik\u00e7i. <\/p>\n","protected":false},"excerpt":{"rendered":"<p>Onlar \u201cda\u011f\u0131n\u0131k\u201d diyor. Biz \u201cfarkl\u0131 \u00e7al\u0131\u015fan bir zihin\u201d diyoruz. Zihninde ayn\u0131 anda onlarca pencere a\u00e7\u0131kken, hayat\u0131n temposuna ayak uydurmak bazen bir sava\u015f haline gelir. Bir yandan<span class=\"excerpt-hellip\"> [\u2026]<\/span><\/p>\n","protected":false},"featured_media":0,"template":"","meta":{"_monsterinsights_skip_tracking":false,"_monsterinsights_sitenote_active":false,"_monsterinsights_sitenote_note":"","_monsterinsights_sitenote_category":0},"product_brand":[],"product_cat":[12364,12376],"product_tag":[],"class_list":{"0":"post-779834","1":"product","2":"type-product","3":"status-publish","5":"product_cat-genel-konular","6":"product_cat-kisisel-gelisim","7":"pa_cilt-ciltsiz","8":"pa_tur-kitap","9":"pa_yayinevi-destek-yayinlari","10":"pa_yazar-terry-matlen","12":"first","13":"instock","14":"sale","15":"shipping-taxable","16":"purchasable","17":"product-type-simple"},"_links":{"self":[{"href":"https:\/\/roveyayinevi.com.tr\/index.php\/wp-json\/wp\/v2\/product\/779834","targetHints":{"allow":["GET"]}}],"collection":[{"href":"https:\/\/roveyayinevi.com.tr\/index.php\/wp-json\/wp\/v2\/product"}],"about":[{"href":"https:\/\/roveyayinevi.com.tr\/index.php\/wp-json\/wp\/v2\/types\/product"}],"wp:attachment":[{"href":"https:\/\/roveyayinevi.com.tr\/index.php\/wp-json\/wp\/v2\/media?parent=779834"}],"wp:term":[{"taxonomy":"product_brand","embeddable":true,"href":"https:\/\/roveyayinevi.com.tr\/index.php\/wp-json\/wp\/v2\/product_brand?post=779834"},{"taxonomy":"product_cat","embeddable":true,"href":"https:\/\/roveyayinevi.com.tr\/index.php\/wp-json\/wp\/v2\/product_cat?post=779834"},{"taxonomy":"product_tag","embeddable":true,"href":"https:\/\/roveyayinevi.com.tr\/index.php\/wp-json\/wp\/v2\/product_tag?post=779834"}],"curies":[{"name":"wp","href":"https:\/\/api.w.org\/{rel}","templated":true}]}}