{"id":779828,"date":"2025-12-30T12:12:48","date_gmt":"2025-12-30T09:12:48","guid":{"rendered":"https:\/\/roveyayinevi.com.tr\/index.php\/urun\/ben-mercan-zirzopluk-benden-sorulur\/"},"modified":"2026-04-15T03:44:21","modified_gmt":"2026-04-15T00:44:21","slug":"ben-mercan-zirzopluk-benden-sorulur","status":"publish","type":"product","link":"https:\/\/roveyayinevi.com.tr\/index.php\/urun\/ben-mercan-zirzopluk-benden-sorulur\/","title":{"rendered":"Ben Mercan : Zirzopluk Benden Sorulur"},"content":{"rendered":"<p>Ben Mercan! Hay\u0131r, g\u00f6zlu\u0308klu\u0308 k\u0131z de\u011fil. Mavi g\u00f6zlu\u0308klu\u0308 k\u0131z. Denizatlar\u0131n\u0131 severim. Onlar da beni sever. Tamam, uydurdum, bana kar\u015f\u0131 olan duygular\u0131n\u0131 bilmiyorum. Ben bir \u201cata\u00e7ocuk\u201d s\u00f6zleri yazar\u0131y\u0131m. Bu i\u015flerden anlar\u0131m. Anne-baba sakinle\u015ftirme ustas\u0131y\u0131m bir de. Sonu\u00e7ta onlar e\u011fitilebilen canl\u0131lar, yeter ki ne yapaca\u011f\u0131n\u0131z\u0131 iyi bilin. Aile dedi\u011finiz \u015fey kimya deneyi gibidir. Neyin u\u0308zerine ne ekleyece\u011finizi bilirseniz, sonu\u00e7 ba\u015far\u0131l\u0131 olur. Ama buna \u00e7ok da tak\u0131lmay\u0131n bence. Sonu\u00e7ta yeti\u015fkinler asl\u0131nda ne olduklar\u0131n\u0131 ve ne olmak istediklerini asla bilmezler. Tutars\u0131zlard\u0131r. Anlad\u0131n\u0131z de\u011fil mi, kitap benim ama konu onlar: ebeveynler. \u015eu ata\u00e7ocuk s\u00f6zu\u0308mu\u0308 sak\u0131n unutmay\u0131n: Yorgun anneye u\u0308\u00e7 dilek tut demi\u015fler; beni yorma, cezal\u0131s\u0131n demi\u015f! <\/p>\n","protected":false},"excerpt":{"rendered":"<p>Ben Mercan! Hay\u0131r, g\u00f6zlu\u0308klu\u0308 k\u0131z de\u011fil. Mavi g\u00f6zlu\u0308klu\u0308 k\u0131z. Denizatlar\u0131n\u0131 severim. Onlar da beni sever. Tamam, uydurdum, bana kar\u015f\u0131 olan duygular\u0131n\u0131 bilmiyorum. Ben bir \u201cata\u00e7ocuk\u201d s\u00f6zleri<span class=\"excerpt-hellip\"> [\u2026]<\/span><\/p>\n","protected":false},"featured_media":0,"template":"","meta":{"_monsterinsights_skip_tracking":false,"_monsterinsights_sitenote_active":false,"_monsterinsights_sitenote_note":"","_monsterinsights_sitenote_category":0},"product_brand":[],"product_cat":[12274,12284],"product_tag":[],"class_list":{"0":"post-779828","1":"product","2":"type-product","3":"status-publish","5":"product_cat-cocuk-ve-genclik-kitaplari","6":"product_cat-hikayeler","7":"pa_cilt-ciltsiz","8":"pa_tur-kitap","9":"pa_yayinevi-eksik-parca-yayinlari","10":"pa_yazar-elif-ayla","12":"first","13":"instock","14":"sale","15":"shipping-taxable","16":"purchasable","17":"product-type-simple"},"_links":{"self":[{"href":"https:\/\/roveyayinevi.com.tr\/index.php\/wp-json\/wp\/v2\/product\/779828","targetHints":{"allow":["GET"]}}],"collection":[{"href":"https:\/\/roveyayinevi.com.tr\/index.php\/wp-json\/wp\/v2\/product"}],"about":[{"href":"https:\/\/roveyayinevi.com.tr\/index.php\/wp-json\/wp\/v2\/types\/product"}],"wp:attachment":[{"href":"https:\/\/roveyayinevi.com.tr\/index.php\/wp-json\/wp\/v2\/media?parent=779828"}],"wp:term":[{"taxonomy":"product_brand","embeddable":true,"href":"https:\/\/roveyayinevi.com.tr\/index.php\/wp-json\/wp\/v2\/product_brand?post=779828"},{"taxonomy":"product_cat","embeddable":true,"href":"https:\/\/roveyayinevi.com.tr\/index.php\/wp-json\/wp\/v2\/product_cat?post=779828"},{"taxonomy":"product_tag","embeddable":true,"href":"https:\/\/roveyayinevi.com.tr\/index.php\/wp-json\/wp\/v2\/product_tag?post=779828"}],"curies":[{"name":"wp","href":"https:\/\/api.w.org\/{rel}","templated":true}]}}