{"id":779804,"date":"2025-12-30T12:11:44","date_gmt":"2025-12-30T09:11:44","guid":{"rendered":"https:\/\/roveyayinevi.com.tr\/index.php\/urun\/gece-ile-safak\/"},"modified":"2026-04-15T03:44:21","modified_gmt":"2026-04-15T00:44:21","slug":"gece-ile-safak","status":"publish","type":"product","link":"https:\/\/roveyayinevi.com.tr\/index.php\/urun\/gece-ile-safak\/","title":{"rendered":"Gece ile \u015eafak"},"content":{"rendered":"<p>Karanl\u0131kta bile g\u00f6ren g\u00f6zd\u00fc y\u00fcrek. Bir kez ba\u011fland\u0131\u011f\u0131nda iz s\u00fcr\u00fcyordu. Onlar sevgiyi de ac\u0131y\u0131 da birlikte ya\u015fam\u0131\u015flard\u0131. B\u00fcy\u00fcklerin d\u00fcnyas\u0131nda k\u00f6t\u00fcl\u00fc\u011f\u00fcn kurban\u0131 olmu\u015f, kaderin savurdu\u011fu farkl\u0131 y\u00f6nlerde kaybolmu\u015flard\u0131. Y\u0131llar ge\u00e7mi\u015f, ya\u015famlar de\u011fi\u015fmi\u015f, dile getirilemeyen ac\u0131lar karanl\u0131klarda hapsolmu\u015ftu. Ancak bir ger\u00e7ek vard\u0131 ki ayn\u0131 ate\u015fte yanan y\u00fcrekler biraz \u00f6rselenmi\u015f, biraz olgunla\u015fm\u0131\u015f olsa da birbirini tan\u0131yordu. Fakat hayat bu kez onlara farkl\u0131 roller \u00e7izmi\u015fti. Gece, intikam ate\u015fiyle yanan bir kad\u0131n\u2026 \u015eafak, sevdi\u011fi kad\u0131n\u0131 korumak i\u00e7in kendinden vazge\u00e7meye haz\u0131r bir erkek\u2026 Ger\u00e7e\u011fi ararken a\u015fk\u0131n ve tutkunun esiri olan iki y\u00fcrek\u2026 Bir yanda dar, \u00e7\u0131kmaz sokaklar; birbirine yaslanm\u0131\u015f gecekondular, benzer yazg\u0131lar, y\u00fczler, insanlar\u2026 Di\u011fer yanda karanl\u0131\u011fa sahte \u0131\u015f\u0131klar yakan sazl\u0131 s\u00f6zl\u00fc mek\u00e2nlar; su\u00e7lar, su\u00e7lular, hem sefil hem de g\u00f6z al\u0131c\u0131 hayatlar\u2026 TEHL\u0130KEN\u0130N KOYNUNDA, SIRLARLA \u00c7EVR\u0130L\u0130 DER\u0130N B\u0130R A\u015eK H\u0130K\u00c2YES\u0130 OKUMAYA HAZIR MISINIZ?<\/p>\n","protected":false},"excerpt":{"rendered":"<p>Karanl\u0131kta bile g\u00f6ren g\u00f6zd\u00fc y\u00fcrek. Bir kez ba\u011fland\u0131\u011f\u0131nda iz s\u00fcr\u00fcyordu. Onlar sevgiyi de ac\u0131y\u0131 da birlikte ya\u015fam\u0131\u015flard\u0131. B\u00fcy\u00fcklerin d\u00fcnyas\u0131nda k\u00f6t\u00fcl\u00fc\u011f\u00fcn kurban\u0131 olmu\u015f, kaderin savurdu\u011fu farkl\u0131 y\u00f6nlerde<span class=\"excerpt-hellip\"> [\u2026]<\/span><\/p>\n","protected":false},"featured_media":0,"template":"","meta":{"_monsterinsights_skip_tracking":false,"_monsterinsights_sitenote_active":false,"_monsterinsights_sitenote_note":"","_monsterinsights_sitenote_category":0},"product_brand":[],"product_cat":[12291,12711],"product_tag":[],"class_list":{"0":"post-779804","1":"product","2":"type-product","3":"status-publish","5":"product_cat-edebiyat","6":"product_cat-roman-oyku","7":"pa_cilt-ciltsiz","8":"pa_tur-kitap","9":"pa_yayinevi-ephesus-yayinlari","10":"pa_yazar-fatma-erdek","12":"first","13":"instock","14":"sale","15":"shipping-taxable","16":"purchasable","17":"product-type-simple"},"_links":{"self":[{"href":"https:\/\/roveyayinevi.com.tr\/index.php\/wp-json\/wp\/v2\/product\/779804","targetHints":{"allow":["GET"]}}],"collection":[{"href":"https:\/\/roveyayinevi.com.tr\/index.php\/wp-json\/wp\/v2\/product"}],"about":[{"href":"https:\/\/roveyayinevi.com.tr\/index.php\/wp-json\/wp\/v2\/types\/product"}],"wp:attachment":[{"href":"https:\/\/roveyayinevi.com.tr\/index.php\/wp-json\/wp\/v2\/media?parent=779804"}],"wp:term":[{"taxonomy":"product_brand","embeddable":true,"href":"https:\/\/roveyayinevi.com.tr\/index.php\/wp-json\/wp\/v2\/product_brand?post=779804"},{"taxonomy":"product_cat","embeddable":true,"href":"https:\/\/roveyayinevi.com.tr\/index.php\/wp-json\/wp\/v2\/product_cat?post=779804"},{"taxonomy":"product_tag","embeddable":true,"href":"https:\/\/roveyayinevi.com.tr\/index.php\/wp-json\/wp\/v2\/product_tag?post=779804"}],"curies":[{"name":"wp","href":"https:\/\/api.w.org\/{rel}","templated":true}]}}