{"id":779803,"date":"2025-12-30T12:11:42","date_gmt":"2025-12-30T09:11:42","guid":{"rendered":"https:\/\/roveyayinevi.com.tr\/index.php\/urun\/kgk-hesap-plani-kullanimli-teori-ve-uygulama-ornekleri-ile-turkiye-finansal-raporlama-standartlari\/"},"modified":"2026-04-15T03:44:21","modified_gmt":"2026-04-15T00:44:21","slug":"kgk-hesap-plani-kullanimli-teori-ve-uygulama-ornekleri-ile-turkiye-finansal-raporlama-standartlari","status":"publish","type":"product","link":"https:\/\/roveyayinevi.com.tr\/index.php\/urun\/kgk-hesap-plani-kullanimli-teori-ve-uygulama-ornekleri-ile-turkiye-finansal-raporlama-standartlari\/","title":{"rendered":"Kgk Hesap Plan\u0131 Kullan\u0131ml\u0131 Teori Ve Uygulama \u00d6rnekleri \u0130le T\u00fcrkiye Finansal Raporlama Standartlar\u0131"},"content":{"rendered":"<p>\u0130\u00e7indekiler :   1. KISIM: F\u0130NANSAL RAPORLAMAYA G\u0130R\u0130\u015e   B\u00d6L\u00dcM 1: T\u00dcRK\u0130YE MUHASEBE STANDARTLARINA TOPLU BAKI\u015e B\u00d6L\u00dcM 2: F\u0130NANSAL RAPORLAMAYA \u0130L\u0130\u015eK\u0130N KAVRAMSAL \u00c7ER\u00c7EVE B\u00d6L\u00dcM 3: TFRS 18 F\u0130NANSAL TABLOLARDA SUNUM VE A\u00c7IKLAMA B\u00d6L\u00dcM 4: TMS 8 MUHASEBE POL\u0130T\u0130KALARI, MUHASEBE TAHM\u0130NLER\u0130NDE DE\u011e\u0130\u015e\u0130KL\u0130KLER VE HATALAR B\u00d6L\u00dcM 5: TMS 10 RAPORLAMA D\u00d6NEM\u0130NDEN SONRAK\u0130 OLAYLAR   2. KISIM: F\u0130NANSAL RAPORLAMA UYGULAMALARI   B\u00d6L\u00dcM 1: TMS 12 GEL\u0130R VERG\u0130LER\u0130 B\u00d6L\u00dcM 2: TFRS 15 M\u00dc\u015eTER\u0130 S\u00d6ZLE\u015eMELER\u0130NDEN HASILAT B\u00d6L\u00dcM 3: TMS 2 STOKLAR B\u00d6L\u00dcM 4: TMS 16 MADD\u0130 DURAN VARLIKLAR B\u00d6L\u00dcM 5: TMS 38 MADD\u0130 OLMAYAN DURAN VARLIKLAR     B\u00d6L\u00dcM 6: TMS 40 YATIRIM AMA\u00c7LI GAYR\u0130MENKULLER B\u00d6L\u00dcM 7: TFRS 16 K\u0130RALAMALAR B\u00d6L\u00dcM 8: TMS 23 BOR\u00c7LANMA MAL\u0130YETLER\u0130 B\u00d6L\u00dcM 9: TMS 36 VARLIKLARDA DE\u011eER D\u00dc\u015e\u00dcKL\u00dc\u011e\u00dc B\u00d6L\u00dcM 10: TFRS 5 SATI\u015e AMA\u00c7LI ELDE TUTULAN DURAN VARLIKLAR VE DURDURULAN FAAL\u0130YETLER B\u00d6L\u00dcM 11: TMS 37 KAR\u015eILIKLAR, KO\u015eULLU BOR\u00c7LAR VE KO\u015eULLU VARLIKLAR B\u00d6L\u00dcM 12: TMS 19 \u00c7ALI\u015eANLARA SA\u011eLANAN FAYDALAR B\u00d6L\u00dcM 13: TMS 20 DEVLET TE\u015eV\u0130KLER\u0130N\u0130N MUHASEBELE\u015eT\u0130R\u0130LMES\u0130 VE DEVLET YARDIMLARININ A\u00c7IKLANMASI B\u00d6L\u00dcM 14: TMS 41 TARIMSAL FAAL\u0130YETLER B\u00d6L\u00dcM 15: TMS 7 NAK\u0130T AKI\u015e TABLOSU B\u00d6L\u00dcM 16: TFRS 9 F\u0130NANSAL ARA\u00c7LAR B\u00d6L\u00dcM 17: TFRS 17 S\u0130GORTA S\u00d6ZLE\u015eMELER\u0130   3. KISIM: \u0130\u015eLETME B\u0130RLE\u015eMELER\u0130, ORTAKLIKLAR   B\u00d6L\u00dcM 1: TFRS 3 \u0130\u015eLETME B\u0130RLE\u015eMELER\u0130 B\u00d6L\u00dcM 2: TFRS 2 H\u0130SSE BAZLI \u00d6DEMELER B\u00d6L\u00dcM 3: TMS 33 H\u0130SSE BA\u015eINA KAZAN\u00c7 B\u00d6L\u00dcM 4: TFRS 11 M\u00dc\u015eTEREK ANLA\u015eMALAR B\u00d6L\u00dcM 5: TFRS 10 KONSOL\u0130DE F\u0130NANSAL TABLOLAR B\u00d6L\u00dcM 6: TMS 28 \u0130\u015eT\u0130RAKLERDEK\u0130 VE \u0130\u015e ORTAKLIKLARINDAK\u0130 YATIRIMLAR B\u00d6L\u00dcM 7: TMS 21 KUR DE\u011e\u0130\u015e\u0130M\u0130N\u0130N ETK\u0130LER\u0130   4. KISIM: Y\u00dcKSEK ENFLASYONLU EKONOM\u0130LERDE F\u0130NANSAL RAPORLAMA   B\u00d6L\u00dcM 1: TMS 29 Y\u00dcKSEK ENFLASYONLU EKONOM\u0130LERDE F\u0130NANSAL RAPORLAMA   5. KISIM: UYGULAMA   B\u00d6L\u00dcM 1: TMS\/TFRS\u2019LERE Y\u00d6NEL\u0130K \u00d6RNEK UYGULAMA <\/p>\n","protected":false},"excerpt":{"rendered":"<p>\u0130\u00e7indekiler : 1. KISIM: F\u0130NANSAL RAPORLAMAYA G\u0130R\u0130\u015e B\u00d6L\u00dcM 1: T\u00dcRK\u0130YE MUHASEBE STANDARTLARINA TOPLU BAKI\u015e B\u00d6L\u00dcM 2: F\u0130NANSAL RAPORLAMAYA \u0130L\u0130\u015eK\u0130N KAVRAMSAL \u00c7ER\u00c7EVE B\u00d6L\u00dcM 3: TFRS 18 F\u0130NANSAL<span class=\"excerpt-hellip\"> [\u2026]<\/span><\/p>\n","protected":false},"featured_media":0,"template":"","meta":{"_monsterinsights_skip_tracking":false,"_monsterinsights_sitenote_active":false,"_monsterinsights_sitenote_note":"","_monsterinsights_sitenote_category":0},"product_brand":[],"product_cat":[13043,14381],"product_tag":[],"class_list":{"0":"post-779803","1":"product","2":"type-product","3":"status-publish","5":"product_cat-ekonomi","6":"product_cat-isletme-muhasebe-maliye","7":"pa_cilt-ciltsiz","8":"pa_tur-kitap","9":"pa_yayinevi-gazi-kitabevi","10":"pa_yazar-kolektif","12":"first","13":"instock","14":"sale","15":"shipping-taxable","16":"purchasable","17":"product-type-simple"},"_links":{"self":[{"href":"https:\/\/roveyayinevi.com.tr\/index.php\/wp-json\/wp\/v2\/product\/779803","targetHints":{"allow":["GET"]}}],"collection":[{"href":"https:\/\/roveyayinevi.com.tr\/index.php\/wp-json\/wp\/v2\/product"}],"about":[{"href":"https:\/\/roveyayinevi.com.tr\/index.php\/wp-json\/wp\/v2\/types\/product"}],"wp:attachment":[{"href":"https:\/\/roveyayinevi.com.tr\/index.php\/wp-json\/wp\/v2\/media?parent=779803"}],"wp:term":[{"taxonomy":"product_brand","embeddable":true,"href":"https:\/\/roveyayinevi.com.tr\/index.php\/wp-json\/wp\/v2\/product_brand?post=779803"},{"taxonomy":"product_cat","embeddable":true,"href":"https:\/\/roveyayinevi.com.tr\/index.php\/wp-json\/wp\/v2\/product_cat?post=779803"},{"taxonomy":"product_tag","embeddable":true,"href":"https:\/\/roveyayinevi.com.tr\/index.php\/wp-json\/wp\/v2\/product_tag?post=779803"}],"curies":[{"name":"wp","href":"https:\/\/api.w.org\/{rel}","templated":true}]}}