{"id":779783,"date":"2025-12-30T12:10:43","date_gmt":"2025-12-30T09:10:43","guid":{"rendered":"https:\/\/roveyayinevi.com.tr\/index.php\/urun\/istanbulda-yasam-mucadelesi\/"},"modified":"2026-04-15T03:44:20","modified_gmt":"2026-04-15T00:44:20","slug":"istanbulda-yasam-mucadelesi","status":"publish","type":"product","link":"https:\/\/roveyayinevi.com.tr\/index.php\/urun\/istanbulda-yasam-mucadelesi\/","title":{"rendered":"\u0130stanbul\u2019da Ya\u015fam M\u00fccadelesi"},"content":{"rendered":"<p>Suraiya Faroqhi yak\u0131n d\u00f6nemde yazd\u0131\u011f\u0131 makalelerden olu\u015fan bu se\u00e7kide okurlar\u0131 temel olarak 17. ve 18. y\u00fczy\u0131l \u0130stanbul\u2019una g\u00f6t\u00fcr\u00fcyor, fakat gerekli oldu\u011funda daha \u00f6nceki ya da sonraki d\u00f6nemlere u\u011framaktan, o zamanlar\u0131n serencam\u0131n\u0131 anlatmaktan da ka\u00e7\u0131nm\u0131yor. Kitapta ba\u015frol\u00fc \u015fehrin \u201cs\u0131radan\u201d sakinleri oynuyor. Salg\u0131n hastal\u0131klar\u0131n ya da b\u00fcy\u00fck yang\u0131nlar\u0131n bir gecede koca bir semti k\u0131r\u0131p ge\u00e7irebildi\u011fi o g\u00fcnlerde, \u0130stanbullular hayatta kalmak ve ailelerinin karn\u0131n\u0131 doyurmak i\u00e7in b\u00fcy\u00fck bir m\u00fccadele veriyorlar. Yenen yemeklerden y\u00fcr\u00fcnen sokaklara, sonu gelmez yang\u0131nlar\u0131n yol a\u00e7t\u0131\u011f\u0131 tahribattan \u015fehzadelerin s\u00fcnnet d\u00fc\u011f\u00fcnlerine geni\u015f bir yelpazede sal\u0131nan \u0130stanbul\u2019da Ya\u015fam M\u00fccadelesi g\u00f6\u00e7menlerin, k\u00f6lelerin, esnaf ve zanaatk\u00e2rlar\u0131n, loncalar\u0131n, kent pazarlar\u0131na erzak ve hammadde tedarik eden ta\u015fral\u0131lar\u0131n birbirleriyle k\u00e2h yard\u0131mla\u015ft\u0131\u011f\u0131 k\u00e2h \u00e7at\u0131\u015ft\u0131\u011f\u0131 \u00e7ok canl\u0131 bir \u015fehir silueti sunuyor. Tabii, s\u0131radan kentlilerle ba\u015fkentin merkezi b\u00fcrokrasisi aras\u0131ndaki gerilimler de bu siluete yans\u0131yor. Kitap yaln\u0131zca bu t\u00fcr m\u00fccadelelerden de ibaret de\u011fil. Mesire ve piknik yerleri, Bo\u011faz\u2019a d\u00f6k\u00fclen dereler, Evliya \u00c7elebi\u2019nin insana haz veren tasvirleri, Re\u015fat Ekrem Ko\u00e7u\u2019nun abidevi ansiklopedisinin \u00f6yk\u00fcs\u00fc de kitab\u0131n sayfalar\u0131nda kendilerine yer buluyor. \u0130stanbul\u2019da Ya\u015fam M\u00fccadelesi, modernite \u00f6ncesinin \u0130stanbul\u2019unda g\u00fcndelik hayat\u0131n muhtemel bir tasvirini yapan \u00e7ok renkli bir mozaik. <\/p>\n","protected":false},"excerpt":{"rendered":"<p>Suraiya Faroqhi yak\u0131n d\u00f6nemde yazd\u0131\u011f\u0131 makalelerden olu\u015fan bu se\u00e7kide okurlar\u0131 temel olarak 17. ve 18. y\u00fczy\u0131l \u0130stanbul\u2019una g\u00f6t\u00fcr\u00fcyor, fakat gerekli oldu\u011funda daha \u00f6nceki ya da sonraki<span class=\"excerpt-hellip\"> [\u2026]<\/span><\/p>\n","protected":false},"featured_media":0,"template":"","meta":{"_monsterinsights_skip_tracking":false,"_monsterinsights_sitenote_active":false,"_monsterinsights_sitenote_note":"","_monsterinsights_sitenote_category":0},"product_brand":[],"product_cat":[13517,12304],"product_tag":[],"class_list":{"0":"post-779783","1":"product","2":"type-product","3":"status-publish","5":"product_cat-osmanli-tarihi","6":"product_cat-tarih","7":"pa_cilt-ciltsiz","8":"pa_tur-kitap","9":"pa_yayinevi-koc-universitesi-yayinlari","10":"pa_yazar-suraiya-faroqhi","12":"first","13":"instock","14":"sale","15":"shipping-taxable","16":"purchasable","17":"product-type-simple"},"_links":{"self":[{"href":"https:\/\/roveyayinevi.com.tr\/index.php\/wp-json\/wp\/v2\/product\/779783","targetHints":{"allow":["GET"]}}],"collection":[{"href":"https:\/\/roveyayinevi.com.tr\/index.php\/wp-json\/wp\/v2\/product"}],"about":[{"href":"https:\/\/roveyayinevi.com.tr\/index.php\/wp-json\/wp\/v2\/types\/product"}],"wp:attachment":[{"href":"https:\/\/roveyayinevi.com.tr\/index.php\/wp-json\/wp\/v2\/media?parent=779783"}],"wp:term":[{"taxonomy":"product_brand","embeddable":true,"href":"https:\/\/roveyayinevi.com.tr\/index.php\/wp-json\/wp\/v2\/product_brand?post=779783"},{"taxonomy":"product_cat","embeddable":true,"href":"https:\/\/roveyayinevi.com.tr\/index.php\/wp-json\/wp\/v2\/product_cat?post=779783"},{"taxonomy":"product_tag","embeddable":true,"href":"https:\/\/roveyayinevi.com.tr\/index.php\/wp-json\/wp\/v2\/product_tag?post=779783"}],"curies":[{"name":"wp","href":"https:\/\/api.w.org\/{rel}","templated":true}]}}