{"id":779753,"date":"2025-12-30T12:09:40","date_gmt":"2025-12-30T09:09:40","guid":{"rendered":"https:\/\/roveyayinevi.com.tr\/index.php\/urun\/kucuk-seyler-dizisi-kutulu-takim\/"},"modified":"2026-04-15T03:44:19","modified_gmt":"2026-04-15T00:44:19","slug":"kucuk-seyler-dizisi-kutulu-takim","status":"publish","type":"product","link":"https:\/\/roveyayinevi.com.tr\/index.php\/urun\/kucuk-seyler-dizisi-kutulu-takim\/","title":{"rendered":"K\u00fc\u00e7\u00fck \u015eeyler Dizisi (Kutulu Tak\u0131m)"},"content":{"rendered":"<p>D\u00f6rt kitaptan olu\u015fan ba\u015fucu kitaplar\u0131 \u015fimdi tek kutuda&#8230; K\u00fc\u00e7\u00fck \u015eeyler Dizisi, hayata daha sevgiyle, daha fark\u0131ndal\u0131kla bakmak isteyen herkes i\u00e7in ba\u015fucunda bulunmas\u0131 gereken \u00f6zel bir yol arkada\u015f\u0131. <\/p>\n","protected":false},"excerpt":{"rendered":"<p>D\u00f6rt kitaptan olu\u015fan ba\u015fucu kitaplar\u0131 \u015fimdi tek kutuda&#8230; K\u00fc\u00e7\u00fck \u015eeyler Dizisi, hayata daha sevgiyle, daha fark\u0131ndal\u0131kla bakmak isteyen herkes i\u00e7in ba\u015fucunda bulunmas\u0131 gereken \u00f6zel bir yol<span class=\"excerpt-hellip\"> [\u2026]<\/span><\/p>\n","protected":false},"featured_media":0,"template":"","meta":{"_monsterinsights_skip_tracking":false,"_monsterinsights_sitenote_active":false,"_monsterinsights_sitenote_note":"","_monsterinsights_sitenote_category":0},"product_brand":[],"product_cat":[12357],"product_tag":[],"class_list":{"0":"post-779753","1":"product","2":"type-product","3":"status-publish","5":"product_cat-psikoloji","6":"pa_cilt-ciltsiz","7":"pa_tur-kitap","8":"pa_yayinevi-remzi-kitabevi","9":"pa_yazar-ustun-dokmen","11":"first","12":"instock","13":"sale","14":"shipping-taxable","15":"purchasable","16":"product-type-simple"},"_links":{"self":[{"href":"https:\/\/roveyayinevi.com.tr\/index.php\/wp-json\/wp\/v2\/product\/779753","targetHints":{"allow":["GET"]}}],"collection":[{"href":"https:\/\/roveyayinevi.com.tr\/index.php\/wp-json\/wp\/v2\/product"}],"about":[{"href":"https:\/\/roveyayinevi.com.tr\/index.php\/wp-json\/wp\/v2\/types\/product"}],"wp:attachment":[{"href":"https:\/\/roveyayinevi.com.tr\/index.php\/wp-json\/wp\/v2\/media?parent=779753"}],"wp:term":[{"taxonomy":"product_brand","embeddable":true,"href":"https:\/\/roveyayinevi.com.tr\/index.php\/wp-json\/wp\/v2\/product_brand?post=779753"},{"taxonomy":"product_cat","embeddable":true,"href":"https:\/\/roveyayinevi.com.tr\/index.php\/wp-json\/wp\/v2\/product_cat?post=779753"},{"taxonomy":"product_tag","embeddable":true,"href":"https:\/\/roveyayinevi.com.tr\/index.php\/wp-json\/wp\/v2\/product_tag?post=779753"}],"curies":[{"name":"wp","href":"https:\/\/api.w.org\/{rel}","templated":true}]}}