{"id":779751,"date":"2025-12-30T12:09:35","date_gmt":"2025-12-30T09:09:35","guid":{"rendered":"https:\/\/roveyayinevi.com.tr\/index.php\/urun\/kasnak\/"},"modified":"2026-04-15T03:44:19","modified_gmt":"2026-04-15T00:44:19","slug":"kasnak","status":"publish","type":"product","link":"https:\/\/roveyayinevi.com.tr\/index.php\/urun\/kasnak\/","title":{"rendered":"Kasnak"},"content":{"rendered":"<p>Kasnak: G\u00fcndelik Hayat\u0131n \u015eiirsel Alan Haf\u0131zas\u0131 Anlat\u0131lar\u0131, bireysel ve kolektif haf\u0131zan\u0131n g\u00fcndelik deneyimlerle yeniden dokundu\u011fu \u015fiirsel alanlar\u0131 kayda ge\u00e7irir. Bu katmanl\u0131 olu\u015fum; nenenin a\u015fevinde mayalanan hamurdan, ada melteminde \u00e7ar\u015fafa vuran g\u00fcne\u015fe, bir m\u00fcze resminde l\u00fbk l\u00fbk d\u00f6k\u00fclen s\u00fctle canlanan so\u011fuk bir \u00e7ocukluk sahnesinden, emekleyerek \u00e7\u0131k\u0131lan piramide; badem a\u011fac\u0131yla a\u00e7an kad\u0131ndan, tarladaki buluntuyla y\u00fczle\u015fen insanl\u0131\u011fa kadar uzan\u0131r. Kasnak, bu kar\u015f\u0131la\u015fmalarda beliren yeni hat\u0131rlama bi\u00e7imleriyle haf\u0131zay\u0131 yeniden \u015fekillendirir; b\u00fcy\u00fck anlat\u0131lar\u0131n g\u00f6lgesinde kalan g\u00fcndeli\u011fin bilgeli\u011fini g\u00f6r\u00fcn\u00fcr k\u0131lar. \u0130nsan\u0131n, do\u011fan\u0131n ve k\u00fclt\u00fcr\u00fcn birlikte onar\u0131labilece\u011fi bir \u015fiirsel mek\u00e2n in\u015fa eder. \u0130klim ve k\u00fclt\u00fcr krizlerinin yaratt\u0131\u011f\u0131 kopu\u015flara kar\u015f\u0131, unutulmu\u015f romantik duyarl\u0131l\u0131\u011f\u0131 bir yeniden ba\u011f kurma, empatik fark\u0131ndal\u0131k ve direni\u015f y\u00f6ntemi olarak \u00f6nerir.* * *Benim de kahkahalar aras\u0131nda \u015f\u00f6lenlere \u015farap ta\u015f\u0131d\u0131\u011f\u0131m, tanr\u0131 kat\u0131nda kutsal ayinlere kat\u0131ld\u0131\u011f\u0131m, suya kar\u0131\u015f\u0131p yatak arad\u0131\u011f\u0131m, g\u00f6m\u00fc hediyesi gibi bir \u00f6l\u00fcyle topra\u011fa b\u0131rak\u0131ld\u0131\u011f\u0131m, zamanla da\u011f\u0131ld\u0131\u011f\u0131m, par\u00e7alar\u0131m\u0131 birle\u015ftiren ellerde evirildi\u011fim, bir hik\u00e2ye anlat\u0131c\u0131s\u0131n\u0131n dilinde dirildi\u011fim, bir buluntu gibi yeniden g\u00fcn y\u00fcz\u00fc g\u00f6rd\u00fc\u011f\u00fcm oldu \u2014 benden yans\u0131yan kendine uzun uzun bak\u0131\u015f\u0131n\u0131 sevdim en \u00e7ok. Uyan\u0131yor sen bakt\u0131k\u00e7a boynumdaki hayvanlar. Tarlaya d\u00f6n\u00fcyoruz. A\u015fk, unutulmu\u015f tar\u0131m. <\/p>\n","protected":false},"excerpt":{"rendered":"<p>Kasnak: G\u00fcndelik Hayat\u0131n \u015eiirsel Alan Haf\u0131zas\u0131 Anlat\u0131lar\u0131, bireysel ve kolektif haf\u0131zan\u0131n g\u00fcndelik deneyimlerle yeniden dokundu\u011fu \u015fiirsel alanlar\u0131 kayda ge\u00e7irir. Bu katmanl\u0131 olu\u015fum; nenenin a\u015fevinde mayalanan hamurdan,<span class=\"excerpt-hellip\"> [\u2026]<\/span><\/p>\n","protected":false},"featured_media":0,"template":"","meta":{"_monsterinsights_skip_tracking":false,"_monsterinsights_sitenote_active":false,"_monsterinsights_sitenote_note":"","_monsterinsights_sitenote_category":0},"product_brand":[],"product_cat":[18545,12291],"product_tag":[],"class_list":{"0":"post-779751","1":"product","2":"type-product","3":"status-publish","5":"product_cat-anlati","6":"product_cat-edebiyat","7":"pa_cilt-ciltsiz","8":"pa_tur-kitap","9":"pa_yayinevi-yitik-ulke-yayinlari","10":"pa_yazar-nafia-akdeniz","12":"first","13":"instock","14":"sale","15":"shipping-taxable","16":"purchasable","17":"product-type-simple"},"_links":{"self":[{"href":"https:\/\/roveyayinevi.com.tr\/index.php\/wp-json\/wp\/v2\/product\/779751","targetHints":{"allow":["GET"]}}],"collection":[{"href":"https:\/\/roveyayinevi.com.tr\/index.php\/wp-json\/wp\/v2\/product"}],"about":[{"href":"https:\/\/roveyayinevi.com.tr\/index.php\/wp-json\/wp\/v2\/types\/product"}],"wp:attachment":[{"href":"https:\/\/roveyayinevi.com.tr\/index.php\/wp-json\/wp\/v2\/media?parent=779751"}],"wp:term":[{"taxonomy":"product_brand","embeddable":true,"href":"https:\/\/roveyayinevi.com.tr\/index.php\/wp-json\/wp\/v2\/product_brand?post=779751"},{"taxonomy":"product_cat","embeddable":true,"href":"https:\/\/roveyayinevi.com.tr\/index.php\/wp-json\/wp\/v2\/product_cat?post=779751"},{"taxonomy":"product_tag","embeddable":true,"href":"https:\/\/roveyayinevi.com.tr\/index.php\/wp-json\/wp\/v2\/product_tag?post=779751"}],"curies":[{"name":"wp","href":"https:\/\/api.w.org\/{rel}","templated":true}]}}