{"id":779747,"date":"2025-12-30T12:09:24","date_gmt":"2025-12-30T09:09:24","guid":{"rendered":"https:\/\/roveyayinevi.com.tr\/index.php\/urun\/red-hood-kanunsuzlar-2\/"},"modified":"2026-04-15T03:44:19","modified_gmt":"2026-04-15T00:44:19","slug":"red-hood-kanunsuzlar-2","status":"publish","type":"product","link":"https:\/\/roveyayinevi.com.tr\/index.php\/urun\/red-hood-kanunsuzlar-2\/","title":{"rendered":"Red Hood Kanunsuzlar 2"},"content":{"rendered":"<p>Herkesin g\u00f6zdesi Jason Todd\u2019un kara bahtl\u0131 kefaret yolculu\u011funu anlatan pop\u00fcler WEBTOON serisi, ikinci cildiyle ra\ufb02arda! Ka\u00e7\u0131rmay\u0131n!   Kanunsuzlar, i\u015fleri yasal yollardan halletmeye ba\u015flad\u0131 ve yeni mek\u00e2nlar\u0131 da Watchtower. Ama Adalet Birli\u011fi onlar\u0131 oraya hapsetti\u011fi i\u00e7in de\u011fil. Batman oran\u0131n anahtar\u0131n\u0131 kendi elleriyle verdi! Art\u0131k kontrol Kanunsuzlar\u2019da! Eski Robin Jason Todd, eski Wonder Woman Artemis Grace ve Superman\u2019in tuhaf z\u0131tt\u0131 Bizarro&#8230; En iyilere ula\u015fam\u0131yorsan\u0131z kiralayabilece\u011finiz en yetenekli kahraman ekibi! Batman, Wonder Woman ve Superman kontrol\u00fc onlara b\u0131rakt\u0131\u011f\u0131nda her \u015fey ayn\u0131 olacak m\u0131 peki? D\u00fcnya halk\u0131 \u00f6yle d\u00fc\u015f\u00fcn\u00fcyor ama Medusa ile Mirror Master\u2019\u0131n planlar\u0131n\u0131 engelleyemezlerse her \u015fey alt\u00fcst olacak! Bu cilt, WEBTOON\u2019un efsane haline gelen serisinin 12-22. b\u00f6l\u00fcmlerini i\u00e7eriyor. \u00dcstelik keyifli bir okuma deneyimi i\u00e7in bask\u0131ya \u00f6zel olarak haz\u0131rland\u0131. Yeni favori seriniz ba\u015fl\u0131yor! <\/p>\n","protected":false},"excerpt":{"rendered":"<p>Herkesin g\u00f6zdesi Jason Todd\u2019un kara bahtl\u0131 kefaret yolculu\u011funu anlatan pop\u00fcler WEBTOON serisi, ikinci cildiyle ra\ufb02arda! Ka\u00e7\u0131rmay\u0131n! Kanunsuzlar, i\u015fleri yasal yollardan halletmeye ba\u015flad\u0131 ve yeni mek\u00e2nlar\u0131 da<span class=\"excerpt-hellip\"> [\u2026]<\/span><\/p>\n","protected":false},"featured_media":0,"template":"","meta":{"_monsterinsights_skip_tracking":false,"_monsterinsights_sitenote_active":false,"_monsterinsights_sitenote_note":"","_monsterinsights_sitenote_category":0},"product_brand":[],"product_cat":[12416,12291],"product_tag":[],"class_list":{"0":"post-779747","1":"product","2":"type-product","3":"status-publish","5":"product_cat-cizgi-roman","6":"product_cat-edebiyat","7":"pa_cilt-ciltsiz","8":"pa_tur-kitap","9":"pa_yayinevi-athica-yayinlari","10":"pa_yazar-patrick-r-young","12":"first","13":"instock","14":"sale","15":"shipping-taxable","16":"purchasable","17":"product-type-simple"},"_links":{"self":[{"href":"https:\/\/roveyayinevi.com.tr\/index.php\/wp-json\/wp\/v2\/product\/779747","targetHints":{"allow":["GET"]}}],"collection":[{"href":"https:\/\/roveyayinevi.com.tr\/index.php\/wp-json\/wp\/v2\/product"}],"about":[{"href":"https:\/\/roveyayinevi.com.tr\/index.php\/wp-json\/wp\/v2\/types\/product"}],"wp:attachment":[{"href":"https:\/\/roveyayinevi.com.tr\/index.php\/wp-json\/wp\/v2\/media?parent=779747"}],"wp:term":[{"taxonomy":"product_brand","embeddable":true,"href":"https:\/\/roveyayinevi.com.tr\/index.php\/wp-json\/wp\/v2\/product_brand?post=779747"},{"taxonomy":"product_cat","embeddable":true,"href":"https:\/\/roveyayinevi.com.tr\/index.php\/wp-json\/wp\/v2\/product_cat?post=779747"},{"taxonomy":"product_tag","embeddable":true,"href":"https:\/\/roveyayinevi.com.tr\/index.php\/wp-json\/wp\/v2\/product_tag?post=779747"}],"curies":[{"name":"wp","href":"https:\/\/api.w.org\/{rel}","templated":true}]}}