{"id":779746,"date":"2025-12-30T12:09:21","date_gmt":"2025-12-30T09:09:21","guid":{"rendered":"https:\/\/roveyayinevi.com.tr\/index.php\/urun\/gazzenin-son-kitapcisi\/"},"modified":"2026-04-15T03:44:19","modified_gmt":"2026-04-15T00:44:19","slug":"gazzenin-son-kitapcisi","status":"publish","type":"product","link":"https:\/\/roveyayinevi.com.tr\/index.php\/urun\/gazzenin-son-kitapcisi\/","title":{"rendered":"Gazze\u2019nin Son Kitap\u00e7\u0131s\u0131"},"content":{"rendered":"<p>Kitaplar h\u00e2l\u00e2 bizim en b\u00fcy\u00fck kurtulu\u015fumuzdur: Ka\u00e7mak i\u00e7in de\u011fil, ya\u015famak i\u00e7in.   Gazze\u2019nin duman\u0131 t\u00fcten harabelerinde, sararm\u0131\u015f kitap sayfalar\u0131n\u0131n aras\u0131nda ya\u015fl\u0131 bir adam, birinin nihayet durup onu g\u00f6rmesini bekler. \u00c7\u00fcnk\u00fc elindeki kitaplar yaln\u0131zca k\u00e2\u011f\u0131t ve m\u00fcrekkepten ibaret de\u011fildir. Onlar, b\u00f6l\u00fcnm\u00fc\u015f bir hayat\u0131n izlerini, yok say\u0131lm\u0131\u015f bir halk\u0131n belle\u011fini, bast\u0131r\u0131lan bir sesin y\u00fck\u00fcn\u00fc ta\u015f\u0131r. Gen\u00e7 bir Frans\u0131z foto\u011fraf\u00e7\u0131 objektifini bu adama \u00e7evirdi\u011finde, tek bir foto\u011fraf karesi yakalad\u0131\u011f\u0131n\u0131 san\u0131r. Oysa g\u00f6rd\u00fc\u011f\u00fc \u015fey bamba\u015fkad\u0131r: Ger\u00e7e\u011fe, direni\u015fe ve unutulmayanlara a\u00e7\u0131lan bir kap\u0131. \u201cHer bak\u0131\u015f\u0131n ard\u0131nda bir hik\u00e2ye sakl\u0131d\u0131r&#8230;\u201d der kitap\u00e7\u0131. \u201cBazen bir insan\u0131n, bazen de bir halk\u0131n.\u201d Ve b\u00f6ylece ba\u015flar anlat\u0131. Y\u0131k\u0131nt\u0131lar\u0131n aras\u0131nda b\u00fcy\u00fcyen \u00e7ocuklar, yar\u0131m kalm\u0131\u015f c\u00fcmleler, kay\u0131plarla \u00f6r\u00fcl\u00fc bir ya\u015fam\u2026 Ve b\u00fct\u00fcn bu sessiz enkaz\u0131n ortas\u0131nda, bir adam a\u011f\u0131r a\u011f\u0131r bir sayfa \u00e7evirir. O an anlars\u0131n\u0131z: Bir sayfa \u00e7evirmek, bir devrim ba\u015flatmakt\u0131r. <\/p>\n","protected":false},"excerpt":{"rendered":"<p>Kitaplar h\u00e2l\u00e2 bizim en b\u00fcy\u00fck kurtulu\u015fumuzdur: Ka\u00e7mak i\u00e7in de\u011fil, ya\u015famak i\u00e7in. Gazze\u2019nin duman\u0131 t\u00fcten harabelerinde, sararm\u0131\u015f kitap sayfalar\u0131n\u0131n aras\u0131nda ya\u015fl\u0131 bir adam, birinin nihayet durup onu<span class=\"excerpt-hellip\"> [\u2026]<\/span><\/p>\n","protected":false},"featured_media":0,"template":"","meta":{"_monsterinsights_skip_tracking":false,"_monsterinsights_sitenote_active":false,"_monsterinsights_sitenote_note":"","_monsterinsights_sitenote_category":0},"product_brand":[],"product_cat":[12291,12711],"product_tag":[],"class_list":{"0":"post-779746","1":"product","2":"type-product","3":"status-publish","5":"product_cat-edebiyat","6":"product_cat-roman-oyku","7":"pa_cilt-ciltsiz","8":"pa_tur-kitap","9":"pa_yayinevi-beyaz-baykus-yayinlari","10":"pa_yazar-rachid-benzine","12":"first","13":"instock","14":"sale","15":"shipping-taxable","16":"purchasable","17":"product-type-simple"},"_links":{"self":[{"href":"https:\/\/roveyayinevi.com.tr\/index.php\/wp-json\/wp\/v2\/product\/779746","targetHints":{"allow":["GET"]}}],"collection":[{"href":"https:\/\/roveyayinevi.com.tr\/index.php\/wp-json\/wp\/v2\/product"}],"about":[{"href":"https:\/\/roveyayinevi.com.tr\/index.php\/wp-json\/wp\/v2\/types\/product"}],"wp:attachment":[{"href":"https:\/\/roveyayinevi.com.tr\/index.php\/wp-json\/wp\/v2\/media?parent=779746"}],"wp:term":[{"taxonomy":"product_brand","embeddable":true,"href":"https:\/\/roveyayinevi.com.tr\/index.php\/wp-json\/wp\/v2\/product_brand?post=779746"},{"taxonomy":"product_cat","embeddable":true,"href":"https:\/\/roveyayinevi.com.tr\/index.php\/wp-json\/wp\/v2\/product_cat?post=779746"},{"taxonomy":"product_tag","embeddable":true,"href":"https:\/\/roveyayinevi.com.tr\/index.php\/wp-json\/wp\/v2\/product_tag?post=779746"}],"curies":[{"name":"wp","href":"https:\/\/api.w.org\/{rel}","templated":true}]}}