{"id":779735,"date":"2025-12-30T12:08:48","date_gmt":"2025-12-30T09:08:48","guid":{"rendered":"https:\/\/roveyayinevi.com.tr\/index.php\/urun\/douris-ve-antik-yunan-vazo-ressamligi\/"},"modified":"2026-04-15T03:44:19","modified_gmt":"2026-04-15T00:44:19","slug":"douris-ve-antik-yunan-vazo-ressamligi","status":"publish","type":"product","link":"https:\/\/roveyayinevi.com.tr\/index.php\/urun\/douris-ve-antik-yunan-vazo-ressamligi\/","title":{"rendered":"Douris ve Antik Yunan Vazo Ressaml\u0131\u011f\u0131"},"content":{"rendered":"<p>Antik Yunan vazo resminde k\u0131rm\u0131z\u0131 fig\u00fcr tekni\u011fi yakla\u015f\u0131k M\u00d6 530 y\u0131llar\u0131nda Andokides taraf\u0131ndan icat edilmi\u015ftir. Bu icad\u0131n ard\u0131ndan vazo resmi h\u0131zl\u0131 bir geli\u015fim s\u00fcrecine girmi\u015f ve bir\u00e7ok \u00f6nemli ressam ortaya \u00e7\u0131km\u0131\u015ft\u0131r. Bu ressamlardan biri de Douris\u2019tir. M\u00d6 500-460 y\u0131llar\u0131 aras\u0131nda etkin olan Douris, \u00f6nemli bir konuma sahiptir. Douris, kariyerine \u00e7\u00f6mlek\u00e7iler Kleophrades ve Euphronios i\u00e7in resim yaparak ba\u015flam\u0131\u015f, ard\u0131ndan \u00e7\u00f6mlek\u00e7i Python ile uzun s\u00fcreli bir i\u015fbirli\u011fine giri\u015fmi\u015ftir. Otuz dokuz vazoda ressam olarak, bir vazoda hem \u00e7\u00f6mlek\u00e7i hem ressam olarak, bir vazoda ise yaln\u0131zca \u00e7\u00f6mlek\u00e7i olarak imza atm\u0131\u015ft\u0131r. Kendisine atfedilen 250 ile 300 aras\u0131nda vazo bulunmaktad\u0131r ve bunlar\u0131n \u00e7o\u011funu kyliksler olu\u015fturmaktad\u0131r. Prof. Dr. Cenker Atila \u00e7evirisi ve edit\u00f6rl\u00fc\u011f\u00fc yap\u0131lan bu kitapta, Douris ile onunla ayn\u0131 d\u00f6nemde \u00e7al\u0131\u015fan ressamlar ve bu ressamlar\u0131n eserleri incelenmi\u015ftir. <\/p>\n","protected":false},"excerpt":{"rendered":"<p>Antik Yunan vazo resminde k\u0131rm\u0131z\u0131 fig\u00fcr tekni\u011fi yakla\u015f\u0131k M\u00d6 530 y\u0131llar\u0131nda Andokides taraf\u0131ndan icat edilmi\u015ftir. Bu icad\u0131n ard\u0131ndan vazo resmi h\u0131zl\u0131 bir geli\u015fim s\u00fcrecine girmi\u015f ve<span class=\"excerpt-hellip\"> [\u2026]<\/span><\/p>\n","protected":false},"featured_media":0,"template":"","meta":{"_monsterinsights_skip_tracking":false,"_monsterinsights_sitenote_active":false,"_monsterinsights_sitenote_note":"","_monsterinsights_sitenote_category":0},"product_brand":[],"product_cat":[52477,52478],"product_tag":[],"class_list":{"0":"post-779735","1":"product","2":"type-product","3":"status-publish","5":"product_cat-arastirma","6":"product_cat-arkeoloji","7":"pa_cilt-ciltsiz","8":"pa_tur-kitap","9":"pa_yayinevi-myrina-yayinlari","10":"pa_yazar-edmond-pottier","12":"first","13":"instock","14":"sale","15":"shipping-taxable","16":"purchasable","17":"product-type-simple"},"_links":{"self":[{"href":"https:\/\/roveyayinevi.com.tr\/index.php\/wp-json\/wp\/v2\/product\/779735","targetHints":{"allow":["GET"]}}],"collection":[{"href":"https:\/\/roveyayinevi.com.tr\/index.php\/wp-json\/wp\/v2\/product"}],"about":[{"href":"https:\/\/roveyayinevi.com.tr\/index.php\/wp-json\/wp\/v2\/types\/product"}],"wp:attachment":[{"href":"https:\/\/roveyayinevi.com.tr\/index.php\/wp-json\/wp\/v2\/media?parent=779735"}],"wp:term":[{"taxonomy":"product_brand","embeddable":true,"href":"https:\/\/roveyayinevi.com.tr\/index.php\/wp-json\/wp\/v2\/product_brand?post=779735"},{"taxonomy":"product_cat","embeddable":true,"href":"https:\/\/roveyayinevi.com.tr\/index.php\/wp-json\/wp\/v2\/product_cat?post=779735"},{"taxonomy":"product_tag","embeddable":true,"href":"https:\/\/roveyayinevi.com.tr\/index.php\/wp-json\/wp\/v2\/product_tag?post=779735"}],"curies":[{"name":"wp","href":"https:\/\/api.w.org\/{rel}","templated":true}]}}