{"id":779734,"date":"2025-12-30T12:08:45","date_gmt":"2025-12-30T09:08:45","guid":{"rendered":"https:\/\/roveyayinevi.com.tr\/index.php\/urun\/aramizdaki-fikret-2\/"},"modified":"2026-04-15T03:44:19","modified_gmt":"2026-04-15T00:44:19","slug":"aramizdaki-fikret-2","status":"publish","type":"product","link":"https:\/\/roveyayinevi.com.tr\/index.php\/urun\/aramizdaki-fikret-2\/","title":{"rendered":"Aram\u0131zdaki Fikret"},"content":{"rendered":"<p>\u201cBenim orucum hi\u00e7 konu\u015fmamak.\u201d   Aram\u0131zdaki Fikret\u2019te yer alan \u00f6yk\u00fcler; Kad\u0131k\u00f6y\u2019\u00fcn gri sokaklar\u0131nda a\u00e7\u0131lan renkli \u015femsiyelerle, bitti zannedilen kom\u015fulukla, incelmi\u015f ama kopmam\u0131\u015f dostluklarla, k\u00f6\u015fe ba\u015flar\u0131nda bekleyen polislerle d\u00fcnyada yaln\u0131zca siyah\u0131n ve beyaz\u0131n olmad\u0131\u011f\u0131n\u0131n alt\u0131n\u0131 \u00e7iziyor. Sonat Yurt\u00e7u, \u201cgeli\u015fig\u00fczel atlamalarla\u201d a\u015fk\u0131n, kimli\u011fin, politikan\u0131n s\u00f6ylemini ayk\u0131r\u0131 k\u0131l\u0131yor. Varl\u0131\u011f\u0131n\u0131 kendine kan\u0131tlamaya \u00e7al\u0131\u015fan \u00f6yk\u00fc ki\u015filerine \u015fark\u0131lar, \u015fiirler ve nesneler e\u015flik ediyor; ra\u011fmen ya\u015faman\u0131n \u2013buruk olsa da\u2013 muhakkak bir tad\u0131 oldu\u011funu hat\u0131rlatarak.   Odada ti\u015f\u00f6rtlerin arkas\u0131na saklad\u0131\u011f\u0131m kilitli gu\u0308nlu\u0308\u011fu\u0308mu\u0308 \u00e7\u0131kar\u0131r, i\u00e7ine k\u00f6tu\u0308 el yaz\u0131mla o gu\u0308n olanlar\u0131 ve olmas\u0131n\u0131 istediklerimi yazard\u0131m. A\u00e7\u0131k ye\u015fil bir kapakl\u0131 defterin i\u00e7ine ne hayaller, ne \u00f6mu\u0308rler s\u0131\u011fd\u0131rd\u0131m. Ben bu\u0308yu\u0308du\u0308k\u00e7e defterlerim de bu\u0308yu\u0308du\u0308, koyu ye\u015fil defterler se\u00e7er oldum. \u0130nsan \u00e7ocuklu\u011funa bir otobu\u0308se binip de d\u00f6nemiyor. D\u00f6ndu\u0308\u011fu\u0308nde eskisi gibi bulamayaca\u011f\u0131 her \u015fey i\u00e7in h\u0131\u00e7k\u0131ra h\u0131\u00e7k\u0131ra a\u011fl\u0131yor. \u00d6len kom\u015fular\u0131, evlenip giden dostlar\u0131, eski evinde oturan yabanc\u0131lar\u0131 g\u00f6rece\u011fini bildi\u011fi i\u00e7in o otobu\u0308su\u0308n, \u00e7ocuklu\u011funa de\u011fil de k\u00f6tu\u0308 bir ru\u0308yaya gidece\u011fini biliyor. O yu\u0308zden vazge\u00e7iyor. <\/p>\n","protected":false},"excerpt":{"rendered":"<p>\u201cBenim orucum hi\u00e7 konu\u015fmamak.\u201d Aram\u0131zdaki Fikret\u2019te yer alan \u00f6yk\u00fcler; Kad\u0131k\u00f6y\u2019\u00fcn gri sokaklar\u0131nda a\u00e7\u0131lan renkli \u015femsiyelerle, bitti zannedilen kom\u015fulukla, incelmi\u015f ama kopmam\u0131\u015f dostluklarla, k\u00f6\u015fe ba\u015flar\u0131nda bekleyen polislerle<span class=\"excerpt-hellip\"> [\u2026]<\/span><\/p>\n","protected":false},"featured_media":0,"template":"","meta":{"_monsterinsights_skip_tracking":false,"_monsterinsights_sitenote_active":false,"_monsterinsights_sitenote_note":"","_monsterinsights_sitenote_category":0},"product_brand":[],"product_cat":[12291,18202],"product_tag":[],"class_list":{"0":"post-779734","1":"product","2":"type-product","3":"status-publish","5":"product_cat-edebiyat","6":"product_cat-hikaye","7":"pa_cilt-ciltsiz","8":"pa_tur-kitap","9":"pa_yayinevi-everest-yayinlari","10":"pa_yazar-sonat-yurtcu","12":"first","13":"instock","14":"sale","15":"shipping-taxable","16":"purchasable","17":"product-type-simple"},"_links":{"self":[{"href":"https:\/\/roveyayinevi.com.tr\/index.php\/wp-json\/wp\/v2\/product\/779734","targetHints":{"allow":["GET"]}}],"collection":[{"href":"https:\/\/roveyayinevi.com.tr\/index.php\/wp-json\/wp\/v2\/product"}],"about":[{"href":"https:\/\/roveyayinevi.com.tr\/index.php\/wp-json\/wp\/v2\/types\/product"}],"wp:attachment":[{"href":"https:\/\/roveyayinevi.com.tr\/index.php\/wp-json\/wp\/v2\/media?parent=779734"}],"wp:term":[{"taxonomy":"product_brand","embeddable":true,"href":"https:\/\/roveyayinevi.com.tr\/index.php\/wp-json\/wp\/v2\/product_brand?post=779734"},{"taxonomy":"product_cat","embeddable":true,"href":"https:\/\/roveyayinevi.com.tr\/index.php\/wp-json\/wp\/v2\/product_cat?post=779734"},{"taxonomy":"product_tag","embeddable":true,"href":"https:\/\/roveyayinevi.com.tr\/index.php\/wp-json\/wp\/v2\/product_tag?post=779734"}],"curies":[{"name":"wp","href":"https:\/\/api.w.org\/{rel}","templated":true}]}}