{"id":779732,"date":"2025-12-30T12:08:39","date_gmt":"2025-12-30T09:08:39","guid":{"rendered":"https:\/\/roveyayinevi.com.tr\/index.php\/urun\/koy-enstitulerini-kutuphaneleri-isiginda-yeniden-kesfetmek-ladik-akpinar-koy-enstitusu\/"},"modified":"2026-04-15T03:44:18","modified_gmt":"2026-04-15T00:44:18","slug":"koy-enstitulerini-kutuphaneleri-isiginda-yeniden-kesfetmek-ladik-akpinar-koy-enstitusu","status":"publish","type":"product","link":"https:\/\/roveyayinevi.com.tr\/index.php\/urun\/koy-enstitulerini-kutuphaneleri-isiginda-yeniden-kesfetmek-ladik-akpinar-koy-enstitusu\/","title":{"rendered":"K\u00f6y Enstit\u00fclerini K\u00fct\u00fcphaneleri I\u015f\u0131\u011f\u0131nda Yeniden Ke\u015ffetmek Ladik Akp\u0131nar K\u00f6y Enstit\u00fcs\u00fc"},"content":{"rendered":"<p>\u0130\u00e7indekiler :   \u00b7         K\u00f6y Enstit\u00fcs\u00fc Sistemini Belirleyen D\u00fc\u015f\u00fcnce \u0130klimi \u00b7         K\u00f6y Enstit\u00fcs\u00fc K\u00fct\u00fcphanesinde Devlet-Ulus \u0130n\u015f\u00e2s\u0131n\u0131n Bilimsel Yolu \u00b7         K\u00f6y Enstit\u00fclerinde Siyasal Tarih E\u011fitimi ve \u0130deal Vatanda\u015f Yeti\u015ftirme \u00b7         T\u00fcrk Siyasal Hayat\u0131 (\u00c7er\u00e7eve Yaz\u0131) Akp\u0131nar K\u00f6y Enstit\u00fcs\u00fc K\u00fct\u00fcphanesi I\u015f\u0131\u011f\u0131nda Cumhuriyet\u2019in Sanat Anlay\u0131\u015f\u0131 \u00b7         K\u00f6y Enstit\u00fclerinde Tar\u0131m E\u011fitiminin ve K\u0131rsal Kalk\u0131nman\u0131n Fikri Temelleri \u00b7         K\u00f6y Enstit\u00fclerinde \u00c7evre E\u011fitimi: Ya\u015fayarak \u00d6\u011frenme \u00b7         K\u00f6y Enstit\u00fcleriyle K\u0131rda Kent K\u00fclt\u00fcr\u00fc \u00b7         Akp\u0131nar K\u00fct\u00fcphanesi\u2019nde Cumhuriyet\u2019in K\u00f6y G\u00fcndemi \u00b7         Yeni D\u00fcnya D\u00fczeni ve Yar\u0131m Kalan Enstit\u00fc Deneyimi \u00b7         K\u00fct\u00fcphane \u00c7al\u0131\u015fmas\u0131na Dair Foto\u011fraflar <\/p>\n","protected":false},"excerpt":{"rendered":"<p>\u0130\u00e7indekiler : \u00b7 K\u00f6y Enstit\u00fcs\u00fc Sistemini Belirleyen D\u00fc\u015f\u00fcnce \u0130klimi \u00b7 K\u00f6y Enstit\u00fcs\u00fc K\u00fct\u00fcphanesinde Devlet-Ulus \u0130n\u015f\u00e2s\u0131n\u0131n Bilimsel Yolu \u00b7 K\u00f6y Enstit\u00fclerinde Siyasal Tarih E\u011fitimi ve \u0130deal Vatanda\u015f<span class=\"excerpt-hellip\"> [\u2026]<\/span><\/p>\n","protected":false},"featured_media":0,"template":"","meta":{"_monsterinsights_skip_tracking":false,"_monsterinsights_sitenote_active":false,"_monsterinsights_sitenote_note":"","_monsterinsights_sitenote_category":0},"product_brand":[],"product_cat":[13043,14381],"product_tag":[],"class_list":{"0":"post-779732","1":"product","2":"type-product","3":"status-publish","5":"product_cat-ekonomi","6":"product_cat-isletme-muhasebe-maliye","7":"pa_cilt-ciltsiz","8":"pa_tur-kitap","9":"pa_yayinevi-gazi-kitabevi","10":"pa_yazar-kolektif","12":"first","13":"instock","14":"sale","15":"shipping-taxable","16":"purchasable","17":"product-type-simple"},"_links":{"self":[{"href":"https:\/\/roveyayinevi.com.tr\/index.php\/wp-json\/wp\/v2\/product\/779732","targetHints":{"allow":["GET"]}}],"collection":[{"href":"https:\/\/roveyayinevi.com.tr\/index.php\/wp-json\/wp\/v2\/product"}],"about":[{"href":"https:\/\/roveyayinevi.com.tr\/index.php\/wp-json\/wp\/v2\/types\/product"}],"wp:attachment":[{"href":"https:\/\/roveyayinevi.com.tr\/index.php\/wp-json\/wp\/v2\/media?parent=779732"}],"wp:term":[{"taxonomy":"product_brand","embeddable":true,"href":"https:\/\/roveyayinevi.com.tr\/index.php\/wp-json\/wp\/v2\/product_brand?post=779732"},{"taxonomy":"product_cat","embeddable":true,"href":"https:\/\/roveyayinevi.com.tr\/index.php\/wp-json\/wp\/v2\/product_cat?post=779732"},{"taxonomy":"product_tag","embeddable":true,"href":"https:\/\/roveyayinevi.com.tr\/index.php\/wp-json\/wp\/v2\/product_tag?post=779732"}],"curies":[{"name":"wp","href":"https:\/\/api.w.org\/{rel}","templated":true}]}}