{"id":779729,"date":"2025-12-30T12:08:32","date_gmt":"2025-12-30T09:08:32","guid":{"rendered":"https:\/\/roveyayinevi.com.tr\/index.php\/urun\/genclik-spor-kurslarinda-dijital-oyun-bagimliligi-ile-sosyallesme-sureci\/"},"modified":"2026-04-15T03:44:18","modified_gmt":"2026-04-15T00:44:18","slug":"genclik-spor-kurslarinda-dijital-oyun-bagimliligi-ile-sosyallesme-sureci","status":"publish","type":"product","link":"https:\/\/roveyayinevi.com.tr\/index.php\/urun\/genclik-spor-kurslarinda-dijital-oyun-bagimliligi-ile-sosyallesme-sureci\/","title":{"rendered":"Gen\u00e7lik Spor Kurslar\u0131nda Dijital Oyun Ba\u011f\u0131ml\u0131l\u0131\u011f\u0131 ile Sosyalle\u015fme S\u00fcreci"},"content":{"rendered":"<p>\u0130\u00e7indekiler :          1.G\u0130R\u0130\u015e          2.GENEL B\u0130LG\u0130LER          3.Y\u00d6NTEM          4.BULGULAR          5.TARTI\u015eMA          6.SONU\u00c7 VE \u00d6NER\u0130LER <\/p>\n","protected":false},"excerpt":{"rendered":"<p>\u0130\u00e7indekiler : 1.G\u0130R\u0130\u015e 2.GENEL B\u0130LG\u0130LER 3.Y\u00d6NTEM 4.BULGULAR 5.TARTI\u015eMA 6.SONU\u00c7 VE \u00d6NER\u0130LER<\/p>\n","protected":false},"featured_media":0,"template":"","meta":{"_monsterinsights_skip_tracking":false,"_monsterinsights_sitenote_active":false,"_monsterinsights_sitenote_note":"","_monsterinsights_sitenote_category":0},"product_brand":[],"product_cat":[15563,15564],"product_tag":[],"class_list":{"0":"post-779729","1":"product","2":"type-product","3":"status-publish","5":"product_cat-hobi","6":"product_cat-spor","7":"pa_cilt-ciltsiz","8":"pa_tur-kitap","9":"pa_yayinevi-gazi-kitabevi","10":"pa_yazar-osman-yilmazer","12":"first","13":"instock","14":"sale","15":"shipping-taxable","16":"purchasable","17":"product-type-simple"},"_links":{"self":[{"href":"https:\/\/roveyayinevi.com.tr\/index.php\/wp-json\/wp\/v2\/product\/779729","targetHints":{"allow":["GET"]}}],"collection":[{"href":"https:\/\/roveyayinevi.com.tr\/index.php\/wp-json\/wp\/v2\/product"}],"about":[{"href":"https:\/\/roveyayinevi.com.tr\/index.php\/wp-json\/wp\/v2\/types\/product"}],"wp:attachment":[{"href":"https:\/\/roveyayinevi.com.tr\/index.php\/wp-json\/wp\/v2\/media?parent=779729"}],"wp:term":[{"taxonomy":"product_brand","embeddable":true,"href":"https:\/\/roveyayinevi.com.tr\/index.php\/wp-json\/wp\/v2\/product_brand?post=779729"},{"taxonomy":"product_cat","embeddable":true,"href":"https:\/\/roveyayinevi.com.tr\/index.php\/wp-json\/wp\/v2\/product_cat?post=779729"},{"taxonomy":"product_tag","embeddable":true,"href":"https:\/\/roveyayinevi.com.tr\/index.php\/wp-json\/wp\/v2\/product_tag?post=779729"}],"curies":[{"name":"wp","href":"https:\/\/api.w.org\/{rel}","templated":true}]}}