{"id":779707,"date":"2025-12-30T12:07:30","date_gmt":"2025-12-30T09:07:30","guid":{"rendered":"https:\/\/roveyayinevi.com.tr\/index.php\/urun\/hayatimizi-degistiren-filmler-2020-2025\/"},"modified":"2026-04-15T03:44:18","modified_gmt":"2026-04-15T00:44:18","slug":"hayatimizi-degistiren-filmler-2020-2025","status":"publish","type":"product","link":"https:\/\/roveyayinevi.com.tr\/index.php\/urun\/hayatimizi-degistiren-filmler-2020-2025\/","title":{"rendered":"Hayat\u0131m\u0131z\u0131 De\u011fi\u015ftiren Filmler 2020-2025"},"content":{"rendered":"<p>Son y\u0131llar\u0131n \u00f6zenle se\u00e7ilmi\u015f filmleri&#8230; Dorsay bu kitap i\u00e7in \u015f\u00f6yle diyor: Bu seride her be\u015f y\u0131lda bir, izledi\u011fim d\u00fcnya sinemas\u0131 filmlerini yaz\u0131yorum. Bu kez yine son be\u015f y\u0131ldan birka\u00e7 y\u00fcz film var. Ama ne y\u0131l!\u2026 Akla gelecek her t\u00fcrde film ve unutulmaz y\u00f6netmenler\u2026 Woody Allen, Pedro Almodovar, Wes Anderson, Michael Bay, Leos Carax\u2026 Damien Chazelle, Francis Ford Coppola, Claire Denis, Ashgar Farhadi, David Fincher\u2026 Michael Mann, George Miller, Gaspar Noe, Roman Polanski, Guy Ritchie\u2026 Martin Scorsese, Paul Schrader, M. Night Shamalayan, Dennis Villeneuve, David Yates\u2026 Ve daha kimler\u2026 \u0130yi okuma dileklerimle\u2026 <\/p>\n","protected":false},"excerpt":{"rendered":"<p>Son y\u0131llar\u0131n \u00f6zenle se\u00e7ilmi\u015f filmleri&#8230; Dorsay bu kitap i\u00e7in \u015f\u00f6yle diyor: Bu seride her be\u015f y\u0131lda bir, izledi\u011fim d\u00fcnya sinemas\u0131 filmlerini yaz\u0131yorum. Bu kez yine son<span class=\"excerpt-hellip\"> [\u2026]<\/span><\/p>\n","protected":false},"featured_media":0,"template":"","meta":{"_monsterinsights_skip_tracking":false,"_monsterinsights_sitenote_active":false,"_monsterinsights_sitenote_note":"","_monsterinsights_sitenote_category":0},"product_brand":[],"product_cat":[12409,12408],"product_tag":[],"class_list":{"0":"post-779707","1":"product","2":"type-product","3":"status-publish","5":"product_cat-fotograf-sinema-tiyatro","6":"product_cat-sanat","7":"pa_cilt-ciltsiz","8":"pa_tur-kitap","9":"pa_yayinevi-remzi-kitabevi","10":"pa_yazar-atilla-dorsay","12":"first","13":"instock","14":"sale","15":"shipping-taxable","16":"purchasable","17":"product-type-simple"},"_links":{"self":[{"href":"https:\/\/roveyayinevi.com.tr\/index.php\/wp-json\/wp\/v2\/product\/779707","targetHints":{"allow":["GET"]}}],"collection":[{"href":"https:\/\/roveyayinevi.com.tr\/index.php\/wp-json\/wp\/v2\/product"}],"about":[{"href":"https:\/\/roveyayinevi.com.tr\/index.php\/wp-json\/wp\/v2\/types\/product"}],"wp:attachment":[{"href":"https:\/\/roveyayinevi.com.tr\/index.php\/wp-json\/wp\/v2\/media?parent=779707"}],"wp:term":[{"taxonomy":"product_brand","embeddable":true,"href":"https:\/\/roveyayinevi.com.tr\/index.php\/wp-json\/wp\/v2\/product_brand?post=779707"},{"taxonomy":"product_cat","embeddable":true,"href":"https:\/\/roveyayinevi.com.tr\/index.php\/wp-json\/wp\/v2\/product_cat?post=779707"},{"taxonomy":"product_tag","embeddable":true,"href":"https:\/\/roveyayinevi.com.tr\/index.php\/wp-json\/wp\/v2\/product_tag?post=779707"}],"curies":[{"name":"wp","href":"https:\/\/api.w.org\/{rel}","templated":true}]}}