{"id":779704,"date":"2025-12-30T12:07:22","date_gmt":"2025-12-30T09:07:22","guid":{"rendered":"https:\/\/roveyayinevi.com.tr\/index.php\/urun\/kurulus\/"},"modified":"2026-04-15T03:44:18","modified_gmt":"2026-04-15T00:44:18","slug":"kurulus","status":"publish","type":"product","link":"https:\/\/roveyayinevi.com.tr\/index.php\/urun\/kurulus\/","title":{"rendered":"Kurulu\u015f"},"content":{"rendered":"<p>\u0130mparatorlu\u011fun Son G\u00fcnlerinden Cumhuriyetin Kurulu\u015f \u00d6yk\u00fcs\u00fcne&#8230;     BALKAN SAVA\u015eLARI\u201cBalkan Sava\u015flar\u0131, bizim tarih\u00e7ili\u011fimizde imparatorlu\u011fun y\u0131k\u0131l\u0131\u015f s\u00fcreci olarak adland\u0131r\u0131l\u0131r. Asl\u0131nda bu vaka, bir imparatorlu\u011fun y\u0131k\u0131l\u0131\u015f\u0131 olmaktan \u00f6tedir. Biz bu sava\u015flar sonunda Rumeli\u2019deki anavatan\u0131 kaybettik.\u201d   B\u0130R\u0130NC\u0130 D\u00dcNYA SAVA\u015eI \u201cBirinci D\u00fcnya Sava\u015f\u0131 T\u00fcrk halk\u0131 i\u00e7in en ac\u0131 hat\u0131ralarla doludur. Cephede \u015fehitlerin yan\u0131 s\u0131ra cephe gerisinde yokluktan, hastal\u0131ktan \u00f6l\u00fcmler ve s\u0131k\u0131nt\u0131l\u0131 bir hayat s\u00f6z konusudur. Ama galiba T\u00fcrk toplumu modern anlamda bir millet olma a\u015famas\u0131na burada d\u00f6nmektedir. Bu onu bir\u00e7ok ba\u015fka uluslardan farkl\u0131 k\u0131lan yan\u0131d\u0131r. Direnci art\u0131rm\u0131\u015f ve kimli\u011fi oturmu\u015ftur.\u201d   LOZAN \u201cCumhuriyet tarihinin \u00fczerinde en \u00e7ok tart\u0131\u015f\u0131lan olaylar\u0131ndan biri Lozan Antla\u015fmas\u0131\u2019d\u0131r. Bu konuda Lozan\u2019\u0131 bir hezimet olarak g\u00f6renler de bir zafer olarak niteleyenler de var. Lozan mant\u0131ki ve gayet onurlu bir uzla\u015fmad\u0131r. Kal\u0131c\u0131 ve d\u00fczeni sa\u011flay\u0131c\u0131 bir anla\u015fma olarak g\u00f6r\u00fclmelidir.\u201d   CUMHUR\u0130YET\u201cCumhuriyet, devaml\u0131l\u0131kt\u0131r. Osmanl\u0131, T\u00fcrklerin imparatorlu\u011fuydu, bu da T\u00fcrklerin cumhuriyetidir.\u201d   KURTULU\u015e SAVA\u015eI \u201cBirinci D\u00fcnya Sava\u015f\u0131\u2019n\u0131n galiplerinin kurmak istedikleri d\u00fcnya ve d\u00fczen yeni T\u00fcrkiye\u2019de kesinlikle kabul edilmeyecekti.\u201d   MUSTAFA KEMAL ATAT\u00dcRK\u201cAtat\u00fcrk\u2019\u00fcn ba\u015far\u0131s\u0131ndaki en \u00f6nemli fakt\u00f6r; vazge\u00e7mek bilmeyen iradesidir, bu noktada Rumeli inad\u0131 vard\u0131r Gazi Pa\u015fa&#8217;da. \u2018Olmal\u0131\u2019 dedi\u011fi an, olabilir yok. Bu liderlik yapmaya hevesli herkese laz\u0131m bir prensib&#8230;\u201d   ***Balkan Harbi&#8217;nden Birinci D\u00fcnya Sava\u015f\u0131&#8217;na, Kurtulu\u015f Sava\u015f\u0131\u2019ndan Lozan G\u00f6r\u00fc\u015fmeleri&#8217;ne, Halifelik tart\u0131\u015fmalar\u0131ndan Cumhuriyet\u2019in kurulmas\u0131na, Sultan Abd\u00fclhamid&#8217;den Mustafa Kemal Atat\u00fcrk&#8217;e, Enver Pa\u015fa&#8217;dan Halide Edip&#8217;e g\u00fcndemden d\u00fc\u015fmeyen konular ve tart\u0131\u015f\u0131lan tarihi ki\u015filiklere dair \u0130lber Ortayl\u0131&#8217;n\u0131n g\u00f6r\u00fc\u015flerini merak edenlerin ka\u00e7\u0131rmamas\u0131 gereken bir kitap; KURULU\u015e&#8230; <\/p>\n","protected":false},"excerpt":{"rendered":"<p>\u0130mparatorlu\u011fun Son G\u00fcnlerinden Cumhuriyetin Kurulu\u015f \u00d6yk\u00fcs\u00fcne&#8230; BALKAN SAVA\u015eLARI\u201cBalkan Sava\u015flar\u0131, bizim tarih\u00e7ili\u011fimizde imparatorlu\u011fun y\u0131k\u0131l\u0131\u015f s\u00fcreci olarak adland\u0131r\u0131l\u0131r. Asl\u0131nda bu vaka, bir imparatorlu\u011fun y\u0131k\u0131l\u0131\u015f\u0131 olmaktan \u00f6tedir. Biz bu<span class=\"excerpt-hellip\"> [\u2026]<\/span><\/p>\n","protected":false},"featured_media":0,"template":"","meta":{"_monsterinsights_skip_tracking":false,"_monsterinsights_sitenote_active":false,"_monsterinsights_sitenote_note":"","_monsterinsights_sitenote_category":0},"product_brand":[],"product_cat":[12304,13650],"product_tag":[],"class_list":{"0":"post-779704","1":"product","2":"type-product","3":"status-publish","5":"product_cat-tarih","6":"product_cat-turk-tarihi-arastirmalari","7":"pa_cilt-ciltsiz","8":"pa_tur-kitap","9":"pa_yayinevi-kronik-kitap","10":"pa_yazar-ilber-ortayli","12":"first","13":"instock","14":"sale","15":"shipping-taxable","16":"purchasable","17":"product-type-simple"},"_links":{"self":[{"href":"https:\/\/roveyayinevi.com.tr\/index.php\/wp-json\/wp\/v2\/product\/779704","targetHints":{"allow":["GET"]}}],"collection":[{"href":"https:\/\/roveyayinevi.com.tr\/index.php\/wp-json\/wp\/v2\/product"}],"about":[{"href":"https:\/\/roveyayinevi.com.tr\/index.php\/wp-json\/wp\/v2\/types\/product"}],"wp:attachment":[{"href":"https:\/\/roveyayinevi.com.tr\/index.php\/wp-json\/wp\/v2\/media?parent=779704"}],"wp:term":[{"taxonomy":"product_brand","embeddable":true,"href":"https:\/\/roveyayinevi.com.tr\/index.php\/wp-json\/wp\/v2\/product_brand?post=779704"},{"taxonomy":"product_cat","embeddable":true,"href":"https:\/\/roveyayinevi.com.tr\/index.php\/wp-json\/wp\/v2\/product_cat?post=779704"},{"taxonomy":"product_tag","embeddable":true,"href":"https:\/\/roveyayinevi.com.tr\/index.php\/wp-json\/wp\/v2\/product_tag?post=779704"}],"curies":[{"name":"wp","href":"https:\/\/api.w.org\/{rel}","templated":true}]}}

Kuruluş

<p>İmparatorluğun Son Günlerinden Cumhuriyetin Kuruluş Öyküsüne&#8230;     BALKAN SAVAŞLARI“Balkan Savaşları, bizim tarihçiliğimizde imparatorluğun yıkılış süreci olarak adlandırılır. Aslında bu vaka, bir imparatorluğun yıkılışı olmaktan ötedir. Biz bu savaşlar sonunda Rumeli’deki anavatanı kaybettik.”   BİRİNCİ DÜNYA SAVAŞI “Birinci Dünya Savaşı Türk halkı için en acı hatıralarla doludur. Cephede şehitlerin yanı sıra cephe gerisinde yokluktan, hastalıktan ölümler ve sıkıntılı bir hayat söz konusudur. Ama galiba Türk toplumu modern anlamda bir millet olma aşamasına burada dönmektedir. Bu onu birçok başka uluslardan farklı kılan yanıdır. Direnci artırmış ve kimliği oturmuştur.”   LOZAN “Cumhuriyet tarihinin üzerinde en çok tartışılan olaylarından biri Lozan Antlaşması’dır. Bu konuda Lozan’ı bir hezimet olarak görenler de bir zafer olarak niteleyenler de var. Lozan mantıki ve gayet onurlu bir uzlaşmadır. Kalıcı ve düzeni sağlayıcı bir anlaşma olarak görülmelidir.”   CUMHURİYET“Cumhuriyet, devamlılıktır. Osmanlı, Türklerin imparatorluğuydu, bu da Türklerin cumhuriyetidir.”   KURTULUŞ SAVAŞI “Birinci Dünya Savaşı’nın galiplerinin kurmak istedikleri dünya ve düzen yeni Türkiye’de kesinlikle kabul edilmeyecekti.”   MUSTAFA KEMAL ATATÜRK“Atatürk’ün başarısındaki en önemli faktör; vazgeçmek bilmeyen iradesidir, bu noktada Rumeli inadı vardır Gazi Paşa&#8217;da. ‘Olmalı’ dediği an, olabilir yok. Bu liderlik yapmaya hevesli herkese lazım bir prensib&#8230;”   ***Balkan Harbi&#8217;nden Birinci Dünya Savaşı&#8217;na, Kurtuluş Savaşı’ndan Lozan Görüşmeleri&#8217;ne, Halifelik tartışmalarından Cumhuriyet’in kurulmasına, Sultan Abdülhamid&#8217;den Mustafa Kemal Atatürk&#8217;e, Enver Paşa&#8217;dan Halide Edip&#8217;e gündemden düşmeyen konular ve tartışılan tarihi kişiliklere dair İlber Ortaylı&#8217;nın görüşlerini merak edenlerin kaçırmaması gereken bir kitap; KURULUŞ&#8230; </p>

<p>İmparatorluğun Son Günlerinden Cumhuriyetin Kuruluş Öyküsüne&#8230; BALKAN SAVAŞLARI“Balkan Savaşları, bizim tarihçiliğimizde imparatorluğun yıkılış süreci olarak adlandırılır. Aslında bu vaka, bir imparatorluğun yıkılışı olmaktan ötedir. Biz bu<span class="excerpt-hellip"> […]</span></p>
