{"id":779660,"date":"2025-12-30T12:05:07","date_gmt":"2025-12-30T09:05:07","guid":{"rendered":"https:\/\/roveyayinevi.com.tr\/index.php\/urun\/senden-sebep\/"},"modified":"2026-04-15T03:44:16","modified_gmt":"2026-04-15T00:44:16","slug":"senden-sebep","status":"publish","type":"product","link":"https:\/\/roveyayinevi.com.tr\/index.php\/urun\/senden-sebep\/","title":{"rendered":"Senden Sebep"},"content":{"rendered":"<p>KARANLIK \u015eEH\u0130R Sessizlik inerken bu karanl\u0131k \u015fehire, Ay bile s\u00f6n\u00fcp \u00e7ekilmi\u015f, G\u00f6ky\u00fcz\u00fcnden.   Y\u0131ld\u0131zlar ayr\u0131lm\u0131\u015f darg\u0131n birbirine U\u011frama g\u00fcne\u015f bu karanl\u0131k \u015fehire, \u015eehrin h\u00fczn\u00fc ise i\u00e7imde.   Y\u00f6n\u00fcm\u00fc bile d\u00f6nm\u00fcyorum Bu karanl\u0131k \u015fehire, Hat\u0131rlamak istemiyorum Sokaklar\u0131n\u0131   Yava\u015f ad\u0131mlarla el ele geldi\u011fimiz, O caddeleri, \u0130stemiyorum art\u0131k o karanl\u0131k \u015fehiri. <\/p>\n","protected":false},"excerpt":{"rendered":"<p>KARANLIK \u015eEH\u0130R Sessizlik inerken bu karanl\u0131k \u015fehire, Ay bile s\u00f6n\u00fcp \u00e7ekilmi\u015f, G\u00f6ky\u00fcz\u00fcnden. Y\u0131ld\u0131zlar ayr\u0131lm\u0131\u015f darg\u0131n birbirine U\u011frama g\u00fcne\u015f bu karanl\u0131k \u015fehire, \u015eehrin h\u00fczn\u00fc ise i\u00e7imde. Y\u00f6n\u00fcm\u00fc<span class=\"excerpt-hellip\"> [\u2026]<\/span><\/p>\n","protected":false},"featured_media":0,"template":"","meta":{"_monsterinsights_skip_tracking":false,"_monsterinsights_sitenote_active":false,"_monsterinsights_sitenote_note":"","_monsterinsights_sitenote_category":0},"product_brand":[],"product_cat":[12291,12509],"product_tag":[],"class_list":{"0":"post-779660","1":"product","2":"type-product","3":"status-publish","5":"product_cat-edebiyat","6":"product_cat-siir","7":"pa_cilt-ciltsiz","8":"pa_tur-kitap","9":"pa_yayinevi-gulnar-yayinlari","10":"pa_yazar-hasan-dusunceli","12":"first","13":"instock","14":"sale","15":"shipping-taxable","16":"purchasable","17":"product-type-simple"},"_links":{"self":[{"href":"https:\/\/roveyayinevi.com.tr\/index.php\/wp-json\/wp\/v2\/product\/779660","targetHints":{"allow":["GET"]}}],"collection":[{"href":"https:\/\/roveyayinevi.com.tr\/index.php\/wp-json\/wp\/v2\/product"}],"about":[{"href":"https:\/\/roveyayinevi.com.tr\/index.php\/wp-json\/wp\/v2\/types\/product"}],"wp:attachment":[{"href":"https:\/\/roveyayinevi.com.tr\/index.php\/wp-json\/wp\/v2\/media?parent=779660"}],"wp:term":[{"taxonomy":"product_brand","embeddable":true,"href":"https:\/\/roveyayinevi.com.tr\/index.php\/wp-json\/wp\/v2\/product_brand?post=779660"},{"taxonomy":"product_cat","embeddable":true,"href":"https:\/\/roveyayinevi.com.tr\/index.php\/wp-json\/wp\/v2\/product_cat?post=779660"},{"taxonomy":"product_tag","embeddable":true,"href":"https:\/\/roveyayinevi.com.tr\/index.php\/wp-json\/wp\/v2\/product_tag?post=779660"}],"curies":[{"name":"wp","href":"https:\/\/api.w.org\/{rel}","templated":true}]}}