{"id":779659,"date":"2025-12-30T12:05:03","date_gmt":"2025-12-30T09:05:03","guid":{"rendered":"https:\/\/roveyayinevi.com.tr\/index.php\/urun\/kacak-4\/"},"modified":"2026-04-15T03:44:16","modified_gmt":"2026-04-15T00:44:16","slug":"kacak-4","status":"publish","type":"product","link":"https:\/\/roveyayinevi.com.tr\/index.php\/urun\/kacak-4\/","title":{"rendered":"Ka\u00e7ak"},"content":{"rendered":"<p>Bir insan neden ka\u00e7ar? Hangi g\u00fcd\u00fc hangi umutsuzluk onu bilin\u00e7li bir \u015fekilde izini kaybettirmeye, geriye d\u00f6n\u00fclmez bir yola s\u00fcr\u00fckler? Ka\u00e7ak olmak, bir aray\u0131\u015f m\u0131d\u0131r yoksa bir ka\u00e7\u0131\u015f\u0131n ta kendisi mi? Bir birey, ge\u00e7mi\u015fin y\u00fck\u00fcnden, kay\u0131plar\u0131n\u0131n ac\u0131s\u0131ndan, belki de bir hatadan ka\u00e7mak zorunda kal\u0131r. Bir sabah, bildi\u011fi d\u00fcnyay\u0131 geride b\u0131rak\u0131r. Arkas\u0131nda sevdikleri, verdi\u011fi s\u00f6zler, eski hayat\u0131 kal\u0131r. &#8220;Geri d\u00f6nece\u011fim,&#8221; der ama hi\u00e7bir zaman geri d\u00f6nemez. \u00c7\u00fcnk\u00fc bazen ka\u00e7mak, ne kadar uzakla\u015f\u0131rsan uzakla\u015f, geriye d\u00f6n\u00fc\u015f\u00fc imkans\u0131z k\u0131lacak bir rotay\u0131 \u00e7izmektir. Y\u00fczy\u0131llar boyunca insanlar bir \u015feylerden ka\u00e7t\u0131; sava\u015flardan, zul\u00fcmden, yoksulluktan, i\u00e7sel korkular\u0131ndan. Ama hep bir \u015fey eksik kald\u0131, bir \u015fey tamamlanamad\u0131. Ka\u00e7\u0131\u015f, bir \u00e7\u00f6z\u00fcm de\u011fildi, yaln\u0131zca bir ge\u00e7i\u015fti. Peki, ka\u00e7ak olman\u0131n bedeli neydi? Ger\u00e7ekten ka\u00e7mak m\u00fcmk\u00fcn m\u00fcyd\u00fc, yoksa bir ill\u00fczyon mu? Bir ki\u015fi, hayat\u0131nda kaybolan an\u0131lar\u0131n, silinmi\u015f hat\u0131ralar\u0131n i\u00e7inde kaybolarak ka\u00e7arken izlerini b\u0131rak\u0131r. Ama her ka\u00e7\u0131\u015f, bir ger\u00e7e\u011fi de beraberinde ta\u015f\u0131r: Pe\u015finden gelen ge\u00e7mi\u015f, ka\u00e7t\u0131\u011f\u0131n her ad\u0131mda seni bulur. Nereye gidersen git, bir g\u00fcn &#8220;Ka\u00e7ak&#8221; olarak an\u0131laca\u011f\u0131n bir noktaya gelir misin? Yolu nereye \u00e7\u0131kar? Ne arars\u0131n, ne bulursun? Bu, bir kaybolu\u015fun, bir yeniden do\u011fu\u015fun hik\u00e2yesidir. Ama bir ka\u00e7ak nereye giderse gitsin, ka\u00e7t\u0131\u011f\u0131 \u015fey her zaman daha da b\u00fcy\u00fcr. Geriye bakmak yasakt\u0131r. \u00c7\u00fcnk\u00fc bir kez ka\u00e7t\u0131ktan sonra geri d\u00f6nmek i\u00e7in hi\u00e7bir \u015fey kalmaz. <\/p>\n","protected":false},"excerpt":{"rendered":"<p>Bir insan neden ka\u00e7ar? Hangi g\u00fcd\u00fc hangi umutsuzluk onu bilin\u00e7li bir \u015fekilde izini kaybettirmeye, geriye d\u00f6n\u00fclmez bir yola s\u00fcr\u00fckler? Ka\u00e7ak olmak, bir aray\u0131\u015f m\u0131d\u0131r yoksa bir<span class=\"excerpt-hellip\"> [\u2026]<\/span><\/p>\n","protected":false},"featured_media":0,"template":"","meta":{"_monsterinsights_skip_tracking":false,"_monsterinsights_sitenote_active":false,"_monsterinsights_sitenote_note":"","_monsterinsights_sitenote_category":0},"product_brand":[],"product_cat":[12291,12711],"product_tag":[],"class_list":{"0":"post-779659","1":"product","2":"type-product","3":"status-publish","5":"product_cat-edebiyat","6":"product_cat-roman-oyku","7":"pa_cilt-ciltsiz","8":"pa_tur-kitap","9":"pa_yayinevi-sinirsiz-kitap","10":"pa_yazar-serife-eser","12":"first","13":"instock","14":"sale","15":"shipping-taxable","16":"purchasable","17":"product-type-simple"},"_links":{"self":[{"href":"https:\/\/roveyayinevi.com.tr\/index.php\/wp-json\/wp\/v2\/product\/779659","targetHints":{"allow":["GET"]}}],"collection":[{"href":"https:\/\/roveyayinevi.com.tr\/index.php\/wp-json\/wp\/v2\/product"}],"about":[{"href":"https:\/\/roveyayinevi.com.tr\/index.php\/wp-json\/wp\/v2\/types\/product"}],"wp:attachment":[{"href":"https:\/\/roveyayinevi.com.tr\/index.php\/wp-json\/wp\/v2\/media?parent=779659"}],"wp:term":[{"taxonomy":"product_brand","embeddable":true,"href":"https:\/\/roveyayinevi.com.tr\/index.php\/wp-json\/wp\/v2\/product_brand?post=779659"},{"taxonomy":"product_cat","embeddable":true,"href":"https:\/\/roveyayinevi.com.tr\/index.php\/wp-json\/wp\/v2\/product_cat?post=779659"},{"taxonomy":"product_tag","embeddable":true,"href":"https:\/\/roveyayinevi.com.tr\/index.php\/wp-json\/wp\/v2\/product_tag?post=779659"}],"curies":[{"name":"wp","href":"https:\/\/api.w.org\/{rel}","templated":true}]}}